{"id":691627,"date":"2025-08-27T13:59:27","date_gmt":"2025-08-27T10:59:27","guid":{"rendered":"https:\/\/roveyayinevi.com.tr\/index.php\/urun\/insanin-gorkemi\/"},"modified":"2026-03-13T02:01:47","modified_gmt":"2026-03-12T23:01:47","slug":"insanin-gorkemi","status":"publish","type":"product","link":"https:\/\/roveyayinevi.com.tr\/index.php\/urun\/insanin-gorkemi\/","title":{"rendered":"\u0130nsan\u0131n G\u00f6rkemi"},"content":{"rendered":"<p>\u201cKendimi Emerson\u2019a o denli yak\u0131n buluyorum ki onu \u00f6vmekten \u00e7ekiniyorum, \u00e7\u00fcnk\u00fc kendimi \u00f6vm\u00fc\u015f gibi olmaktan korkuyorum.\u201d -Friedrich Nietzche Bu kitap, d\u00fc\u015f\u00fcnce tarihinin \u00f6nemli isimlerinden Amerikal\u0131 d\u00fc\u015f\u00fcn\u00fcr Ralph Waldo Emerson\u2019\u0131n T\u00fcrk\u00e7ede ilk kez yay\u0131mlanm\u0131\u015f denemelerinden olu\u015fuyor. Ayn\u0131 zamanda b\u00fcy\u00fck bir yazar-\u015fair olan Emerson, aralar\u0131nda Walt Whitman, Emily Dickinson, Edwin Arlington Robinson, Wallace Stevens, Hart Crane ve Robert Frost\u2019un bulundu\u011fu uzun bir dizi Amerikan \u015fairine ilham verdi. D\u00fc\u015f\u00fcnceleri ise John Dewey, George Santayana, Friedrich Nietzsche ve William James gibi filozoflar\u0131n felsefesini etkiledi.\u201cHer insan, evrensel akl\u0131n v\u00fccut bulmu\u015f bir ba\u015fka halidir. B\u00fct\u00fcn nitelikleri insan\u0131n i\u00e7inde mevcuttur.\u201d  (Kitaptan) \u201cBaz\u0131 kitaplar ki\u015fiyi ve onun hayat\u0131n\u0131n y\u00f6n\u00fcn\u00fc de\u011fi\u015ftirme potansiyeli ta\u015f\u0131r. Ba\u015fka t\u00fcrl\u00fc bakmaya, ba\u015fka t\u00fcrl\u00fc d\u00fc\u015f\u00fcnmeye ba\u015fka t\u00fcrl\u00fc hissetmeye ve bamba\u015fka bi\u00e7imde g\u00f6rmeye giden yollar\u0131n tam kav\u015fa\u011f\u0131nda durur bu t\u00fcr metinler. Emerson\u2019un \u00e2deta tarafs\u0131zl\u0131k suyuyla y\u0131kad\u0131\u011f\u0131 d\u00fc\u015f\u00fcncelerini bu y\u00fczden \u00e7ok \u00f6nemsiyorum ve \u015fiddetle \u00f6neriyorum.\u201d  -Cem Mumcu <\/p>\n","protected":false},"excerpt":{"rendered":"<p>\u201cKendimi Emerson\u2019a o denli yak\u0131n buluyorum ki onu \u00f6vmekten \u00e7ekiniyorum, \u00e7\u00fcnk\u00fc kendimi \u00f6vm\u00fc\u015f gibi olmaktan korkuyorum.\u201d -Friedrich Nietzche Bu kitap, d\u00fc\u015f\u00fcnce tarihinin \u00f6nemli isimlerinden Amerikal\u0131 d\u00fc\u015f\u00fcn\u00fcr<span class=\"excerpt-hellip\"> [\u2026]<\/span><\/p>\n","protected":false},"featured_media":0,"template":"","meta":{"_monsterinsights_skip_tracking":false,"_monsterinsights_sitenote_active":false,"_monsterinsights_sitenote_note":"","_monsterinsights_sitenote_category":0},"product_brand":[],"product_cat":[12389,12388],"product_tag":[],"class_list":{"0":"post-691627","1":"product","2":"type-product","3":"status-publish","5":"product_cat-diger-felsefe","6":"product_cat-felsefe","7":"pa_cilt-ciltsiz","8":"pa_tur-kitap","9":"pa_yayinevi-okuyan-us-yayin","10":"pa_yazar-ralph-waldo-emerson","12":"first","13":"instock","14":"sale","15":"shipping-taxable","16":"purchasable","17":"product-type-simple"},"_links":{"self":[{"href":"https:\/\/roveyayinevi.com.tr\/index.php\/wp-json\/wp\/v2\/product\/691627","targetHints":{"allow":["GET"]}}],"collection":[{"href":"https:\/\/roveyayinevi.com.tr\/index.php\/wp-json\/wp\/v2\/product"}],"about":[{"href":"https:\/\/roveyayinevi.com.tr\/index.php\/wp-json\/wp\/v2\/types\/product"}],"wp:attachment":[{"href":"https:\/\/roveyayinevi.com.tr\/index.php\/wp-json\/wp\/v2\/media?parent=691627"}],"wp:term":[{"taxonomy":"product_brand","embeddable":true,"href":"https:\/\/roveyayinevi.com.tr\/index.php\/wp-json\/wp\/v2\/product_brand?post=691627"},{"taxonomy":"product_cat","embeddable":true,"href":"https:\/\/roveyayinevi.com.tr\/index.php\/wp-json\/wp\/v2\/product_cat?post=691627"},{"taxonomy":"product_tag","embeddable":true,"href":"https:\/\/roveyayinevi.com.tr\/index.php\/wp-json\/wp\/v2\/product_tag?post=691627"}],"curies":[{"name":"wp","href":"https:\/\/api.w.org\/{rel}","templated":true}]}}