{"id":691593,"date":"2025-08-27T13:59:21","date_gmt":"2025-08-27T10:59:21","guid":{"rendered":"https:\/\/roveyayinevi.com.tr\/index.php\/urun\/rahat-birakin-beni\/"},"modified":"2026-04-16T02:00:54","modified_gmt":"2026-04-15T23:00:54","slug":"rahat-birakin-beni","status":"publish","type":"product","link":"https:\/\/roveyayinevi.com.tr\/index.php\/urun\/rahat-birakin-beni\/","title":{"rendered":"Rahat B\u0131rak\u0131n Beni"},"content":{"rendered":"<p>Utanga\u00e7l\u0131k, s\u0131k\u0131lganl\u0131k, \u00e7ekingenlik her gencin az ya da \u00e7ok kar\u015f\u0131la\u015ft\u0131\u011f\u0131 sorunlardan biridir. Kiminde az kiminde \u00e7ok&#8230; Bu kitap, \u00e7evresi ile kolay ileti\u015fim kuramayan, rahats\u0131z olan, \u00e7ekinen ve s\u0131k\u0131lan gen\u00e7lere y\u00f6nelik \u00f6zel olarak haz\u0131rland\u0131. Kitap bir yandan sosyal fobisi olan Emre\u2019nin ba\u015f\u0131ndan ge\u00e7en olaylar\u0131 anlat\u0131rken, di\u011fer yandan da utanga\u00e7 ve \u00e7ekingen yap\u0131l\u0131 gen\u00e7lere bilin\u00e7lice ya\u015fama ve sorunlar\u0131n\u0131 tan\u0131ma f\u0131rsat\u0131 vermektedir. \ufffcTan\u0131t\u0131m Metni<\/p>\n","protected":false},"excerpt":{"rendered":"<p>Utanga\u00e7l\u0131k, s\u0131k\u0131lganl\u0131k, \u00e7ekingenlik her gencin az ya da \u00e7ok kar\u015f\u0131la\u015ft\u0131\u011f\u0131 sorunlardan biridir. Kiminde az kiminde \u00e7ok&#8230; Bu kitap, \u00e7evresi ile kolay ileti\u015fim kuramayan, rahats\u0131z olan, \u00e7ekinen<span class=\"excerpt-hellip\"> [\u2026]<\/span><\/p>\n","protected":false},"featured_media":0,"template":"","meta":{"_monsterinsights_skip_tracking":false,"_monsterinsights_sitenote_active":false,"_monsterinsights_sitenote_note":"","_monsterinsights_sitenote_category":0},"product_brand":[],"product_cat":[12364,12376],"product_tag":[],"class_list":{"0":"post-691593","1":"product","2":"type-product","3":"status-publish","5":"product_cat-genel-konular","6":"product_cat-kisisel-gelisim","7":"pa_tur-kitap","8":"pa_yayinevi-nesil-yayinlari","9":"pa_yazar-adem-gunes","11":"first","12":"instock","13":"sale","14":"shipping-taxable","15":"purchasable","16":"product-type-simple"},"_links":{"self":[{"href":"https:\/\/roveyayinevi.com.tr\/index.php\/wp-json\/wp\/v2\/product\/691593","targetHints":{"allow":["GET"]}}],"collection":[{"href":"https:\/\/roveyayinevi.com.tr\/index.php\/wp-json\/wp\/v2\/product"}],"about":[{"href":"https:\/\/roveyayinevi.com.tr\/index.php\/wp-json\/wp\/v2\/types\/product"}],"wp:attachment":[{"href":"https:\/\/roveyayinevi.com.tr\/index.php\/wp-json\/wp\/v2\/media?parent=691593"}],"wp:term":[{"taxonomy":"product_brand","embeddable":true,"href":"https:\/\/roveyayinevi.com.tr\/index.php\/wp-json\/wp\/v2\/product_brand?post=691593"},{"taxonomy":"product_cat","embeddable":true,"href":"https:\/\/roveyayinevi.com.tr\/index.php\/wp-json\/wp\/v2\/product_cat?post=691593"},{"taxonomy":"product_tag","embeddable":true,"href":"https:\/\/roveyayinevi.com.tr\/index.php\/wp-json\/wp\/v2\/product_tag?post=691593"}],"curies":[{"name":"wp","href":"https:\/\/api.w.org\/{rel}","templated":true}]}}