{"id":691582,"date":"2025-08-27T13:59:19","date_gmt":"2025-08-27T10:59:19","guid":{"rendered":"https:\/\/roveyayinevi.com.tr\/index.php\/urun\/bir-sevda-yorumu-kitabi\/"},"modified":"2026-04-16T02:00:54","modified_gmt":"2026-04-15T23:00:54","slug":"bir-sevda-yorumu-kitabi","status":"publish","type":"product","link":"https:\/\/roveyayinevi.com.tr\/index.php\/urun\/bir-sevda-yorumu-kitabi\/","title":{"rendered":"Bir Sevda Yorumu Kitab\u0131"},"content":{"rendered":"<p>K\u00fc\u00e7\u00fcmsedi\u011fimiz k\u00fc\u00e7\u00fck ili\u015fkilerin, \u00f6nemsenen nice b\u00fcy\u00fck ili\u015fkilerin dayana\u011f\u0131 oldu\u011funu, ya\u015faman\u0131n tad\u0131n\u0131, olanca c\u00fcmb\u00fc\u015f\u00fcyle ya\u015fayamay\u0131p kuruyanlara, g\u00fcn\u00fcn\u00fc \u0131skalayanlara, beynini ve g\u00f6nl\u00fcn\u00fc t\u00fcrl\u00fc bahanelerle s\u0131\u011f ya\u015famalara g\u00f6menlere, bu kitab\u0131n konuklar\u0131na, ya\u015famlar\u0131n\u0131n konu\u011fu olanlara, f\u0131s\u0131ldamak i\u00e7in s\u00f6ylenmi\u015f s\u00f6zler var burada. S\u00f6z olarak kalmas\u0131nlar diye kaleme vurulmu\u015ftur. Bu kitap, zor g\u00fcnlerimde yaz\u0131ld\u0131. Kaz\u0131y\u0131p yaz\u0131lad\u0131\u011f\u0131m d\u00fcnyadaki bir sevday\u0131 beyan eder. Dilimi anlayanlar okuyup eyle\u015fsin. <\/p>\n","protected":false},"excerpt":{"rendered":"<p>K\u00fc\u00e7\u00fcmsedi\u011fimiz k\u00fc\u00e7\u00fck ili\u015fkilerin, \u00f6nemsenen nice b\u00fcy\u00fck ili\u015fkilerin dayana\u011f\u0131 oldu\u011funu, ya\u015faman\u0131n tad\u0131n\u0131, olanca c\u00fcmb\u00fc\u015f\u00fcyle ya\u015fayamay\u0131p kuruyanlara, g\u00fcn\u00fcn\u00fc \u0131skalayanlara, beynini ve g\u00f6nl\u00fcn\u00fc t\u00fcrl\u00fc bahanelerle s\u0131\u011f ya\u015famalara g\u00f6menlere, bu<span class=\"excerpt-hellip\"> [\u2026]<\/span><\/p>\n","protected":false},"featured_media":0,"template":"","meta":{"_monsterinsights_skip_tracking":false,"_monsterinsights_sitenote_active":false,"_monsterinsights_sitenote_note":"","_monsterinsights_sitenote_category":0},"product_brand":[],"product_cat":[12291,12292],"product_tag":[],"class_list":{"0":"post-691582","1":"product","2":"type-product","3":"status-publish","5":"product_cat-edebiyat","6":"product_cat-turk-edebiyati","7":"pa_tur-kitap","8":"pa_yayinevi-okuyan-us-yayin","9":"pa_yazar-ahmet-inam","11":"first","12":"instock","13":"sale","14":"shipping-taxable","15":"purchasable","16":"product-type-simple"},"_links":{"self":[{"href":"https:\/\/roveyayinevi.com.tr\/index.php\/wp-json\/wp\/v2\/product\/691582","targetHints":{"allow":["GET"]}}],"collection":[{"href":"https:\/\/roveyayinevi.com.tr\/index.php\/wp-json\/wp\/v2\/product"}],"about":[{"href":"https:\/\/roveyayinevi.com.tr\/index.php\/wp-json\/wp\/v2\/types\/product"}],"wp:attachment":[{"href":"https:\/\/roveyayinevi.com.tr\/index.php\/wp-json\/wp\/v2\/media?parent=691582"}],"wp:term":[{"taxonomy":"product_brand","embeddable":true,"href":"https:\/\/roveyayinevi.com.tr\/index.php\/wp-json\/wp\/v2\/product_brand?post=691582"},{"taxonomy":"product_cat","embeddable":true,"href":"https:\/\/roveyayinevi.com.tr\/index.php\/wp-json\/wp\/v2\/product_cat?post=691582"},{"taxonomy":"product_tag","embeddable":true,"href":"https:\/\/roveyayinevi.com.tr\/index.php\/wp-json\/wp\/v2\/product_tag?post=691582"}],"curies":[{"name":"wp","href":"https:\/\/api.w.org\/{rel}","templated":true}]}}