{"id":691578,"date":"2025-08-27T13:59:18","date_gmt":"2025-08-27T10:59:18","guid":{"rendered":"https:\/\/roveyayinevi.com.tr\/index.php\/urun\/amac\/"},"modified":"2026-04-16T02:00:54","modified_gmt":"2026-04-15T23:00:54","slug":"amac","status":"publish","type":"product","link":"https:\/\/roveyayinevi.com.tr\/index.php\/urun\/amac\/","title":{"rendered":"Ama\u00e7"},"content":{"rendered":"<p>200\u2019\u00fcn \u00fczerinde \u00fcniversite ve i\u015fletme fak\u00fcltesinde ders kitab\u0131 olarak okutulan ve y\u00f6neticilerin elinden d\u00fc\u015fmeyen i\u015f ve a\u015fk roman\u0131 Y\u00f6netim dan\u0131\u015fman\u0131 ve imalat y\u00f6netimi uzman\u0131 Dr. Eliyahu M. Goldratt\u2019\u0131n K\u0131s\u0131tlar Teorisi\u2019ni ortaya att\u0131\u011f\u0131 kitap. &#8220;Bu teori, teslimatta gecikme ve d\u00fc\u015f\u00fck gelir problemleriyle m\u00fccadele eden i\u015fletmeler i\u00e7in ikna edici bir \u00e7\u00f6z\u00fcm sa\u011fl\u0131yor.&#8221;- Harvard Business ReviewAma\u00e7 kapanmak \u00fczere olan bir fabrikan\u0131n \u00fcretim m\u00fcd\u00fcr\u00fc olan Alex Rogo\u2019nun hik\u00e2yesini anlat\u0131yor. Karma\u015f\u0131k \u00fcretim y\u00f6netimi sorunlar\u0131, art arda ortaya \u00e7\u0131kan darbo\u011fazlar, i\u015f ortam\u0131ndaki \u00e7eki\u015fmeler, i\u015f arkada\u015flar\u0131 dayan\u0131\u015fmas\u0131, global rekabet, rakiplerin kurnazl\u0131klar\u0131, y\u00f6netim kurulu toplant\u0131lar\u0131, i\u015f ve ya\u015fam dengesini kurma problemleri&#8230; \u0130malat ortam\u0131nda harikalar yaratan isimsiz kahramanlar\u0131n bu pek yak\u0131ndan tan\u0131d\u0131\u011f\u0131 kaosu y\u00f6netmek m\u00fcmk\u00fcn m\u00fc? Peki ya Julie? Julie ve Alex ne olacak? &#8220;Fabrika ortam\u0131 roman konusu olamazm\u0131\u015f san\u0131labilir; ancak bu kitap \u00e7ok ba\u015far\u0131l\u0131.&#8221;- Tom Peters<\/p>\n","protected":false},"excerpt":{"rendered":"<p>200\u2019\u00fcn \u00fczerinde \u00fcniversite ve i\u015fletme fak\u00fcltesinde ders kitab\u0131 olarak okutulan ve y\u00f6neticilerin elinden d\u00fc\u015fmeyen i\u015f ve a\u015fk roman\u0131 Y\u00f6netim dan\u0131\u015fman\u0131 ve imalat y\u00f6netimi uzman\u0131 Dr. Eliyahu<span class=\"excerpt-hellip\"> [\u2026]<\/span><\/p>\n","protected":false},"featured_media":0,"template":"","meta":{"_monsterinsights_skip_tracking":false,"_monsterinsights_sitenote_active":false,"_monsterinsights_sitenote_note":"","_monsterinsights_sitenote_category":0},"product_brand":[],"product_cat":[13043,14754],"product_tag":[],"class_list":{"0":"post-691578","1":"product","2":"type-product","3":"status-publish","5":"product_cat-ekonomi","6":"product_cat-halkla-iliskiler-insan-kaynaklari","7":"pa_cilt-ciltsiz","8":"pa_tur-kitap","9":"pa_yayinevi-optimist-yayin-dagitim","10":"pa_yazar-eliyahu-m-goldratt","12":"first","13":"instock","14":"sale","15":"shipping-taxable","16":"purchasable","17":"product-type-simple"},"_links":{"self":[{"href":"https:\/\/roveyayinevi.com.tr\/index.php\/wp-json\/wp\/v2\/product\/691578","targetHints":{"allow":["GET"]}}],"collection":[{"href":"https:\/\/roveyayinevi.com.tr\/index.php\/wp-json\/wp\/v2\/product"}],"about":[{"href":"https:\/\/roveyayinevi.com.tr\/index.php\/wp-json\/wp\/v2\/types\/product"}],"wp:attachment":[{"href":"https:\/\/roveyayinevi.com.tr\/index.php\/wp-json\/wp\/v2\/media?parent=691578"}],"wp:term":[{"taxonomy":"product_brand","embeddable":true,"href":"https:\/\/roveyayinevi.com.tr\/index.php\/wp-json\/wp\/v2\/product_brand?post=691578"},{"taxonomy":"product_cat","embeddable":true,"href":"https:\/\/roveyayinevi.com.tr\/index.php\/wp-json\/wp\/v2\/product_cat?post=691578"},{"taxonomy":"product_tag","embeddable":true,"href":"https:\/\/roveyayinevi.com.tr\/index.php\/wp-json\/wp\/v2\/product_tag?post=691578"}],"curies":[{"name":"wp","href":"https:\/\/api.w.org\/{rel}","templated":true}]}}