{"id":691568,"date":"2025-08-27T13:59:16","date_gmt":"2025-08-27T10:59:16","guid":{"rendered":"https:\/\/roveyayinevi.com.tr\/index.php\/urun\/aktif-umut\/"},"modified":"2026-04-16T02:00:54","modified_gmt":"2026-04-15T23:00:54","slug":"aktif-umut","status":"publish","type":"product","link":"https:\/\/roveyayinevi.com.tr\/index.php\/urun\/aktif-umut\/","title":{"rendered":"Aktif Umut"},"content":{"rendered":"<p>\u201cToplumsal ve ekolojik d\u00f6n\u00fc\u015f\u00fcmleri konu edinen kitaplar s\u0131kl\u0131kla hayati bir bile\u015feni g\u00f6rmezden gelir: Bizi bu b\u00fcy\u00fck d\u00f6n\u00fc\u015f\u00fcme tam anlam\u0131yla katk\u0131 sa\u011flayabilecek denli g\u00fc\u00e7l\u00fc yapacak de\u011fi\u015fimi nas\u0131l ge\u00e7irebiliriz? Aktif Umut, \u015f\u00fckran, keder, kar\u015f\u0131l\u0131kl\u0131 ba\u011fl\u0131l\u0131k ve en nihayetinde d\u00f6n\u00fc\u015f\u00fcm dolu bir ser\u00fcvende okuyuculara rehberlik ederek bu bo\u015flu\u011fu harika bi\u00e7imde dolduruyor.\u201d \u2014Naomi Klein, \u0130\u015fte Bu Her \u015feyi De\u011fi\u015ftirir yazar\u0131 \u201cJoanna Macy, spirit\u00fcal bir aktivizm ve y\u00fcrekli bir rikkatle ge\u00e7en bir \u00f6mr\u00fcn ne anlama geldi\u011finin en g\u00f6rkemli \u00f6rneklerinden biri olageldi. Bu kitapta yol arkada\u015f\u0131 Chris Johnstone ile hem gezegenimizin tehlikeleri hem de d\u00fcnyam\u0131z\u0131n ikbali konusunda insanlar\u0131 bilin\u00e7lendirecek temel bir rehber sunuyor. Joanna ve Chris, sade bir \u00fcslupla yazd\u0131klar\u0131 bu ivedi k\u00fclt\u00fcrel d\u00f6n\u00fc\u015f\u00fcm rehberinde, umudu en ummad\u0131\u011f\u0131m\u0131z yerlerden \u2013kalplerimizden, ruhlar\u0131m\u0131zdan ve t\u00fcm ya\u015famlar\u0131n birbirine ba\u011fl\u0131l\u0131\u011f\u0131ndan\u2013 bulup \u00e7\u0131karma konusunda bize k\u0131lavuzluk ediyor, ard\u0131ndan ya\u015fam dolu k\u00fclt\u00fcrlerin vizyoner zanaatkarlar\u0131 olarak bu umudu c\u00fcretle eyleme d\u00f6n\u00fc\u015ft\u00fcr\u00fcyorlar. Yirmi ikinci y\u00fczy\u0131l\u0131n m\u00fcstakbel canlar\u0131 a\u00e7\u0131s\u0131ndan Aktif Umut, yirmi birinci y\u00fczy\u0131lda yaz\u0131lm\u0131\u015f en \u00f6nemli kitap olabilir.\u201d \u2014Bill Plotkin, Soulcraft ve Nature and the Human Soul kitaplar\u0131n\u0131n yazar\u0131 \u2022 \u0130klim de\u011fi\u015fikli\u011fi \u2022 Sava\u015flar \u2022 Siyasi kutupla\u015fma \u2022 Petrol\u00fcn t\u00fckenmesi \u2022 Ekonomik buhran \u2022 T\u00fcrlerin toplu bir \u015fekilde yok olmas\u0131\u2026 Yirmi birinci y\u00fczy\u0131lda kar\u015f\u0131 kar\u015f\u0131ya kald\u0131\u011f\u0131m\u0131z t\u00fcm bu sorunlar, \u015fu an bakt\u0131\u011f\u0131m\u0131z yerden s\u00fcrd\u00fcr\u00fclebilir g\u00f6r\u00fcnse de hakk\u0131nda d\u00fc\u015f\u00fcnmeyi istemeyece\u011fimiz bir dizi felakete yol a\u00e7abilir. Joanna Macy ve Chris Johnstone, Aktif Umut: \u0130\u00e7inde Bulundu\u011fumuz Karma\u015faya \u00c7\u0131ld\u0131rmadan Nas\u0131l G\u00f6\u011f\u00fcs Gerebiliriz? ile krizle y\u00fczle\u015fmek ve umulmad\u0131k bir diren\u00e7 ve yarat\u0131c\u0131 g\u00fc\u00e7le bu duruma tepki g\u00f6sterebilmek i\u00e7in kapasitemizi nas\u0131l art\u0131rabilece\u011fimize i\u015faret ediyor. Yerk\u00fcreye hizmet etmeyi istiyor ama bunu nas\u0131l yapaca\u011f\u0131n\u0131z\u0131 bilemiyorsan\u0131z, kar\u015f\u0131n\u0131zda duran g\u00f6revin boyutlar\u0131 y\u00fcz\u00fcnden cesaretinizi kaybediyorsan\u0131z ve oynayabilece\u011finiz rol\u00fc bulmak istiyorsan\u0131z, bu kitap rehberiniz olacak. <\/p>\n","protected":false},"excerpt":{"rendered":"<p>\u201cToplumsal ve ekolojik d\u00f6n\u00fc\u015f\u00fcmleri konu edinen kitaplar s\u0131kl\u0131kla hayati bir bile\u015feni g\u00f6rmezden gelir: Bizi bu b\u00fcy\u00fck d\u00f6n\u00fc\u015f\u00fcme tam anlam\u0131yla katk\u0131 sa\u011flayabilecek denli g\u00fc\u00e7l\u00fc yapacak de\u011fi\u015fimi nas\u0131l<span class=\"excerpt-hellip\"> [\u2026]<\/span><\/p>\n","protected":false},"featured_media":0,"template":"","meta":{"_monsterinsights_skip_tracking":false,"_monsterinsights_sitenote_active":false,"_monsterinsights_sitenote_note":"","_monsterinsights_sitenote_category":0},"product_brand":[],"product_cat":[12358,12357],"product_tag":[],"class_list":{"0":"post-691568","1":"product","2":"type-product","3":"status-publish","5":"product_cat-genel-psikoloji","6":"product_cat-psikoloji","7":"pa_cilt-ciltsiz","8":"pa_tur-kitap","9":"pa_yayinevi-okuyan-us-yayin","10":"pa_yazar-joanna-macy-chris-johnstone","12":"first","13":"instock","14":"sale","15":"shipping-taxable","16":"purchasable","17":"product-type-simple"},"_links":{"self":[{"href":"https:\/\/roveyayinevi.com.tr\/index.php\/wp-json\/wp\/v2\/product\/691568","targetHints":{"allow":["GET"]}}],"collection":[{"href":"https:\/\/roveyayinevi.com.tr\/index.php\/wp-json\/wp\/v2\/product"}],"about":[{"href":"https:\/\/roveyayinevi.com.tr\/index.php\/wp-json\/wp\/v2\/types\/product"}],"wp:attachment":[{"href":"https:\/\/roveyayinevi.com.tr\/index.php\/wp-json\/wp\/v2\/media?parent=691568"}],"wp:term":[{"taxonomy":"product_brand","embeddable":true,"href":"https:\/\/roveyayinevi.com.tr\/index.php\/wp-json\/wp\/v2\/product_brand?post=691568"},{"taxonomy":"product_cat","embeddable":true,"href":"https:\/\/roveyayinevi.com.tr\/index.php\/wp-json\/wp\/v2\/product_cat?post=691568"},{"taxonomy":"product_tag","embeddable":true,"href":"https:\/\/roveyayinevi.com.tr\/index.php\/wp-json\/wp\/v2\/product_tag?post=691568"}],"curies":[{"name":"wp","href":"https:\/\/api.w.org\/{rel}","templated":true}]}}