{"id":691545,"date":"2025-08-27T13:59:12","date_gmt":"2025-08-27T10:59:12","guid":{"rendered":"https:\/\/roveyayinevi.com.tr\/index.php\/urun\/bayan-beton-civisi\/"},"modified":"2026-04-16T02:00:53","modified_gmt":"2026-04-15T23:00:53","slug":"bayan-beton-civisi","status":"publish","type":"product","link":"https:\/\/roveyayinevi.com.tr\/index.php\/urun\/bayan-beton-civisi\/","title":{"rendered":"Bayan Beton \u00c7ivisi"},"content":{"rendered":"<p>Adam\u0131n biri d\u00fcnyay\u0131 tehdit eden sorunlara kar\u015f\u0131 uzayl\u0131larla i\u015fbirli\u011fi yapmay\u0131 \u00f6neriyor. Sar\u0131msak verip uzayl\u0131lardan arsa almay\u0131 planl\u0131yor. Hatta insanlar\u0131 Mars\u2019a ta\u015f\u0131may\u0131 \u00e7oktan kafas\u0131na koymu\u015f bile. Bu adam Yumurta Mahallesi\u2019ne geldi geleli ortal\u0131k kar\u0131\u015f\u0131k.Koca mahalleye k\u00f6k s\u00f6kt\u00fcren Bayan Beton \u00c7ivisi art\u0131k diken \u00fcst\u00fcnde. Mars\u2019a g\u00f6nderilme tehlikesiyle kar\u015f\u0131 kar\u015f\u0131ya.Herkes bu tuhaf adam\u0131n kim oldu\u011funu merak ediyor\u2026Siz zaten biliyorsunuz.Evet, tabii ki \u00c7\u0131lg\u0131n Hademe\u2026\u00c7\u0131lg\u0131n Hademe, soluksuz okuyaca\u011f\u0131n\u0131z maceralar\u0131yla yine \u00e7ok e\u011flenceli, yine \u00e7ok matrak\u2026<\/p>\n","protected":false},"excerpt":{"rendered":"<p>Adam\u0131n biri d\u00fcnyay\u0131 tehdit eden sorunlara kar\u015f\u0131 uzayl\u0131larla i\u015fbirli\u011fi yapmay\u0131 \u00f6neriyor. Sar\u0131msak verip uzayl\u0131lardan arsa almay\u0131 planl\u0131yor. Hatta insanlar\u0131 Mars\u2019a ta\u015f\u0131may\u0131 \u00e7oktan kafas\u0131na koymu\u015f bile. Bu<span class=\"excerpt-hellip\"> [\u2026]<\/span><\/p>\n","protected":false},"featured_media":0,"template":"","meta":{"_monsterinsights_skip_tracking":false,"_monsterinsights_sitenote_active":false,"_monsterinsights_sitenote_note":"","_monsterinsights_sitenote_category":0},"product_brand":[],"product_cat":[12274,12284],"product_tag":[],"class_list":{"0":"post-691545","1":"product","2":"type-product","3":"status-publish","5":"product_cat-cocuk-ve-genclik-kitaplari","6":"product_cat-hikayeler","7":"pa_cilt-ciltsiz","8":"pa_tur-kitap","9":"pa_yayinevi-nesil-cocuk-yayinlari","10":"pa_yazar-yusuf-asal","12":"first","13":"instock","14":"sale","15":"shipping-taxable","16":"purchasable","17":"product-type-simple"},"_links":{"self":[{"href":"https:\/\/roveyayinevi.com.tr\/index.php\/wp-json\/wp\/v2\/product\/691545","targetHints":{"allow":["GET"]}}],"collection":[{"href":"https:\/\/roveyayinevi.com.tr\/index.php\/wp-json\/wp\/v2\/product"}],"about":[{"href":"https:\/\/roveyayinevi.com.tr\/index.php\/wp-json\/wp\/v2\/types\/product"}],"wp:attachment":[{"href":"https:\/\/roveyayinevi.com.tr\/index.php\/wp-json\/wp\/v2\/media?parent=691545"}],"wp:term":[{"taxonomy":"product_brand","embeddable":true,"href":"https:\/\/roveyayinevi.com.tr\/index.php\/wp-json\/wp\/v2\/product_brand?post=691545"},{"taxonomy":"product_cat","embeddable":true,"href":"https:\/\/roveyayinevi.com.tr\/index.php\/wp-json\/wp\/v2\/product_cat?post=691545"},{"taxonomy":"product_tag","embeddable":true,"href":"https:\/\/roveyayinevi.com.tr\/index.php\/wp-json\/wp\/v2\/product_tag?post=691545"}],"curies":[{"name":"wp","href":"https:\/\/api.w.org\/{rel}","templated":true}]}}