{"id":691543,"date":"2025-08-27T13:59:12","date_gmt":"2025-08-27T10:59:12","guid":{"rendered":"https:\/\/roveyayinevi.com.tr\/index.php\/urun\/adil-olan-kazanir\/"},"modified":"2026-04-16T02:00:53","modified_gmt":"2026-04-15T23:00:53","slug":"adil-olan-kazanir","status":"publish","type":"product","link":"https:\/\/roveyayinevi.com.tr\/index.php\/urun\/adil-olan-kazanir\/","title":{"rendered":"Adil Olan Kazan\u0131r"},"content":{"rendered":"<p>Esir ald\u0131\u011f\u0131n bir d\u00fc\u015fman kar\u015f\u0131s\u0131nda,\u00d6\u011fretmenlik yapt\u0131\u011f\u0131n bir \u015fehzade kar\u015f\u0131s\u0131ndaVe daha pek \u00e7ok kritik durumdaSen olsan ne kadar adil davran\u0131rs\u0131n?E\u011fer sen de \u201cAdil Olan Kazan\u0131r\u201d diyorsan, haydi ba\u015fla sayfalar\u0131 \u00e7evirmeye!Tarihin i\u00e7inden heyecan dolu adalet hik\u00e2yeleri ve etkinlikler seni bekliyor.Ara\u015ft\u0131rmaTart\u0131\u015fmaKompozisyonDo\u011fru Yanl\u0131\u015fDrama\u00c7iz \u00e7iziktirLabirentKelime Av\u0131Zeka Oyunu<\/p>\n","protected":false},"excerpt":{"rendered":"<p>Esir ald\u0131\u011f\u0131n bir d\u00fc\u015fman kar\u015f\u0131s\u0131nda,\u00d6\u011fretmenlik yapt\u0131\u011f\u0131n bir \u015fehzade kar\u015f\u0131s\u0131ndaVe daha pek \u00e7ok kritik durumdaSen olsan ne kadar adil davran\u0131rs\u0131n?E\u011fer sen de \u201cAdil Olan Kazan\u0131r\u201d diyorsan, haydi<span class=\"excerpt-hellip\"> [\u2026]<\/span><\/p>\n","protected":false},"featured_media":0,"template":"","meta":{"_monsterinsights_skip_tracking":false,"_monsterinsights_sitenote_active":false,"_monsterinsights_sitenote_note":"","_monsterinsights_sitenote_category":0},"product_brand":[],"product_cat":[12274,12284],"product_tag":[],"class_list":{"0":"post-691543","1":"product","2":"type-product","3":"status-publish","5":"product_cat-cocuk-ve-genclik-kitaplari","6":"product_cat-hikayeler","7":"pa_cilt-ciltsiz","8":"pa_tur-kitap","9":"pa_yayinevi-nesil-cocuk-yayinlari","10":"pa_yazar-yavuz-bahadiroglu","12":"first","13":"instock","14":"sale","15":"shipping-taxable","16":"purchasable","17":"product-type-simple"},"_links":{"self":[{"href":"https:\/\/roveyayinevi.com.tr\/index.php\/wp-json\/wp\/v2\/product\/691543","targetHints":{"allow":["GET"]}}],"collection":[{"href":"https:\/\/roveyayinevi.com.tr\/index.php\/wp-json\/wp\/v2\/product"}],"about":[{"href":"https:\/\/roveyayinevi.com.tr\/index.php\/wp-json\/wp\/v2\/types\/product"}],"wp:attachment":[{"href":"https:\/\/roveyayinevi.com.tr\/index.php\/wp-json\/wp\/v2\/media?parent=691543"}],"wp:term":[{"taxonomy":"product_brand","embeddable":true,"href":"https:\/\/roveyayinevi.com.tr\/index.php\/wp-json\/wp\/v2\/product_brand?post=691543"},{"taxonomy":"product_cat","embeddable":true,"href":"https:\/\/roveyayinevi.com.tr\/index.php\/wp-json\/wp\/v2\/product_cat?post=691543"},{"taxonomy":"product_tag","embeddable":true,"href":"https:\/\/roveyayinevi.com.tr\/index.php\/wp-json\/wp\/v2\/product_tag?post=691543"}],"curies":[{"name":"wp","href":"https:\/\/api.w.org\/{rel}","templated":true}]}}