{"id":691541,"date":"2025-08-27T13:59:11","date_gmt":"2025-08-27T10:59:11","guid":{"rendered":"https:\/\/roveyayinevi.com.tr\/index.php\/urun\/40-hadis-boyama\/"},"modified":"2026-04-16T02:00:53","modified_gmt":"2026-04-15T23:00:53","slug":"40-hadis-boyama","status":"publish","type":"product","link":"https:\/\/roveyayinevi.com.tr\/index.php\/urun\/40-hadis-boyama\/","title":{"rendered":"40 Hadis Boyama"},"content":{"rendered":"<p>Sevgili \u00e7ocuklar, Bizler M\u00fcsl\u00fcman\u2019\u0131z. Yani dinimiz \u0130slam, Rabbimiz Allah, Peygamberimiz Hazreti Muhammed\u2019dir. Hepimiz birer M\u00fcsl\u00fcman olarak her davran\u0131\u015f\u0131m\u0131zda, her hareketimizde Peygamber Efendimiz\u2019i \u00f6rnek almal\u0131, O\u2019nun gibi ya\u015famaya \u00e7al\u0131\u015fmal\u0131y\u0131z. O zaman Allah bizi \u00e7ok sever ve her i\u015fimizde yard\u0131m eder. \u00c7\u00fcnk\u00fc O, Allah\u2019\u0131n en sevdi\u011fi insand\u0131r. Bu kitab\u0131 Sevgili Peygamberimiz\u2019in s\u00f6z ve davran\u0131\u015flar\u0131n\u0131 \u00f6\u011frenmek ve ona g\u00f6re davranmak i\u00e7in haz\u0131rlad\u0131k. Peygamberimiz\u2019in s\u00f6z ve davran\u0131\u015flar\u0131na hadis denir. Buradaki hadisleri \u00f6\u011frendik\u00e7e hayat\u0131m\u0131zda da uygulayal\u0131m, olur mu? Size hayat\u0131n\u0131zda ba\u015far\u0131lar diliyor, Peygamberimiz Hazreti Muhammed\u2019in yolunda, Allah\u2019\u0131n sevgili bir kulu olman\u0131z\u0131 diliyoruz. \ufffcTan\u0131t\u0131m Metni<\/p>\n","protected":false},"excerpt":{"rendered":"<p>Sevgili \u00e7ocuklar, Bizler M\u00fcsl\u00fcman\u2019\u0131z. Yani dinimiz \u0130slam, Rabbimiz Allah, Peygamberimiz Hazreti Muhammed\u2019dir. Hepimiz birer M\u00fcsl\u00fcman olarak her davran\u0131\u015f\u0131m\u0131zda, her hareketimizde Peygamber Efendimiz\u2019i \u00f6rnek almal\u0131, O\u2019nun gibi<span class=\"excerpt-hellip\"> [\u2026]<\/span><\/p>\n","protected":false},"featured_media":0,"template":"","meta":{"_monsterinsights_skip_tracking":false,"_monsterinsights_sitenote_active":false,"_monsterinsights_sitenote_note":"","_monsterinsights_sitenote_category":0},"product_brand":[],"product_cat":[12274,18802],"product_tag":[],"class_list":{"0":"post-691541","1":"product","2":"type-product","3":"status-publish","5":"product_cat-cocuk-ve-genclik-kitaplari","6":"product_cat-din-egitimi","7":"pa_tur-kitap","8":"pa_yayinevi-nesil-cocuk-yayinlari","9":"pa_yazar-hayrunnisa-sen","11":"first","12":"instock","13":"sale","14":"shipping-taxable","15":"purchasable","16":"product-type-simple"},"_links":{"self":[{"href":"https:\/\/roveyayinevi.com.tr\/index.php\/wp-json\/wp\/v2\/product\/691541","targetHints":{"allow":["GET"]}}],"collection":[{"href":"https:\/\/roveyayinevi.com.tr\/index.php\/wp-json\/wp\/v2\/product"}],"about":[{"href":"https:\/\/roveyayinevi.com.tr\/index.php\/wp-json\/wp\/v2\/types\/product"}],"wp:attachment":[{"href":"https:\/\/roveyayinevi.com.tr\/index.php\/wp-json\/wp\/v2\/media?parent=691541"}],"wp:term":[{"taxonomy":"product_brand","embeddable":true,"href":"https:\/\/roveyayinevi.com.tr\/index.php\/wp-json\/wp\/v2\/product_brand?post=691541"},{"taxonomy":"product_cat","embeddable":true,"href":"https:\/\/roveyayinevi.com.tr\/index.php\/wp-json\/wp\/v2\/product_cat?post=691541"},{"taxonomy":"product_tag","embeddable":true,"href":"https:\/\/roveyayinevi.com.tr\/index.php\/wp-json\/wp\/v2\/product_tag?post=691541"}],"curies":[{"name":"wp","href":"https:\/\/api.w.org\/{rel}","templated":true}]}}