{"id":691540,"date":"2025-08-27T13:59:11","date_gmt":"2025-08-27T10:59:11","guid":{"rendered":"https:\/\/roveyayinevi.com.tr\/index.php\/urun\/40-geceye-40-masal-ciltli\/"},"modified":"2026-04-14T02:02:22","modified_gmt":"2026-04-13T23:02:22","slug":"40-geceye-40-masal-ciltli","status":"publish","type":"product","link":"https:\/\/roveyayinevi.com.tr\/index.php\/urun\/40-geceye-40-masal-ciltli\/","title":{"rendered":"40 Geceye 40 Masal (Ciltli)"},"content":{"rendered":"<p>Bir varm\u0131\u015f bir yokmu\u015f, Allah\u2019\u0131n g\u00fcn\u00fc \u00e7okmu\u015f. G\u00fcnler g\u00fcnlere geceler gecelere eklenmi\u015f. Ortaya \u201c40 Geceye 40 Masal\u201d \u00e7\u0131km\u0131\u015f da \u00e7ocuklar murad\u0131na ermi\u015f. \u00c7ocuklar murad\u0131na erince, padi\u015fah, k\u0131z\u0131n\u0131n o \u00e7obanla evlenmesine izin vermi\u015f. Ba\u015flam\u0131\u015f 40 g\u00fcn 40 gece s\u00fcrecek d\u00fc\u011f\u00fcn\u00fcn haz\u0131rl\u0131klar\u0131&#8230;Haz\u0131rl\u0131klar devam ededursun. \u00c7ocuklar murad\u0131na erince bulut \u015feklinde u\u00e7an hal\u0131lar yap\u0131lm\u0131\u015f. Bu u\u00e7an bulutlar her gece uykudan \u00f6nce \u00e7ocuklar\u0131 evlerinden al\u0131r, birbirinden g\u00fczel, heyecanl\u0131 olaylar\u0131n ya\u015fand\u0131\u011f\u0131 masal diyar\u0131na g\u00f6t\u00fcr\u00fcrm\u00fc\u015f. Her gece ayr\u0131 bir masal ya\u015farm\u0131\u015f \u00e7ocuklar. U\u00e7an bulutlar onlar\u0131 yeniden yataklar\u0131na getirdi\u011finde art\u0131k di\u011fer geceyi iple \u00e7ekerlermi\u015f.Bu yolculukta neler neler yokmu\u015f ki: Iss\u0131z Orman, Hay\u0131rs\u0131z Ada, Kaf Da\u011f\u0131, Nadaska adl\u0131 \u00fclke gibi bir\u00e7ok masal diyar\u0131\u2026 Nesrin, Tombul Tav\u015fan, Miyav Kedi, Pamuk, Bobi, K\u0131nal\u0131 Kuzu, Ay\u00e7i\u00e7e\u011fi, Tombi\u015f E\u015fek ve Gak Gak isimli bir\u00e7ok masal kahraman\u0131\u2026Bu kitab\u0131 alan g\u00fczel ve ak\u0131ll\u0131 \u00e7ocuk! Padi\u015fah\u0131n u\u00e7an bulut haz\u0131rlatt\u0131\u011f\u0131 \u015fansl\u0131 ki\u015filerden biri de sensin. Hadi \u00f6yleyse bin bulutuna ve tan\u0131\u015f 40 gecenin ya\u015fand\u0131\u011f\u0131 diyar\u0131m\u0131zdaki masal kahramanlar\u0131m\u0131zla\u2026 <\/p>\n","protected":false},"excerpt":{"rendered":"<p>Bir varm\u0131\u015f bir yokmu\u015f, Allah\u2019\u0131n g\u00fcn\u00fc \u00e7okmu\u015f. G\u00fcnler g\u00fcnlere geceler gecelere eklenmi\u015f. Ortaya \u201c40 Geceye 40 Masal\u201d \u00e7\u0131km\u0131\u015f da \u00e7ocuklar murad\u0131na ermi\u015f. \u00c7ocuklar murad\u0131na erince, padi\u015fah,<span class=\"excerpt-hellip\"> [\u2026]<\/span><\/p>\n","protected":false},"featured_media":0,"template":"","meta":{"_monsterinsights_skip_tracking":false,"_monsterinsights_sitenote_active":false,"_monsterinsights_sitenote_note":"","_monsterinsights_sitenote_category":0},"product_brand":[],"product_cat":[12274,12523],"product_tag":[],"class_list":{"0":"post-691540","1":"product","2":"type-product","3":"status-publish","5":"product_cat-cocuk-ve-genclik-kitaplari","6":"product_cat-masallar","7":"pa_cilt-ciltli","8":"pa_tur-kitap","9":"pa_yayinevi-nesil-cocuk-yayinlari","10":"pa_yazar-yavuz-bahadiroglu","12":"first","13":"instock","14":"sale","15":"shipping-taxable","16":"purchasable","17":"product-type-simple"},"_links":{"self":[{"href":"https:\/\/roveyayinevi.com.tr\/index.php\/wp-json\/wp\/v2\/product\/691540","targetHints":{"allow":["GET"]}}],"collection":[{"href":"https:\/\/roveyayinevi.com.tr\/index.php\/wp-json\/wp\/v2\/product"}],"about":[{"href":"https:\/\/roveyayinevi.com.tr\/index.php\/wp-json\/wp\/v2\/types\/product"}],"wp:attachment":[{"href":"https:\/\/roveyayinevi.com.tr\/index.php\/wp-json\/wp\/v2\/media?parent=691540"}],"wp:term":[{"taxonomy":"product_brand","embeddable":true,"href":"https:\/\/roveyayinevi.com.tr\/index.php\/wp-json\/wp\/v2\/product_brand?post=691540"},{"taxonomy":"product_cat","embeddable":true,"href":"https:\/\/roveyayinevi.com.tr\/index.php\/wp-json\/wp\/v2\/product_cat?post=691540"},{"taxonomy":"product_tag","embeddable":true,"href":"https:\/\/roveyayinevi.com.tr\/index.php\/wp-json\/wp\/v2\/product_tag?post=691540"}],"curies":[{"name":"wp","href":"https:\/\/api.w.org\/{rel}","templated":true}]}}