{"id":691536,"date":"2025-08-27T13:59:10","date_gmt":"2025-08-27T10:59:10","guid":{"rendered":"https:\/\/roveyayinevi.com.tr\/index.php\/urun\/akildisi-ama-ongorulebilir\/"},"modified":"2026-04-16T02:00:53","modified_gmt":"2026-04-15T23:00:53","slug":"akildisi-ama-ongorulebilir","status":"publish","type":"product","link":"https:\/\/roveyayinevi.com.tr\/index.php\/urun\/akildisi-ama-ongorulebilir\/","title":{"rendered":"Ak\u0131ld\u0131\u015f\u0131 Ama \u00d6ng\u00f6r\u00fclebilir"},"content":{"rendered":"<p>Para hakk\u0131nda nas\u0131l d\u00fc\u015f\u00fcn\u00fcyoruz?Bankerlerin ekonomiyi g\u00f6zden ka\u00e7\u0131rmas\u0131n\u0131n nedeni neydi?\u0130nsanlar\u0131n bankalara a\u015f\u0131r\u0131 bor\u00e7lanmas\u0131n\u0131n nedeni neydi?Kararlar\u0131m\u0131z\u0131 y\u00f6nlendiren ak\u0131ld\u0131\u015f\u0131 kuvvetler nelerdir?Kendimizi ekonomik \u00e7\u0131kmazlardan nas\u0131l kurtarabiliriz?New York Times ve Wall Street Journal listelerinde uzun s\u00fcre birinci s\u0131rada yer alan Ak\u0131ld\u0131\u015f\u0131 Ama \u00d6ng\u00f6r\u00fclebilir&#8217;in g\u00f6zden ge\u00e7irilmi\u015f ve geni\u015fletilmi\u015f bu bask\u0131s\u0131nda, Duke \u00dcniversitesi \u00f6\u011fretim \u00fcyelerinden davran\u0131\u015fsal iktisat\u00e7\u0131 Dan Ariely, hem mevcut ekonomik krizin temel nedenlerinden baz\u0131lar\u0131n\u0131 hem de kararlar\u0131m\u0131z\u0131 \u015fekillendiren gizli kuvvetleri ara\u015ft\u0131r\u0131yor.S\u0131k\u00e7a rastlanan olaylar\u0131 ve zekice deneyleri \u00e7\u0131\u011f\u0131r a\u00e7\u0131c\u0131 analizlerle harmanlayan Ariely, beklentilerin, duygular\u0131n, sosyal normlar\u0131n ve g\u00f6zle g\u00f6r\u00fclemeyen g\u00f6r\u00fcn\u00fc\u015fte mant\u0131ks\u0131z di\u011fer kuvvetlerin ak\u0131l y\u00fcr\u00fctme becerilerimizi nas\u0131l \u00e7arp\u0131tt\u0131\u011f\u0131n\u0131 g\u00f6steriyor. Ki\u015fisel, ulusal ve k\u00fcresel politikalar\u0131 planlarken geleneksel iktisat teorilerine bel ba\u011flamam\u0131z\u0131n tehlikeli olabilece\u011fini a\u00e7\u0131kl\u0131yor. Bireysel ya da kurumsal olarak yapt\u0131\u011f\u0131m\u0131z hatalar hi\u00e7bir zaman rasgele de\u011fildir ve bir araya geldiklerinde piyasada y\u0131k\u0131c\u0131 sonu\u00e7lar\u0131 olan bir etki olu\u015fturabilirler. Bu sistematik ve \u00f6ng\u00f6r\u00fclebilir hatalar\u0131n sonu\u00e7lar\u0131, ilk kez mevcut k\u00fcresel ekonomik krizin \u0131\u015f\u0131\u011f\u0131 alt\u0131nda a\u00e7\u0131klan\u0131yor.<\/p>\n","protected":false},"excerpt":{"rendered":"<p>Para hakk\u0131nda nas\u0131l d\u00fc\u015f\u00fcn\u00fcyoruz?Bankerlerin ekonomiyi g\u00f6zden ka\u00e7\u0131rmas\u0131n\u0131n nedeni neydi?\u0130nsanlar\u0131n bankalara a\u015f\u0131r\u0131 bor\u00e7lanmas\u0131n\u0131n nedeni neydi?Kararlar\u0131m\u0131z\u0131 y\u00f6nlendiren ak\u0131ld\u0131\u015f\u0131 kuvvetler nelerdir?Kendimizi ekonomik \u00e7\u0131kmazlardan nas\u0131l kurtarabiliriz?New York Times ve Wall<span class=\"excerpt-hellip\"> [\u2026]<\/span><\/p>\n","protected":false},"featured_media":0,"template":"","meta":{"_monsterinsights_skip_tracking":false,"_monsterinsights_sitenote_active":false,"_monsterinsights_sitenote_note":"","_monsterinsights_sitenote_category":0},"product_brand":[],"product_cat":[13043,14754],"product_tag":[],"class_list":{"0":"post-691536","1":"product","2":"type-product","3":"status-publish","5":"product_cat-ekonomi","6":"product_cat-halkla-iliskiler-insan-kaynaklari","7":"pa_cilt-ciltsiz","8":"pa_tur-kitap","9":"pa_yayinevi-optimist-yayin-dagitim","10":"pa_yazar-dan-ariely","12":"first","13":"instock","14":"sale","15":"shipping-taxable","16":"purchasable","17":"product-type-simple"},"_links":{"self":[{"href":"https:\/\/roveyayinevi.com.tr\/index.php\/wp-json\/wp\/v2\/product\/691536","targetHints":{"allow":["GET"]}}],"collection":[{"href":"https:\/\/roveyayinevi.com.tr\/index.php\/wp-json\/wp\/v2\/product"}],"about":[{"href":"https:\/\/roveyayinevi.com.tr\/index.php\/wp-json\/wp\/v2\/types\/product"}],"wp:attachment":[{"href":"https:\/\/roveyayinevi.com.tr\/index.php\/wp-json\/wp\/v2\/media?parent=691536"}],"wp:term":[{"taxonomy":"product_brand","embeddable":true,"href":"https:\/\/roveyayinevi.com.tr\/index.php\/wp-json\/wp\/v2\/product_brand?post=691536"},{"taxonomy":"product_cat","embeddable":true,"href":"https:\/\/roveyayinevi.com.tr\/index.php\/wp-json\/wp\/v2\/product_cat?post=691536"},{"taxonomy":"product_tag","embeddable":true,"href":"https:\/\/roveyayinevi.com.tr\/index.php\/wp-json\/wp\/v2\/product_tag?post=691536"}],"curies":[{"name":"wp","href":"https:\/\/api.w.org\/{rel}","templated":true}]}}