{"id":691533,"date":"2025-08-27T13:59:10","date_gmt":"2025-08-27T10:59:10","guid":{"rendered":"https:\/\/roveyayinevi.com.tr\/index.php\/urun\/ozgurluk-ve-kader\/"},"modified":"2026-04-16T02:00:53","modified_gmt":"2026-04-15T23:00:53","slug":"ozgurluk-ve-kader","status":"publish","type":"product","link":"https:\/\/roveyayinevi.com.tr\/index.php\/urun\/ozgurluk-ve-kader\/","title":{"rendered":"\u00d6zg\u00fcrl\u00fck ve Kader"},"content":{"rendered":"<p>\u00d6zg\u00fcr olmak ve insan olmak e\u015fanlaml\u0131d\u0131r. Dereler akabilmek i\u00e7in bir yata\u011fa, ruhlar \u00f6zg\u00fcrl\u00fc\u011f\u00fc ya\u015famak i\u00e7in kadere ihtiya\u00e7 duyar. Rollo May\u2019e g\u00f6re her iyi terapi, ki\u015finin \u00f6zg\u00fcrl\u00fck ya\u015fant\u0131s\u0131n\u0131 artt\u0131rmak i\u00e7in kaderin fark\u0131ndal\u0131\u011f\u0131n\u0131 artt\u0131rma y\u00f6ntemidir. Rollo May, \u00d6zg\u00fcrl\u00fck ve Kader\u2019de insanl\u0131k tarihi boyunca varolmu\u015f ya\u015fam bi\u00e7imlerini, inan\u0131\u015flar\u0131, politikalar\u0131, korkular\u0131 ve arzular\u0131 inceleyerek ve bizi ad\u0131m ad\u0131m terapi seanslar\u0131na konuk ederek, \u00f6zg\u00fcrl\u00fck ve kader hakk\u0131nda asl\u0131nda hi\u00e7 bir fikrimizin olmad\u0131\u011f\u0131n\u0131 g\u00f6steriyor. A\u015fk\u0131, \u00f6fkeyi, ba\u011fl\u0131l\u0131\u011f\u0131 ve ba\u011f\u0131ms\u0131zl\u0131\u011f\u0131 ya\u015famay\u0131 ba\u015ftan \u00f6\u011fretiyor. Rollo May, terapi odas\u0131ndaki ger\u00e7ek karakterlerle birlikte, \u00f6zg\u00fcrl\u00fc\u011f\u00fc do\u011fru ya\u015faman\u0131n ve kaderi do\u011fru anlaman\u0131n hayat\u0131 ba\u015ftan a\u015fa\u011f\u0131 de\u011fi\u015ftirebilece\u011fini defalarca kan\u0131tl\u0131yor. \u00d6zg\u00fcrl\u00fck canl\u0131l\u0131\u011f\u0131n\u0131 kadere ve kader de \u00f6nemini \u00f6zg\u00fcrl\u00fc\u011fe bor\u00e7ludur. Yetilerimiz, becerilerimiz, \u00f6l\u00fcmle, hastal\u0131kla ya da \u00fczerinde denetimimiz bulunmayan say\u0131s\u0131z di\u011fer olguyla herhangi bir anda geri al\u0131nabilir. \u00d6zg\u00fcrl\u00fck ya\u015fam\u0131m\u0131z i\u00e7in esast\u0131r ama ayn\u0131 zamanda en g\u00fcvenilmez oland\u0131r. Peki ya sevgi? Bir kimsenin sevgisine, e\u011fer bu sevginin belli bir \u00f6l\u00e7\u00fcde \u00f6zg\u00fcrce verilmemi\u015f oldu\u011funu bilirseniz ona nas\u0131l de\u011fer verebilirsiniz? Sevgi ancak somut \u00f6zg\u00fcrl\u00fck i\u00e7inde bi\u00e7im bulur. \u00c7\u00fcnk\u00fc sevgi hem \u00f6b\u00fcr\u00fcn\u00fcn umulmad\u0131k ke\u015ffi, hem de onun i\u00e7in bir \u015feyler yapmaya haz\u0131r olu\u015ftur. \ufffcTan\u0131t\u0131m Metni<\/p>\n","protected":false},"excerpt":{"rendered":"<p>\u00d6zg\u00fcr olmak ve insan olmak e\u015fanlaml\u0131d\u0131r. Dereler akabilmek i\u00e7in bir yata\u011fa, ruhlar \u00f6zg\u00fcrl\u00fc\u011f\u00fc ya\u015famak i\u00e7in kadere ihtiya\u00e7 duyar. Rollo May\u2019e g\u00f6re her iyi terapi, ki\u015finin \u00f6zg\u00fcrl\u00fck<span class=\"excerpt-hellip\"> [\u2026]<\/span><\/p>\n","protected":false},"featured_media":0,"template":"","meta":{"_monsterinsights_skip_tracking":false,"_monsterinsights_sitenote_active":false,"_monsterinsights_sitenote_note":"","_monsterinsights_sitenote_category":0},"product_brand":[],"product_cat":[12358,12357],"product_tag":[],"class_list":{"0":"post-691533","1":"product","2":"type-product","3":"status-publish","5":"product_cat-genel-psikoloji","6":"product_cat-psikoloji","7":"pa_cilt-ciltsiz","8":"pa_tur-kitap","9":"pa_yayinevi-okuyan-us-yayin","10":"pa_yazar-rollo-may","12":"first","13":"instock","14":"sale","15":"shipping-taxable","16":"purchasable","17":"product-type-simple"},"_links":{"self":[{"href":"https:\/\/roveyayinevi.com.tr\/index.php\/wp-json\/wp\/v2\/product\/691533","targetHints":{"allow":["GET"]}}],"collection":[{"href":"https:\/\/roveyayinevi.com.tr\/index.php\/wp-json\/wp\/v2\/product"}],"about":[{"href":"https:\/\/roveyayinevi.com.tr\/index.php\/wp-json\/wp\/v2\/types\/product"}],"wp:attachment":[{"href":"https:\/\/roveyayinevi.com.tr\/index.php\/wp-json\/wp\/v2\/media?parent=691533"}],"wp:term":[{"taxonomy":"product_brand","embeddable":true,"href":"https:\/\/roveyayinevi.com.tr\/index.php\/wp-json\/wp\/v2\/product_brand?post=691533"},{"taxonomy":"product_cat","embeddable":true,"href":"https:\/\/roveyayinevi.com.tr\/index.php\/wp-json\/wp\/v2\/product_cat?post=691533"},{"taxonomy":"product_tag","embeddable":true,"href":"https:\/\/roveyayinevi.com.tr\/index.php\/wp-json\/wp\/v2\/product_tag?post=691533"}],"curies":[{"name":"wp","href":"https:\/\/api.w.org\/{rel}","templated":true}]}}