{"id":691532,"date":"2025-08-27T13:59:09","date_gmt":"2025-08-27T10:59:09","guid":{"rendered":"https:\/\/roveyayinevi.com.tr\/index.php\/urun\/kan-agaci\/"},"modified":"2026-04-16T02:00:53","modified_gmt":"2026-04-15T23:00:53","slug":"kan-agaci","status":"publish","type":"product","link":"https:\/\/roveyayinevi.com.tr\/index.php\/urun\/kan-agaci\/","title":{"rendered":"Kan A\u011fac\u0131"},"content":{"rendered":"<p>1970\u2019li y\u0131llar\u0131n \u0130zmir\u2019i\u2026 Dik merdivenleriyle denizi ve insanlar\u0131 birbirine kavu\u015fturan eski Rum mahallesinde ya\u015fayan bir avu\u00e7 bekleyici\u2026 Kaderini kom\u015fu evlerin penceresinde birle\u015ftirmi\u015f iki h\u00fcz\u00fcnl\u00fc kad\u0131n, hayat\u0131n anlam\u0131n\u0131 a\u015fkla \u00e7\u00f6zmeye \u00e7al\u0131\u015fan bir \u00e7ocuk ve a\u015fk i\u00e7in \u00f6lmekten \u00e7ekinmeyen sava\u015f\u00e7\u0131 bir adam\u2026. G\u00fcn\u00fcm\u00fcz\u00fcn \u0130stanbul\u2019u\u2026 Denize n\u00e2z\u0131r k\u00f6\u015fk\u00fcnde, nefretini bir bastonu yere vurarak t\u00fcm d\u00fcnyaya hayk\u0131ran bir anne. O bastonun tehditk\u00e2r sesinin yank\u0131s\u0131nda kaderlerinin yer de\u011fi\u015ftirdi\u011fini bilmeden ya\u015fayan \u00fc\u00e7 kad\u0131n\u2026 Zamana ve apayr\u0131 hayatlara, \u00e7ald\u0131\u011f\u0131 \u015fark\u0131lar ve s\u00f6yledi\u011fi s\u00f6zlerle k\u00f6pr\u00fc olan, \u00f6zg\u00fcrl\u00fc\u011f\u00fcn ve yaln\u0131zl\u0131\u011f\u0131n ate\u015fli savunucusu bir radyocu\u2026   Ve hepsi bekledi\u2026   Kimi, gidenlerin d\u00f6n\u00fc\u015f\u00fcn\u00fc\u2026 Kimi, d\u00f6nmeyenlerin \u00f6l\u00fc\u015f\u00fcn\u00fc\u2026 <\/p>\n","protected":false},"excerpt":{"rendered":"<p>1970\u2019li y\u0131llar\u0131n \u0130zmir\u2019i\u2026 Dik merdivenleriyle denizi ve insanlar\u0131 birbirine kavu\u015fturan eski Rum mahallesinde ya\u015fayan bir avu\u00e7 bekleyici\u2026 Kaderini kom\u015fu evlerin penceresinde birle\u015ftirmi\u015f iki h\u00fcz\u00fcnl\u00fc kad\u0131n, hayat\u0131n<span class=\"excerpt-hellip\"> [\u2026]<\/span><\/p>\n","protected":false},"featured_media":0,"template":"","meta":{"_monsterinsights_skip_tracking":false,"_monsterinsights_sitenote_active":false,"_monsterinsights_sitenote_note":"","_monsterinsights_sitenote_category":0},"product_brand":[],"product_cat":[12291,12711],"product_tag":[],"class_list":{"0":"post-691532","1":"product","2":"type-product","3":"status-publish","5":"product_cat-edebiyat","6":"product_cat-roman-oyku","7":"pa_cilt-ciltsiz","8":"pa_tur-kitap","9":"pa_yayinevi-nemesis-kitap","10":"pa_yazar-jale-demirdogen","12":"first","13":"instock","14":"sale","15":"shipping-taxable","16":"purchasable","17":"product-type-simple"},"_links":{"self":[{"href":"https:\/\/roveyayinevi.com.tr\/index.php\/wp-json\/wp\/v2\/product\/691532","targetHints":{"allow":["GET"]}}],"collection":[{"href":"https:\/\/roveyayinevi.com.tr\/index.php\/wp-json\/wp\/v2\/product"}],"about":[{"href":"https:\/\/roveyayinevi.com.tr\/index.php\/wp-json\/wp\/v2\/types\/product"}],"wp:attachment":[{"href":"https:\/\/roveyayinevi.com.tr\/index.php\/wp-json\/wp\/v2\/media?parent=691532"}],"wp:term":[{"taxonomy":"product_brand","embeddable":true,"href":"https:\/\/roveyayinevi.com.tr\/index.php\/wp-json\/wp\/v2\/product_brand?post=691532"},{"taxonomy":"product_cat","embeddable":true,"href":"https:\/\/roveyayinevi.com.tr\/index.php\/wp-json\/wp\/v2\/product_cat?post=691532"},{"taxonomy":"product_tag","embeddable":true,"href":"https:\/\/roveyayinevi.com.tr\/index.php\/wp-json\/wp\/v2\/product_tag?post=691532"}],"curies":[{"name":"wp","href":"https:\/\/api.w.org\/{rel}","templated":true}]}}