{"id":691527,"date":"2025-08-27T13:59:08","date_gmt":"2025-08-27T10:59:08","guid":{"rendered":"https:\/\/roveyayinevi.com.tr\/index.php\/urun\/kendini-arayan-insan\/"},"modified":"2026-04-16T02:00:53","modified_gmt":"2026-04-15T23:00:53","slug":"kendini-arayan-insan","status":"publish","type":"product","link":"https:\/\/roveyayinevi.com.tr\/index.php\/urun\/kendini-arayan-insan\/","title":{"rendered":"Kendini Arayan \u0130nsan"},"content":{"rendered":"<p>Ya\u015fant\u0131m\u0131z\u0131 t\u00fcm ger\u00e7ekli\u011fiyle analiz ediyor ve bu analiz \u00e7ok \u00e7arp\u0131c\u0131. New York Times  \u201c\u00c7o\u011fu insan yapayaln\u0131z oldu\u011funun fark\u0131na varmaktan korktu\u011fu i\u00e7in kendini asla aram\u0131yor.\u201d   Chicago Tribune \u201cRollo May\u2019in bu sa\u011fduyulu, pop\u00fcler kitab\u0131, espri ve hayal g\u00fcc\u00fcyle bezenmi\u015f, k\u00fclt\u00fcrle dokunmu\u015f. Korkmayan ve halinden pek de memnun olmayan herkes i\u00e7in bu kitap son derece faydal\u0131 olacak.\u201d  -New York Herald Tribune  Rollo May, \u015fu \u00e7ok \u00f6nemli soruyu soruyor: \u201cAcaba g\u00f6zden ka\u00e7\u0131rd\u0131\u011f\u0131m\u0131z \u00f6nemli bir rehber ve g\u00fc\u00e7 kayna\u011f\u0131 var m\u0131?\u201d Ne ge\u00e7mi\u015f ne de gelecek a\u00e7\u0131s\u0131ndan hi\u00e7bir \u015feyin kesin olmad\u0131\u011f\u0131 bir d\u00f6nemde i\u00e7sel b\u00fct\u00fcnl\u00fck nas\u0131l sa\u011flanabilir? &#8220;\u0130nsanlar\u0131n benden beklentilerini yans\u0131tan bir aynalar toplam\u0131ndan ibaretim.\u201d Bu c\u00fcmle size ne kadar yak\u0131n? Bu kitap, ya\u015fad\u0131\u011f\u0131m\u0131z bu \u201cEndi\u015fe \u00c7a\u011f\u0131\u201dnda ki\u015fisel b\u00fct\u00fcnl\u00fc\u011f\u00fcm\u00fcz\u00fc bulmak i\u00e7in yaz\u0131ld\u0131. Amac\u0131m\u0131z, \u00e7a\u011f\u0131m\u0131z\u0131n g\u00fcvensizli\u011fine kar\u015f\u0131 durabilmemizi sa\u011flayacak y\u00f6ntemler bulmak, i\u00e7imizdeki g\u00fc\u00e7 merkezini ortaya \u00e7\u0131karmak ve \u00e7ok az \u015feyin g\u00fcvende oldu\u011fu g\u00fcn\u00fcm\u00fczde, itimat edebilece\u011fimiz de\u011fer ve ama\u00e7lara ula\u015fabilmemizi sa\u011flayacak yolu elimizden geldi\u011fince i\u015faret edebilmektir. \u201c\u0130nsanlar\u0131 destek almaya sevk eden \u015fey, duygusal ili\u015fkilerinin s\u00fcrekli olarak ayr\u0131l\u0131kla noktalanmas\u0131, evlilik planlar\u0131n\u0131 bir t\u00fcrl\u00fc ger\u00e7ekle\u015ftirememeleri yahut e\u015flerinin onlar\u0131 tatmin etmemesi gibi \u015fik\u00e2yetler olabilir. Ne var ki konu\u015fmaya ba\u015flad\u0131ktan sonra \u00e7ok ge\u00e7meden ister ger\u00e7ek isterse hayalini kurduklar\u0131 e\u015flerinden asl\u0131nda kendi i\u00e7lerindeki bir eksikli\u011fi gidermesini yahut bir bo\u015flu\u011fu doldurmas\u0131n\u0131 bekledikleri ve bu ger\u00e7ekle\u015fmedi\u011fi i\u00e7in endi\u015feye ya da \u00f6fkeye kap\u0131ld\u0131klar\u0131n\u0131 a\u00e7\u0131\u011fa vuruyorlar.\u201d (kitaptan)<\/p>\n","protected":false},"excerpt":{"rendered":"<p>Ya\u015fant\u0131m\u0131z\u0131 t\u00fcm ger\u00e7ekli\u011fiyle analiz ediyor ve bu analiz \u00e7ok \u00e7arp\u0131c\u0131. New York Times \u201c\u00c7o\u011fu insan yapayaln\u0131z oldu\u011funun fark\u0131na varmaktan korktu\u011fu i\u00e7in kendini asla aram\u0131yor.\u201d Chicago Tribune<span class=\"excerpt-hellip\"> [\u2026]<\/span><\/p>\n","protected":false},"featured_media":0,"template":"","meta":{"_monsterinsights_skip_tracking":false,"_monsterinsights_sitenote_active":false,"_monsterinsights_sitenote_note":"","_monsterinsights_sitenote_category":0},"product_brand":[],"product_cat":[12358,12357],"product_tag":[],"class_list":{"0":"post-691527","1":"product","2":"type-product","3":"status-publish","5":"product_cat-genel-psikoloji","6":"product_cat-psikoloji","7":"pa_cilt-ciltsiz","8":"pa_tur-kitap","9":"pa_yayinevi-okuyan-us-yayin","10":"pa_yazar-rollo-may","12":"first","13":"instock","14":"sale","15":"shipping-taxable","16":"purchasable","17":"product-type-simple"},"_links":{"self":[{"href":"https:\/\/roveyayinevi.com.tr\/index.php\/wp-json\/wp\/v2\/product\/691527","targetHints":{"allow":["GET"]}}],"collection":[{"href":"https:\/\/roveyayinevi.com.tr\/index.php\/wp-json\/wp\/v2\/product"}],"about":[{"href":"https:\/\/roveyayinevi.com.tr\/index.php\/wp-json\/wp\/v2\/types\/product"}],"wp:attachment":[{"href":"https:\/\/roveyayinevi.com.tr\/index.php\/wp-json\/wp\/v2\/media?parent=691527"}],"wp:term":[{"taxonomy":"product_brand","embeddable":true,"href":"https:\/\/roveyayinevi.com.tr\/index.php\/wp-json\/wp\/v2\/product_brand?post=691527"},{"taxonomy":"product_cat","embeddable":true,"href":"https:\/\/roveyayinevi.com.tr\/index.php\/wp-json\/wp\/v2\/product_cat?post=691527"},{"taxonomy":"product_tag","embeddable":true,"href":"https:\/\/roveyayinevi.com.tr\/index.php\/wp-json\/wp\/v2\/product_tag?post=691527"}],"curies":[{"name":"wp","href":"https:\/\/api.w.org\/{rel}","templated":true}]}}