{"id":691523,"date":"2025-08-27T13:59:08","date_gmt":"2025-08-27T10:59:08","guid":{"rendered":"https:\/\/roveyayinevi.com.tr\/index.php\/urun\/mtsensk-ilcesinin-lady-macbethi\/"},"modified":"2026-04-16T02:00:53","modified_gmt":"2026-04-15T23:00:53","slug":"mtsensk-ilcesinin-lady-macbethi","status":"publish","type":"product","link":"https:\/\/roveyayinevi.com.tr\/index.php\/urun\/mtsensk-ilcesinin-lady-macbethi\/","title":{"rendered":"Mtsensk \u0130l\u00e7esi\u2019nin Lady Macbeth\u2019i"},"content":{"rendered":"<p>Gilbert Adair, 2003 y\u0131l\u0131nda \u015fu g\u00fczel soruyu sormu\u015ftu: \u00d6n\u00fcm\u00fczdeki elli y\u0131l yeni bir edebi eserin yay\u0131mlanmas\u0131n\u0131 yasaklayacak bir kanun \u00e7\u0131ksa bundan kim zarar g\u00f6r\u00fcrd\u00fc? <\/p>\n","protected":false},"excerpt":{"rendered":"<p>Gilbert Adair, 2003 y\u0131l\u0131nda \u015fu g\u00fczel soruyu sormu\u015ftu: \u00d6n\u00fcm\u00fczdeki elli y\u0131l yeni bir edebi eserin yay\u0131mlanmas\u0131n\u0131 yasaklayacak bir kanun \u00e7\u0131ksa bundan kim zarar g\u00f6r\u00fcrd\u00fc?<\/p>\n","protected":false},"featured_media":0,"template":"","meta":{"_monsterinsights_skip_tracking":false,"_monsterinsights_sitenote_active":false,"_monsterinsights_sitenote_note":"","_monsterinsights_sitenote_category":0},"product_brand":[],"product_cat":[12291,13570],"product_tag":[],"class_list":{"0":"post-691523","1":"product","2":"type-product","3":"status-publish","5":"product_cat-edebiyat","6":"product_cat-rus-edebiyati","7":"pa_tur-kitap","8":"pa_yayinevi-okuyan-us-yayin","9":"pa_yazar-nikolai-leskov","11":"first","12":"instock","13":"sale","14":"shipping-taxable","15":"purchasable","16":"product-type-simple"},"_links":{"self":[{"href":"https:\/\/roveyayinevi.com.tr\/index.php\/wp-json\/wp\/v2\/product\/691523","targetHints":{"allow":["GET"]}}],"collection":[{"href":"https:\/\/roveyayinevi.com.tr\/index.php\/wp-json\/wp\/v2\/product"}],"about":[{"href":"https:\/\/roveyayinevi.com.tr\/index.php\/wp-json\/wp\/v2\/types\/product"}],"wp:attachment":[{"href":"https:\/\/roveyayinevi.com.tr\/index.php\/wp-json\/wp\/v2\/media?parent=691523"}],"wp:term":[{"taxonomy":"product_brand","embeddable":true,"href":"https:\/\/roveyayinevi.com.tr\/index.php\/wp-json\/wp\/v2\/product_brand?post=691523"},{"taxonomy":"product_cat","embeddable":true,"href":"https:\/\/roveyayinevi.com.tr\/index.php\/wp-json\/wp\/v2\/product_cat?post=691523"},{"taxonomy":"product_tag","embeddable":true,"href":"https:\/\/roveyayinevi.com.tr\/index.php\/wp-json\/wp\/v2\/product_tag?post=691523"}],"curies":[{"name":"wp","href":"https:\/\/api.w.org\/{rel}","templated":true}]}}