{"id":691515,"date":"2025-08-27T13:59:06","date_gmt":"2025-08-27T10:59:06","guid":{"rendered":"https:\/\/roveyayinevi.com.tr\/index.php\/urun\/seyh-ve-arzu\/"},"modified":"2025-11-22T02:16:47","modified_gmt":"2025-11-21T23:16:47","slug":"seyh-ve-arzu","status":"publish","type":"product","link":"https:\/\/roveyayinevi.com.tr\/index.php\/urun\/seyh-ve-arzu\/","title":{"rendered":"\u015eeyh ve Arzu"},"content":{"rendered":"<p>Metis \u00d6tekini Dinlemek dizisinin edit\u00f6r\u00fc, G\u00fcn\u00fcm\u00fczde Psikoterapi ve Freud\u2019dan Lacan\u2019a Psikanaliz kitaplar\u0131n\u0131n yazar\u0131 psikiyatr Saffet Murat Tura\u2019n\u0131n bu kitab\u0131, Bu d\u00fcnyada esas \u015fa\u015f\u0131rt\u0131c\u0131 olan varl\u0131kt\u0131r s\u00f6z\u00fcyle a\u00e7\u0131l\u0131yor ve \u015eeyh ve Ayna , Bir Ses Gelseydi E\u011fer , Do\u011fmak ve \u00d6lmek , Deli Dumrul ve D\u00fcnyevili\u011fin \u00d6tesi , T\u00fcrk ve M\u00fcsl\u00fcman Olmak , Solaris ve \u00dc\u00e7\u00fcnc\u00fc S\u0131r yaz\u0131lar\u0131n\u0131 kaps\u0131yor. \u015e\u00f6yle diyor yazar: \u015eeyh ve Arzu d\u00fcnyevilik ve uhrevilik, g\u00fcndeliklik ve a\u015fk\u0131nl\u0131k, inan\u00e7 ve vicdan, tanr\u0131sall\u0131k ve \u00f6l\u00fcm gibi psikanalizi oldu\u011fu kadar dinsel d\u00fc\u015f\u00fcnceyi de yak\u0131ndan ilgilendiren sorunlar hakk\u0131ndaki yaz\u0131lardan olu\u015fuyor. Bu yaz\u0131lar\u0131 bir araya getirmemdeki ama\u00e7, insan\u0131 belli bir k\u00fclt\u00fcrel oyun i\u00e7inde sorunsalla\u015ft\u0131rma, ona bu oyunun g\u00fcndelikli\u011finin d\u0131\u015f\u0131ndan, belli bir mesafeden bakabilme iste\u011fidir. Bu y\u00fczden buradaki kavrama \u00e7abas\u0131 k\u00fclt\u00fcrel kimlik sorunlar\u0131ndan varolu\u015fsal \u00e7at\u0131\u015fmalara, oradan da varl\u0131\u011f\u0131n mahiyeti sorusuna do\u011fru evriliyor. Bu kitap e\u011fer g\u00fcn\u00fcm\u00fcz insan\u0131 gibi g\u00fcndelikli\u011fe teslim olmu\u015f bir okurda evren kar\u015f\u0131s\u0131ndaki \u00e7ocuksu hayranl\u0131\u011f\u0131 yeniden uyand\u0131rabilmi\u015fse vazifesini yerine getirmi\u015f say\u0131lmal\u0131d\u0131r. \ufffc<\/p>\n","protected":false},"excerpt":{"rendered":"<p>Metis \u00d6tekini Dinlemek dizisinin edit\u00f6r\u00fc, G\u00fcn\u00fcm\u00fczde Psikoterapi ve Freud\u2019dan Lacan\u2019a Psikanaliz kitaplar\u0131n\u0131n yazar\u0131 psikiyatr Saffet Murat Tura\u2019n\u0131n bu kitab\u0131, Bu d\u00fcnyada esas \u015fa\u015f\u0131rt\u0131c\u0131 olan varl\u0131kt\u0131r s\u00f6z\u00fcyle<span class=\"excerpt-hellip\"> [\u2026]<\/span><\/p>\n","protected":false},"featured_media":0,"template":"","meta":{"_monsterinsights_skip_tracking":false,"_monsterinsights_sitenote_active":false,"_monsterinsights_sitenote_note":"","_monsterinsights_sitenote_category":0},"product_brand":[],"product_cat":[12312,12304],"product_tag":[],"class_list":{"0":"post-691515","1":"product","2":"type-product","3":"status-publish","5":"product_cat-diger","6":"product_cat-tarih","7":"pa_cilt-ciltsiz","8":"pa_tur-kitap","9":"pa_yayinevi-metis-yayinlari","10":"pa_yazar-saffet-murat-tura","12":"first","13":"instock","14":"sale","15":"shipping-taxable","16":"purchasable","17":"product-type-simple"},"_links":{"self":[{"href":"https:\/\/roveyayinevi.com.tr\/index.php\/wp-json\/wp\/v2\/product\/691515","targetHints":{"allow":["GET"]}}],"collection":[{"href":"https:\/\/roveyayinevi.com.tr\/index.php\/wp-json\/wp\/v2\/product"}],"about":[{"href":"https:\/\/roveyayinevi.com.tr\/index.php\/wp-json\/wp\/v2\/types\/product"}],"wp:attachment":[{"href":"https:\/\/roveyayinevi.com.tr\/index.php\/wp-json\/wp\/v2\/media?parent=691515"}],"wp:term":[{"taxonomy":"product_brand","embeddable":true,"href":"https:\/\/roveyayinevi.com.tr\/index.php\/wp-json\/wp\/v2\/product_brand?post=691515"},{"taxonomy":"product_cat","embeddable":true,"href":"https:\/\/roveyayinevi.com.tr\/index.php\/wp-json\/wp\/v2\/product_cat?post=691515"},{"taxonomy":"product_tag","embeddable":true,"href":"https:\/\/roveyayinevi.com.tr\/index.php\/wp-json\/wp\/v2\/product_tag?post=691515"}],"curies":[{"name":"wp","href":"https:\/\/api.w.org\/{rel}","templated":true}]}}