{"id":691504,"date":"2025-08-27T13:59:04","date_gmt":"2025-08-27T10:59:04","guid":{"rendered":"https:\/\/roveyayinevi.com.tr\/index.php\/urun\/kendine-bakma-kitabi\/"},"modified":"2026-04-16T02:00:52","modified_gmt":"2026-04-15T23:00:52","slug":"kendine-bakma-kitabi","status":"publish","type":"product","link":"https:\/\/roveyayinevi.com.tr\/index.php\/urun\/kendine-bakma-kitabi\/","title":{"rendered":"Kendine Bakma Kitab\u0131"},"content":{"rendered":"<p>\u201c\u00d6n\u00fcnde sonunda b\u00fct\u00fcn mesele senle sen aras\u0131nda\u2026\u201dBug\u00fcn ya\u015fanan hayat\u0131n i\u00e7inde kendini nereye koyaca\u011f\u0131n\u0131 bulamayanlara, g\u00f6z\u00fcn\u00fcn g\u00f6rd\u00fc\u011f\u00fcnden fazlas\u0131n\u0131 g\u00f6rmek isteyenlere ve \u201ckendi\u201dne gelmek isteyenlere, bu d\u00f6nemin k\u0131lavuzlu\u011funu yapacak bir kitap\u2026Sayfalar aras\u0131nda Cem Mumcu\u2019nun karalamalar\u0131yla da kar\u015f\u0131la\u015facaks\u0131n\u0131z.\u201cBir keresinde bir \u015fey dinlemi\u015ftim g\u00f6\u011fs\u00fcme saplanm\u0131\u015ft\u0131, bir keresinde bir \u015fey okumu\u015ftum bir b\u0131\u00e7a\u011f\u0131n ucu gibiydi, bir keresinde birine ger\u00e7ekten bakmay\u0131 denemi\u015ftim g\u00f6z\u00fcm kanam\u0131\u015ft\u0131 ve bir keresinde aynaya bakmay\u0131 ba\u015farm\u0131\u015ft\u0131m. O g\u00fcn bug\u00fcn hepsi kovalar beni. Sonunda b\u0131rakt\u0131m ka\u00e7may\u0131\u2026 Anlad\u0131m ka\u00e7acak bir yer olmad\u0131\u011f\u0131n\u0131: dahas\u0131 ka\u00e7\u0131lacak da bir \u015fey.\u201d\u201cKorkumun kendisiydi korktu\u011fum, ka\u00e7t\u0131\u011f\u0131m \u015feyse ka\u00e7man\u0131n kendisi. \u2018Aynadan k\u0131r\u0131k bir par\u00e7a uzatsam okura, bakar m\u0131 acaba, eli kesilir mi?\u2019 demeyi de b\u0131rakt\u0131m. Kimisi eldiven taks\u0131n, kimi kanamay\u0131 denesin, kimi ka\u00e7\u0131p kendinden kurtulsun.\u201d <\/p>\n","protected":false},"excerpt":{"rendered":"<p>\u201c\u00d6n\u00fcnde sonunda b\u00fct\u00fcn mesele senle sen aras\u0131nda\u2026\u201dBug\u00fcn ya\u015fanan hayat\u0131n i\u00e7inde kendini nereye koyaca\u011f\u0131n\u0131 bulamayanlara, g\u00f6z\u00fcn\u00fcn g\u00f6rd\u00fc\u011f\u00fcnden fazlas\u0131n\u0131 g\u00f6rmek isteyenlere ve \u201ckendi\u201dne gelmek isteyenlere, bu d\u00f6nemin k\u0131lavuzlu\u011funu<span class=\"excerpt-hellip\"> [\u2026]<\/span><\/p>\n","protected":false},"featured_media":0,"template":"","meta":{"_monsterinsights_skip_tracking":false,"_monsterinsights_sitenote_active":false,"_monsterinsights_sitenote_note":"","_monsterinsights_sitenote_category":0},"product_brand":[],"product_cat":[12777,12291],"product_tag":[],"class_list":{"0":"post-691504","1":"product","2":"type-product","3":"status-publish","5":"product_cat-deneme","6":"product_cat-edebiyat","7":"pa_cilt-ciltsiz","8":"pa_tur-kitap","9":"pa_yayinevi-okuyan-us-yayin","10":"pa_yazar-cem-mumcu","12":"first","13":"instock","14":"sale","15":"shipping-taxable","16":"purchasable","17":"product-type-simple"},"_links":{"self":[{"href":"https:\/\/roveyayinevi.com.tr\/index.php\/wp-json\/wp\/v2\/product\/691504","targetHints":{"allow":["GET"]}}],"collection":[{"href":"https:\/\/roveyayinevi.com.tr\/index.php\/wp-json\/wp\/v2\/product"}],"about":[{"href":"https:\/\/roveyayinevi.com.tr\/index.php\/wp-json\/wp\/v2\/types\/product"}],"wp:attachment":[{"href":"https:\/\/roveyayinevi.com.tr\/index.php\/wp-json\/wp\/v2\/media?parent=691504"}],"wp:term":[{"taxonomy":"product_brand","embeddable":true,"href":"https:\/\/roveyayinevi.com.tr\/index.php\/wp-json\/wp\/v2\/product_brand?post=691504"},{"taxonomy":"product_cat","embeddable":true,"href":"https:\/\/roveyayinevi.com.tr\/index.php\/wp-json\/wp\/v2\/product_cat?post=691504"},{"taxonomy":"product_tag","embeddable":true,"href":"https:\/\/roveyayinevi.com.tr\/index.php\/wp-json\/wp\/v2\/product_tag?post=691504"}],"curies":[{"name":"wp","href":"https:\/\/api.w.org\/{rel}","templated":true}]}}