{"id":691502,"date":"2025-08-27T13:59:03","date_gmt":"2025-08-27T10:59:03","guid":{"rendered":"https:\/\/roveyayinevi.com.tr\/index.php\/urun\/sinir-durumlar-ve-patolojik-narsisizm\/"},"modified":"2026-04-16T02:00:52","modified_gmt":"2026-04-15T23:00:52","slug":"sinir-durumlar-ve-patolojik-narsisizm","status":"publish","type":"product","link":"https:\/\/roveyayinevi.com.tr\/index.php\/urun\/sinir-durumlar-ve-patolojik-narsisizm\/","title":{"rendered":"S\u0131n\u0131r Durumlar ve Patolojik Narsisizm"},"content":{"rendered":"<p>G\u00fcn\u00fcm\u00fcz psikiyatri ve psikanalizinin en \u00f6nemli iki sorunu s\u0131n\u0131r durumlar ve patolojik narsisizmdir. Kernberg terapisi olduk\u00e7a g\u00fc\u00e7 olan bu durumlara yakla\u015f\u0131mda yeni, \u00f6zg\u00fcn kurumsal ve pratik ilkeler geli\u015ftirmi\u015ftir. \u00d6zellikle nesne ili\u015fkileri ve ben psikolojisine dayanan kurumsal yakla\u015f\u0131m\u0131nda Kernberg bu durumlardaki sald\u0131rganl\u0131\u011fa yo\u011funla\u015fm\u0131\u015ft\u0131r. Kernberg&#8217;in olduk\u00e7a sade ve doktorca bir \u00fcslubu vard\u0131r. Bununla beraber eseri Amerika&#8217;da psikiyatri d\u0131\u015f\u0131ndaki disiplinlerde de yank\u0131 bulmu\u015f, sanat eserlerini ve g\u00fcnl\u00fck ya\u015fam\u0131 \u00e7\u00f6z\u00fcmlemede geni\u015f \u00f6l\u00e7\u00fcde kullan\u0131lm\u0131\u015ft\u0131r.\u00d6tekini Dinlemek uzmanla\u015fm\u0131\u015f bir dizi. Ama dizide yer alacak b\u00fct\u00fcn kitaplar do\u011frudan insana dair. Hayatlar\u0131m\u0131za, kendi ki\u015fisel deneyim alan\u0131m\u0131za, ana babalar\u0131m\u0131za, onlarla ili\u015fkilerimize, zor b\u00fcy\u00fcme y\u0131llar\u0131m\u0131za dair bir bilgi&#8230;Kendimiz ve di\u011fer insanlarla ilgili sezgilerimizi geli\u015ftirmemize yard\u0131mc\u0131 olacak, yeni kavray\u0131\u015f imkanlar\u0131 verecek ve ku\u015fkusuz \u00f6\u011frenirken herkesin kendi deneyimleriyle s\u0131nayaca\u011f\u0131 t\u00fcrden bir bilgi&#8230;Psikiyatri ve psikanaliz alan\u0131nda y\u00fczy\u0131l boyunca yaz\u0131lm\u0131\u015f temel yap\u0131tlar\u0131 bir k\u00fct\u00fcphane olu\u015fturacak kapsamda bir araya getirirken bunu ama\u00e7lad\u0131k. <\/p>\n","protected":false},"excerpt":{"rendered":"<p>G\u00fcn\u00fcm\u00fcz psikiyatri ve psikanalizinin en \u00f6nemli iki sorunu s\u0131n\u0131r durumlar ve patolojik narsisizmdir. Kernberg terapisi olduk\u00e7a g\u00fc\u00e7 olan bu durumlara yakla\u015f\u0131mda yeni, \u00f6zg\u00fcn kurumsal ve pratik<span class=\"excerpt-hellip\"> [\u2026]<\/span><\/p>\n","protected":false},"featured_media":0,"template":"","meta":{"_monsterinsights_skip_tracking":false,"_monsterinsights_sitenote_active":false,"_monsterinsights_sitenote_note":"","_monsterinsights_sitenote_category":0},"product_brand":[],"product_cat":[12312,12304],"product_tag":[],"class_list":{"0":"post-691502","1":"product","2":"type-product","3":"status-publish","5":"product_cat-diger","6":"product_cat-tarih","7":"pa_cilt-ciltsiz","8":"pa_tur-kitap","9":"pa_yayinevi-metis-yayinlari","10":"pa_yazar-otto-kernberg","12":"first","13":"instock","14":"sale","15":"shipping-taxable","16":"purchasable","17":"product-type-simple"},"_links":{"self":[{"href":"https:\/\/roveyayinevi.com.tr\/index.php\/wp-json\/wp\/v2\/product\/691502","targetHints":{"allow":["GET"]}}],"collection":[{"href":"https:\/\/roveyayinevi.com.tr\/index.php\/wp-json\/wp\/v2\/product"}],"about":[{"href":"https:\/\/roveyayinevi.com.tr\/index.php\/wp-json\/wp\/v2\/types\/product"}],"wp:attachment":[{"href":"https:\/\/roveyayinevi.com.tr\/index.php\/wp-json\/wp\/v2\/media?parent=691502"}],"wp:term":[{"taxonomy":"product_brand","embeddable":true,"href":"https:\/\/roveyayinevi.com.tr\/index.php\/wp-json\/wp\/v2\/product_brand?post=691502"},{"taxonomy":"product_cat","embeddable":true,"href":"https:\/\/roveyayinevi.com.tr\/index.php\/wp-json\/wp\/v2\/product_cat?post=691502"},{"taxonomy":"product_tag","embeddable":true,"href":"https:\/\/roveyayinevi.com.tr\/index.php\/wp-json\/wp\/v2\/product_tag?post=691502"}],"curies":[{"name":"wp","href":"https:\/\/api.w.org\/{rel}","templated":true}]}}