{"id":691473,"date":"2025-08-27T13:58:58","date_gmt":"2025-08-27T10:58:58","guid":{"rendered":"https:\/\/roveyayinevi.com.tr\/index.php\/urun\/sik-karsilasilan-spor-yaralanmalari-ve-ilk-mudahale\/"},"modified":"2026-04-16T02:00:52","modified_gmt":"2026-04-15T23:00:52","slug":"sik-karsilasilan-spor-yaralanmalari-ve-ilk-mudahale","status":"publish","type":"product","link":"https:\/\/roveyayinevi.com.tr\/index.php\/urun\/sik-karsilasilan-spor-yaralanmalari-ve-ilk-mudahale\/","title":{"rendered":"S\u0131k Kar\u015f\u0131la\u015f\u0131lan Spor Yaralanmalar\u0131 ve \u0130lk M\u00fcdahale"},"content":{"rendered":"<p>G\u00fcn\u00fcm\u00fczde sa\u011fl\u0131kl\u0131 ya\u015fam\u0131n en \u00f6nemli belirleyicilerinden birisinin d\u00fczenli spor yapmak oldu\u011fu bilinmektedir. Ancak spor yaparken spor yaralanmalar\u0131ndan korunmak veya yaralanma olu\u015ftu\u011funda do\u011fru giri\u015fimde bulunmak \u00f6nemlidir. Gerekli \u00f6nlemler al\u0131nd\u0131\u011f\u0131nda spordan zevk al\u0131nabilece\u011fi gibi kal\u0131c\u0131 yaralanmalar da \u00f6nlenebilmektedir. B\u00f6ylece spor bir ya\u015fam bi\u00e7imi olarak kabul edilmektedir. <\/p>\n","protected":false},"excerpt":{"rendered":"<p>G\u00fcn\u00fcm\u00fczde sa\u011fl\u0131kl\u0131 ya\u015fam\u0131n en \u00f6nemli belirleyicilerinden birisinin d\u00fczenli spor yapmak oldu\u011fu bilinmektedir. Ancak spor yaparken spor yaralanmalar\u0131ndan korunmak veya yaralanma olu\u015ftu\u011funda do\u011fru giri\u015fimde bulunmak \u00f6nemlidir. Gerekli<span class=\"excerpt-hellip\"> [\u2026]<\/span><\/p>\n","protected":false},"featured_media":0,"template":"","meta":{"_monsterinsights_skip_tracking":false,"_monsterinsights_sitenote_active":false,"_monsterinsights_sitenote_note":"","_monsterinsights_sitenote_category":0},"product_brand":[],"product_cat":[13366,13365],"product_tag":[],"class_list":{"0":"post-691473","1":"product","2":"type-product","3":"status-publish","5":"product_cat-diger-saglik","6":"product_cat-saglik","7":"pa_tur-kitap","8":"pa_yayinevi-odtu-gelistirme-vakfi-yayincilik","9":"pa_yazar-yasar-salci","11":"first","12":"instock","13":"sale","14":"shipping-taxable","15":"purchasable","16":"product-type-simple"},"_links":{"self":[{"href":"https:\/\/roveyayinevi.com.tr\/index.php\/wp-json\/wp\/v2\/product\/691473","targetHints":{"allow":["GET"]}}],"collection":[{"href":"https:\/\/roveyayinevi.com.tr\/index.php\/wp-json\/wp\/v2\/product"}],"about":[{"href":"https:\/\/roveyayinevi.com.tr\/index.php\/wp-json\/wp\/v2\/types\/product"}],"wp:attachment":[{"href":"https:\/\/roveyayinevi.com.tr\/index.php\/wp-json\/wp\/v2\/media?parent=691473"}],"wp:term":[{"taxonomy":"product_brand","embeddable":true,"href":"https:\/\/roveyayinevi.com.tr\/index.php\/wp-json\/wp\/v2\/product_brand?post=691473"},{"taxonomy":"product_cat","embeddable":true,"href":"https:\/\/roveyayinevi.com.tr\/index.php\/wp-json\/wp\/v2\/product_cat?post=691473"},{"taxonomy":"product_tag","embeddable":true,"href":"https:\/\/roveyayinevi.com.tr\/index.php\/wp-json\/wp\/v2\/product_tag?post=691473"}],"curies":[{"name":"wp","href":"https:\/\/api.w.org\/{rel}","templated":true}]}}