{"id":691420,"date":"2025-08-27T13:58:14","date_gmt":"2025-08-27T10:58:14","guid":{"rendered":"https:\/\/roveyayinevi.com.tr\/index.php\/urun\/asil-adi-atiye\/"},"modified":"2026-04-16T02:00:51","modified_gmt":"2026-04-15T23:00:51","slug":"asil-adi-atiye","status":"publish","type":"product","link":"https:\/\/roveyayinevi.com.tr\/index.php\/urun\/asil-adi-atiye\/","title":{"rendered":"As\u0131l Ad\u0131 Atiye"},"content":{"rendered":"<p>Ak\u0131c\u0131 \u00fcslubu ve anlat\u0131m\u0131yla soluksuz okunacak bir roman. Hik\u00e2yenin ge\u00e7ti\u011fi d\u00f6nem ve ger\u00e7ekte ya\u015fanm\u0131\u015f olmas\u0131 ayr\u0131 bir haz veriyor.T\u00fcrkan \u015eorayHer an\u0131, de\u011fi\u015fen hayat tablolar\u0131yla dolu bir hik\u00e2ye&#8230; Beko, S\u0131d\u0131ka Han\u0131m\u2019\u0131 beklentisiz ve sonsuz bir a\u015fkla sevmektedir. Ayn\u0131 zamanda S\u0131d\u0131ka Han\u0131m\u2019\u0131n g\u00fczelli\u011fi dillere destan, e\u011fitimli ve Atat\u00fcrk\u2019le tan\u0131\u015fma \u015ferefine eri\u015fmi\u015f k\u0131z\u0131 K\u00fc\u00e7\u00fck Han\u0131m, benli\u011fini sevdi\u011fi adam Kemal\u2019e adam\u0131\u015ft\u0131r. Kemal, kendisini terk ettikten sonra K\u00fc\u00e7\u00fck Han\u0131m g\u00fc\u00e7l\u00fc ve dimdik ayakta kalmaya devam eder.Na\u015fide G\u00f6kbudak, As\u0131l Ad\u0131 Atiye\u2019de abart\u0131dan uzak \u00fcslubu ve samimi diliyle okuru ger\u00e7ek bir yolculu\u011fa davet ediyor <\/p>\n","protected":false},"excerpt":{"rendered":"<p>Ak\u0131c\u0131 \u00fcslubu ve anlat\u0131m\u0131yla soluksuz okunacak bir roman. Hik\u00e2yenin ge\u00e7ti\u011fi d\u00f6nem ve ger\u00e7ekte ya\u015fanm\u0131\u015f olmas\u0131 ayr\u0131 bir haz veriyor.T\u00fcrkan \u015eorayHer an\u0131, de\u011fi\u015fen hayat tablolar\u0131yla dolu bir<span class=\"excerpt-hellip\"> [\u2026]<\/span><\/p>\n","protected":false},"featured_media":0,"template":"","meta":{"_monsterinsights_skip_tracking":false,"_monsterinsights_sitenote_active":false,"_monsterinsights_sitenote_note":"","_monsterinsights_sitenote_category":0},"product_brand":[],"product_cat":[12291,12292],"product_tag":[],"class_list":{"0":"post-691420","1":"product","2":"type-product","3":"status-publish","5":"product_cat-edebiyat","6":"product_cat-turk-edebiyati","7":"pa_cilt-ciltsiz","8":"pa_tur-kitap","9":"pa_yayinevi-nemesis-kitap","10":"pa_yazar-naside-gokbudak","12":"first","13":"instock","14":"sale","15":"shipping-taxable","16":"purchasable","17":"product-type-simple"},"_links":{"self":[{"href":"https:\/\/roveyayinevi.com.tr\/index.php\/wp-json\/wp\/v2\/product\/691420","targetHints":{"allow":["GET"]}}],"collection":[{"href":"https:\/\/roveyayinevi.com.tr\/index.php\/wp-json\/wp\/v2\/product"}],"about":[{"href":"https:\/\/roveyayinevi.com.tr\/index.php\/wp-json\/wp\/v2\/types\/product"}],"wp:attachment":[{"href":"https:\/\/roveyayinevi.com.tr\/index.php\/wp-json\/wp\/v2\/media?parent=691420"}],"wp:term":[{"taxonomy":"product_brand","embeddable":true,"href":"https:\/\/roveyayinevi.com.tr\/index.php\/wp-json\/wp\/v2\/product_brand?post=691420"},{"taxonomy":"product_cat","embeddable":true,"href":"https:\/\/roveyayinevi.com.tr\/index.php\/wp-json\/wp\/v2\/product_cat?post=691420"},{"taxonomy":"product_tag","embeddable":true,"href":"https:\/\/roveyayinevi.com.tr\/index.php\/wp-json\/wp\/v2\/product_tag?post=691420"}],"curies":[{"name":"wp","href":"https:\/\/api.w.org\/{rel}","templated":true}]}}