{"id":691417,"date":"2025-08-27T13:58:14","date_gmt":"2025-08-27T10:58:14","guid":{"rendered":"https:\/\/roveyayinevi.com.tr\/index.php\/urun\/eski-ev-yeni-ev\/"},"modified":"2026-04-16T02:00:51","modified_gmt":"2026-04-15T23:00:51","slug":"eski-ev-yeni-ev","status":"publish","type":"product","link":"https:\/\/roveyayinevi.com.tr\/index.php\/urun\/eski-ev-yeni-ev\/","title":{"rendered":"Eski Ev Yeni Ev"},"content":{"rendered":"<p>Ya\u015fl\u0131 bir adam ve ya\u015fl\u0131 bir kad\u0131n, duvarlar\u0131, kap\u0131lar\u0131 ve pencereleri eski, ve onlar\u0131 ne\u015felendirecek bir bah\u00e7esi bile olmayan eski bir evde oturuyorlard\u0131. Bir arkada\u015flar\u0131n\u0131n k\u0131rm\u0131z\u0131ya boyal\u0131 yeni evine gezmeye gittiler ve kendi evlerini satmaya karar verdiler. \ufffcTan\u0131t\u0131m Metni<\/p>\n","protected":false},"excerpt":{"rendered":"<p>Ya\u015fl\u0131 bir adam ve ya\u015fl\u0131 bir kad\u0131n, duvarlar\u0131, kap\u0131lar\u0131 ve pencereleri eski, ve onlar\u0131 ne\u015felendirecek bir bah\u00e7esi bile olmayan eski bir evde oturuyorlard\u0131. Bir arkada\u015flar\u0131n\u0131n k\u0131rm\u0131z\u0131ya<span class=\"excerpt-hellip\"> [\u2026]<\/span><\/p>\n","protected":false},"featured_media":0,"template":"","meta":{"_monsterinsights_skip_tracking":false,"_monsterinsights_sitenote_active":false,"_monsterinsights_sitenote_note":"","_monsterinsights_sitenote_category":0},"product_brand":[],"product_cat":[12274,12523],"product_tag":[],"class_list":{"0":"post-691417","1":"product","2":"type-product","3":"status-publish","5":"product_cat-cocuk-ve-genclik-kitaplari","6":"product_cat-masallar","7":"pa_tur-kitap","8":"pa_yayinevi-odtu-gelistirme-vakfi-yayincilik","9":"pa_yazar-jaafar-ebrahimi-nasr","11":"first","12":"instock","13":"sale","14":"shipping-taxable","15":"purchasable","16":"product-type-simple"},"_links":{"self":[{"href":"https:\/\/roveyayinevi.com.tr\/index.php\/wp-json\/wp\/v2\/product\/691417","targetHints":{"allow":["GET"]}}],"collection":[{"href":"https:\/\/roveyayinevi.com.tr\/index.php\/wp-json\/wp\/v2\/product"}],"about":[{"href":"https:\/\/roveyayinevi.com.tr\/index.php\/wp-json\/wp\/v2\/types\/product"}],"wp:attachment":[{"href":"https:\/\/roveyayinevi.com.tr\/index.php\/wp-json\/wp\/v2\/media?parent=691417"}],"wp:term":[{"taxonomy":"product_brand","embeddable":true,"href":"https:\/\/roveyayinevi.com.tr\/index.php\/wp-json\/wp\/v2\/product_brand?post=691417"},{"taxonomy":"product_cat","embeddable":true,"href":"https:\/\/roveyayinevi.com.tr\/index.php\/wp-json\/wp\/v2\/product_cat?post=691417"},{"taxonomy":"product_tag","embeddable":true,"href":"https:\/\/roveyayinevi.com.tr\/index.php\/wp-json\/wp\/v2\/product_tag?post=691417"}],"curies":[{"name":"wp","href":"https:\/\/api.w.org\/{rel}","templated":true}]}}