{"id":691415,"date":"2025-08-27T13:58:13","date_gmt":"2025-08-27T10:58:13","guid":{"rendered":"https:\/\/roveyayinevi.com.tr\/index.php\/urun\/9-ay-99-esma\/"},"modified":"2026-04-16T02:00:51","modified_gmt":"2026-04-15T23:00:51","slug":"9-ay-99-esma","status":"publish","type":"product","link":"https:\/\/roveyayinevi.com.tr\/index.php\/urun\/9-ay-99-esma\/","title":{"rendered":"9 Ay 99 Esma"},"content":{"rendered":"<p>Her hayat, ba\u015fl\u0131ba\u015f\u0131na bir mucizedir. Her yeni hayatla, g\u00f6zle g\u00f6r\u00fclmez k\u00fc\u00e7\u00fcc\u00fck bir h\u00fccre ad\u0131m ad\u0131m birbiriyle uyumlu o kadar \u00e7ok \u00e2z\u00e2s\u0131yla varedilir; ve tek h\u00fccre duyan, g\u00f6ren, hisseden, d\u00fc\u015f\u00fcnen, \u00fcz\u00fclen, sevilen, memnun olan bir insana d\u00f6n\u00fc\u015f\u00fcr. Sebeplerin \u00e2ciz kald\u0131\u011f\u0131 bir mucizedir bu.Elinizdeki kitap, bu yarat\u0131l\u0131\u015f mucizesine \u015fahitlik etti\u011fimiz hamilelik s\u00fcrecine esm\u00e2-i h\u00fcsn\u00e2 penceresinden bakmaya \u00e7a\u011f\u0131r\u0131yor bizi. Ve bu 9 ayda 99 esm\u00e2-i h\u00fcsn\u00e2ya ula\u015ft\u0131ran bir yolu g\u00f6steriyor bize. &#8230;Esm\u00e2-i H\u00fcsn\u00e2 ile ge\u00e7irdi\u011fim hamileli\u011fimin her d\u00f6neminde g\u00f6rd\u00fcm ki, bizler asl\u0131nda bu d\u00fcnyaya sahip olmaya de\u011fil, \u015fahit olmaya geliyoruz. Ne mala m\u00fclke, ne de \u00e7ocu\u011fa&#8230; \u00d6zellikle \u00e7ocu\u011fumuzun bize ikram edili\u015f \u015fekli ve a\u015famalar\u0131 tamamen \u015fahit olunmas\u0131 gereken mucizev\u00ee bir s\u00fcre\u00e7. Siz de okudu\u011funuzda yarat\u0131l\u0131\u015f\u0131n her bir an\u0131nda, farkl\u0131 bir esm\u00e2n\u0131n tecelliyat\u0131n\u0131 fark edeceksiniz. <\/p>\n","protected":false},"excerpt":{"rendered":"<p>Her hayat, ba\u015fl\u0131ba\u015f\u0131na bir mucizedir. Her yeni hayatla, g\u00f6zle g\u00f6r\u00fclmez k\u00fc\u00e7\u00fcc\u00fck bir h\u00fccre ad\u0131m ad\u0131m birbiriyle uyumlu o kadar \u00e7ok \u00e2z\u00e2s\u0131yla varedilir; ve tek h\u00fccre duyan,<span class=\"excerpt-hellip\"> [\u2026]<\/span><\/p>\n","protected":false},"featured_media":0,"template":"","meta":{"_monsterinsights_skip_tracking":false,"_monsterinsights_sitenote_active":false,"_monsterinsights_sitenote_note":"","_monsterinsights_sitenote_category":0},"product_brand":[],"product_cat":[16789,12718,12719],"product_tag":[],"class_list":{"0":"post-691415","1":"product","2":"type-product","3":"status-publish","5":"product_cat-diger-islam","6":"product_cat-din","7":"product_cat-islam","8":"pa_tur-kitap","9":"pa_yayinevi-nesil-yayinlari","10":"pa_yazar-aysegul-akakus-akgun","12":"first","13":"instock","14":"sale","15":"shipping-taxable","16":"purchasable","17":"product-type-simple"},"_links":{"self":[{"href":"https:\/\/roveyayinevi.com.tr\/index.php\/wp-json\/wp\/v2\/product\/691415","targetHints":{"allow":["GET"]}}],"collection":[{"href":"https:\/\/roveyayinevi.com.tr\/index.php\/wp-json\/wp\/v2\/product"}],"about":[{"href":"https:\/\/roveyayinevi.com.tr\/index.php\/wp-json\/wp\/v2\/types\/product"}],"wp:attachment":[{"href":"https:\/\/roveyayinevi.com.tr\/index.php\/wp-json\/wp\/v2\/media?parent=691415"}],"wp:term":[{"taxonomy":"product_brand","embeddable":true,"href":"https:\/\/roveyayinevi.com.tr\/index.php\/wp-json\/wp\/v2\/product_brand?post=691415"},{"taxonomy":"product_cat","embeddable":true,"href":"https:\/\/roveyayinevi.com.tr\/index.php\/wp-json\/wp\/v2\/product_cat?post=691415"},{"taxonomy":"product_tag","embeddable":true,"href":"https:\/\/roveyayinevi.com.tr\/index.php\/wp-json\/wp\/v2\/product_tag?post=691415"}],"curies":[{"name":"wp","href":"https:\/\/api.w.org\/{rel}","templated":true}]}}