{"id":691413,"date":"2025-08-27T13:58:13","date_gmt":"2025-08-27T10:58:13","guid":{"rendered":"https:\/\/roveyayinevi.com.tr\/index.php\/urun\/savunma-saldiriyor\/"},"modified":"2026-04-16T02:00:51","modified_gmt":"2026-04-15T23:00:51","slug":"savunma-saldiriyor","status":"publish","type":"product","link":"https:\/\/roveyayinevi.com.tr\/index.php\/urun\/savunma-saldiriyor\/","title":{"rendered":"Savunma Sald\u0131r\u0131yor"},"content":{"rendered":"<p>Kimsiniz? Neyi temsil ediyorsunuz? Nedir tarihsel olarak varl\u0131k nedeniniz? Bunlar yarg\u0131\u00e7lar\u0131n, savc\u0131lar\u0131n ve san\u0131klar\u0131n her davan\u0131n e\u015fi\u011finde kendi kendilerine sormalar\u0131 gereken sorular. Savunma politikas\u0131nda her zaman iki y\u00f6ntem olmu\u015ftur: Varolan adalet mekanizmas\u0131n\u0131 kabul eden uyum savunmalar\u0131 (Dreyfus, Challe) ve yeni bir ger\u00e7ekli\u011fi g\u00f6zler \u00f6n\u00fcne sermeyi hedefleyen kopu\u015f savunmalar\u0131 (Sokrates, Dimitrov). Birinciler kafalar\u0131n\u0131 kurtar\u0131rken, ikinciler davalar\u0131n\u0131 kazanm\u0131\u015flard\u0131r. Davalar\u0131n, mahkeme salonunun d\u00f6rt duvar\u0131 aras\u0131nda kalmad\u0131\u011f\u0131, d\u00fcnyan\u0131n g\u00f6zleri ve kulaklar\u0131 \u00f6n\u00fcnde yer ald\u0131\u011f\u0131 g\u00fcn\u00fcm\u00fczde, hem davas\u0131n\u0131 kazan\u0131p hem de kafas\u0131n\u0131 kurtaranlar\u0131n say\u0131s\u0131 artmaktad\u0131r. Uygarl\u0131k lar\u0131n\u0131n ve ellerinde tuttuklar\u0131 \u00f6ld\u00fcrme g\u00fcc\u00fcn\u00fcn verdi\u011fi g\u00fcvenle davranan tuzukurular, Adaletleri\u2019nin ge\u00e7erli\u011fi kalmad\u0131\u011f\u0131n\u0131 ve tek s\u00f6z s\u00f6yleme hakk\u0131n\u0131n kendilerinde olmad\u0131\u011f\u0131n\u0131 anlamal\u0131d\u0131rlar art\u0131k. \u0130lk kez 1988 y\u0131l\u0131nda yay\u0131mlam\u0131\u015ft\u0131k Savunma Sald\u0131r\u0131yor\u2019u. G\u00fcncelli\u011finden ve \u00f6neminden hi\u00e7bir \u015fey kaybetmeyen bu kitab\u0131 yeni okurlar i\u00e7in yeniden yay\u0131ml\u0131yoruz. \ufffc<\/p>\n","protected":false},"excerpt":{"rendered":"<p>Kimsiniz? Neyi temsil ediyorsunuz? Nedir tarihsel olarak varl\u0131k nedeniniz? Bunlar yarg\u0131\u00e7lar\u0131n, savc\u0131lar\u0131n ve san\u0131klar\u0131n her davan\u0131n e\u015fi\u011finde kendi kendilerine sormalar\u0131 gereken sorular. Savunma politikas\u0131nda her zaman<span class=\"excerpt-hellip\"> [\u2026]<\/span><\/p>\n","protected":false},"featured_media":0,"template":"","meta":{"_monsterinsights_skip_tracking":false,"_monsterinsights_sitenote_active":false,"_monsterinsights_sitenote_note":"","_monsterinsights_sitenote_category":0},"product_brand":[],"product_cat":[15350,17602],"product_tag":[],"class_list":{"0":"post-691413","1":"product","2":"type-product","3":"status-publish","5":"product_cat-hukuk","6":"product_cat-hukuk-uzerine","7":"pa_cilt-ciltsiz","8":"pa_tur-kitap","9":"pa_yayinevi-metis-yayinlari","10":"pa_yazar-jacques-verges","12":"first","13":"instock","14":"sale","15":"shipping-taxable","16":"purchasable","17":"product-type-simple"},"_links":{"self":[{"href":"https:\/\/roveyayinevi.com.tr\/index.php\/wp-json\/wp\/v2\/product\/691413","targetHints":{"allow":["GET"]}}],"collection":[{"href":"https:\/\/roveyayinevi.com.tr\/index.php\/wp-json\/wp\/v2\/product"}],"about":[{"href":"https:\/\/roveyayinevi.com.tr\/index.php\/wp-json\/wp\/v2\/types\/product"}],"wp:attachment":[{"href":"https:\/\/roveyayinevi.com.tr\/index.php\/wp-json\/wp\/v2\/media?parent=691413"}],"wp:term":[{"taxonomy":"product_brand","embeddable":true,"href":"https:\/\/roveyayinevi.com.tr\/index.php\/wp-json\/wp\/v2\/product_brand?post=691413"},{"taxonomy":"product_cat","embeddable":true,"href":"https:\/\/roveyayinevi.com.tr\/index.php\/wp-json\/wp\/v2\/product_cat?post=691413"},{"taxonomy":"product_tag","embeddable":true,"href":"https:\/\/roveyayinevi.com.tr\/index.php\/wp-json\/wp\/v2\/product_tag?post=691413"}],"curies":[{"name":"wp","href":"https:\/\/api.w.org\/{rel}","templated":true}]}}