{"id":691401,"date":"2025-08-27T13:58:11","date_gmt":"2025-08-27T10:58:11","guid":{"rendered":"https:\/\/roveyayinevi.com.tr\/index.php\/urun\/dunyanin-en-guzel-yeri\/"},"modified":"2026-04-16T02:00:50","modified_gmt":"2026-04-15T23:00:50","slug":"dunyanin-en-guzel-yeri","status":"publish","type":"product","link":"https:\/\/roveyayinevi.com.tr\/index.php\/urun\/dunyanin-en-guzel-yeri\/","title":{"rendered":"D\u00fcnyan\u0131n En G\u00fczel Yeri"},"content":{"rendered":"<p>Sivrisine\u011fin dile\u011fi d\u00fcnyan\u0131n en g\u00fczel yerinde olmakt\u0131. Kendisini k\u00fc\u00e7\u00fck bir k\u0131z\u0131n cebinde buldu. K\u0131z, sivrisine\u011fi d\u0131\u015far\u0131 \u00e7\u0131kard\u0131. Sivrisinek, k\u0131z\u0131n, onun pembe odas\u0131n\u0131n ve mavi \u00e7i\u00e7e\u011finin d\u00fcnyadaki en g\u00fczel \u015feyler oldu\u011funu d\u00fc\u015f\u00fcnd\u00fc. \ufffcTan\u0131t\u0131m Metni<\/p>\n","protected":false},"excerpt":{"rendered":"<p>Sivrisine\u011fin dile\u011fi d\u00fcnyan\u0131n en g\u00fczel yerinde olmakt\u0131. Kendisini k\u00fc\u00e7\u00fck bir k\u0131z\u0131n cebinde buldu. K\u0131z, sivrisine\u011fi d\u0131\u015far\u0131 \u00e7\u0131kard\u0131. Sivrisinek, k\u0131z\u0131n, onun pembe odas\u0131n\u0131n ve mavi \u00e7i\u00e7e\u011finin d\u00fcnyadaki<span class=\"excerpt-hellip\"> [\u2026]<\/span><\/p>\n","protected":false},"featured_media":0,"template":"","meta":{"_monsterinsights_skip_tracking":false,"_monsterinsights_sitenote_active":false,"_monsterinsights_sitenote_note":"","_monsterinsights_sitenote_category":0},"product_brand":[],"product_cat":[12274,12523],"product_tag":[],"class_list":{"0":"post-691401","1":"product","2":"type-product","3":"status-publish","5":"product_cat-cocuk-ve-genclik-kitaplari","6":"product_cat-masallar","7":"pa_tur-kitap","8":"pa_yayinevi-odtu-gelistirme-vakfi-yayincilik","9":"pa_yazar-laleh-jaafari","11":"first","12":"instock","13":"sale","14":"shipping-taxable","15":"purchasable","16":"product-type-simple"},"_links":{"self":[{"href":"https:\/\/roveyayinevi.com.tr\/index.php\/wp-json\/wp\/v2\/product\/691401","targetHints":{"allow":["GET"]}}],"collection":[{"href":"https:\/\/roveyayinevi.com.tr\/index.php\/wp-json\/wp\/v2\/product"}],"about":[{"href":"https:\/\/roveyayinevi.com.tr\/index.php\/wp-json\/wp\/v2\/types\/product"}],"wp:attachment":[{"href":"https:\/\/roveyayinevi.com.tr\/index.php\/wp-json\/wp\/v2\/media?parent=691401"}],"wp:term":[{"taxonomy":"product_brand","embeddable":true,"href":"https:\/\/roveyayinevi.com.tr\/index.php\/wp-json\/wp\/v2\/product_brand?post=691401"},{"taxonomy":"product_cat","embeddable":true,"href":"https:\/\/roveyayinevi.com.tr\/index.php\/wp-json\/wp\/v2\/product_cat?post=691401"},{"taxonomy":"product_tag","embeddable":true,"href":"https:\/\/roveyayinevi.com.tr\/index.php\/wp-json\/wp\/v2\/product_tag?post=691401"}],"curies":[{"name":"wp","href":"https:\/\/api.w.org\/{rel}","templated":true}]}}