{"id":691399,"date":"2025-08-27T13:58:10","date_gmt":"2025-08-27T10:58:10","guid":{"rendered":"https:\/\/roveyayinevi.com.tr\/index.php\/urun\/kimbilir\/"},"modified":"2026-04-16T02:00:50","modified_gmt":"2026-04-15T23:00:50","slug":"kimbilir","status":"publish","type":"product","link":"https:\/\/roveyayinevi.com.tr\/index.php\/urun\/kimbilir\/","title":{"rendered":"Kimbilir?"},"content":{"rendered":"<p>Kimbilir? , Engin Ge\u00e7tan\u2019\u0131n psikiyatri alan\u0131nda k\u0131rk y\u0131ld\u0131r s\u00fcrd\u00fcrmekte oldu\u011fu \u00e7al\u0131\u015fmalar\u0131n bu a\u015famas\u0131nda, psikiyatriye, \u00fclkemiz insan\u0131na ve bug\u00fcn kaosun kenar\u0131nda ya\u015fanan s\u00fcre\u00e7lere bak\u0131\u015f\u0131n\u0131 dile getiriyor. Bir bak\u0131ma, yazar\u0131n ge\u00e7mi\u015fte yazd\u0131\u011f\u0131 \u0130nsan Olmak ve Varolu\u015f ve Psikiyatri adl\u0131 kitaplar\u0131n \u00e7a\u011f\u0131m\u0131z\u0131 yans\u0131tan bir devam\u0131 olarak da nitelendirilebilir. Klasik psikanalizin temel amac\u0131, Ki\u015finin i\u00e7g\u00fcd\u00fcsel istekleri toplumsal bir varl\u0131k olarak kendisinden beklenilenler aras\u0131nda bir uzla\u015fma yaratmaya \u00e7al\u0131\u015fmakt\u0131. \u0130kinci D\u00fcnya Sava\u015f\u0131 s\u0131ras\u0131nda ve sonras\u0131nda toplumlar\u0131n da \u2018hastalanabilece\u011fi\u2019 fark edildi\u011finde, \u2018normalli\u011fin bir s\u00fcre\u00e7 olarak tan\u0131mland\u0131\u011f\u0131, daha esnek bir orta yol bulundu. Ve zaten ard\u0131ndan, olmakta olanlara olmamas\u0131 gerekir demenin pek anlam ta\u015f\u0131mad\u0131\u011f\u0131 bir \u00e7a\u011fa girildi. Bi\u00e7imsel olarak \u015f\u00f6yle ya da b\u00f6yle ya\u015fanmas\u0131 gerekti\u011fi tarz\u0131nda modellerin ge\u00e7erlili\u011fini yitirmekte oldu\u011fu bir d\u00fcyada, ortak bir niteli\u011fimiz bizi her\u015feye ra\u011fmen kaosun kenar\u0131nda tutabiliyor: Binlerce y\u0131ld\u0131r s\u00fcren toplumsalla\u015fma s\u00fcre\u00e7lerinin sonucu edindi\u011fimiz ve sa\u011fduyu ad\u0131n\u0131 verdi\u011fimiz sezgisel g\u00fcc\u00fcn genetik kodlar\u0131m\u0131za i\u015flenmi\u015f olmas\u0131. \ufffcTan\u0131t\u0131m Metni<\/p>\n","protected":false},"excerpt":{"rendered":"<p>Kimbilir? , Engin Ge\u00e7tan\u2019\u0131n psikiyatri alan\u0131nda k\u0131rk y\u0131ld\u0131r s\u00fcrd\u00fcrmekte oldu\u011fu \u00e7al\u0131\u015fmalar\u0131n bu a\u015famas\u0131nda, psikiyatriye, \u00fclkemiz insan\u0131na ve bug\u00fcn kaosun kenar\u0131nda ya\u015fanan s\u00fcre\u00e7lere bak\u0131\u015f\u0131n\u0131 dile getiriyor. Bir<span class=\"excerpt-hellip\"> [\u2026]<\/span><\/p>\n","protected":false},"featured_media":0,"template":"","meta":{"_monsterinsights_skip_tracking":false,"_monsterinsights_sitenote_active":false,"_monsterinsights_sitenote_note":"","_monsterinsights_sitenote_category":0},"product_brand":[],"product_cat":[12358,12357],"product_tag":[],"class_list":{"0":"post-691399","1":"product","2":"type-product","3":"status-publish","5":"product_cat-genel-psikoloji","6":"product_cat-psikoloji","7":"pa_cilt-ciltsiz","8":"pa_tur-kitap","9":"pa_yayinevi-metis-yayinlari","10":"pa_yazar-engin-gectan","12":"first","13":"instock","14":"sale","15":"shipping-taxable","16":"purchasable","17":"product-type-simple"},"_links":{"self":[{"href":"https:\/\/roveyayinevi.com.tr\/index.php\/wp-json\/wp\/v2\/product\/691399","targetHints":{"allow":["GET"]}}],"collection":[{"href":"https:\/\/roveyayinevi.com.tr\/index.php\/wp-json\/wp\/v2\/product"}],"about":[{"href":"https:\/\/roveyayinevi.com.tr\/index.php\/wp-json\/wp\/v2\/types\/product"}],"wp:attachment":[{"href":"https:\/\/roveyayinevi.com.tr\/index.php\/wp-json\/wp\/v2\/media?parent=691399"}],"wp:term":[{"taxonomy":"product_brand","embeddable":true,"href":"https:\/\/roveyayinevi.com.tr\/index.php\/wp-json\/wp\/v2\/product_brand?post=691399"},{"taxonomy":"product_cat","embeddable":true,"href":"https:\/\/roveyayinevi.com.tr\/index.php\/wp-json\/wp\/v2\/product_cat?post=691399"},{"taxonomy":"product_tag","embeddable":true,"href":"https:\/\/roveyayinevi.com.tr\/index.php\/wp-json\/wp\/v2\/product_tag?post=691399"}],"curies":[{"name":"wp","href":"https:\/\/api.w.org\/{rel}","templated":true}]}}