{"id":691372,"date":"2025-08-27T13:58:05","date_gmt":"2025-08-27T10:58:05","guid":{"rendered":"https:\/\/roveyayinevi.com.tr\/index.php\/urun\/seferis-ile-uvez\/"},"modified":"2026-04-16T02:00:50","modified_gmt":"2026-04-15T23:00:50","slug":"seferis-ile-uvez","status":"publish","type":"product","link":"https:\/\/roveyayinevi.com.tr\/index.php\/urun\/seferis-ile-uvez\/","title":{"rendered":"Seferis ile \u00dcvez"},"content":{"rendered":"<p>Seferis ile \u00dcvez, S\u00fcreyya Berfe\u2019nin son \u015fiirlerinden olu\u015fuyor. \u0130lk b\u00f6l\u00fcm olan \u201cSeferis\u2019e \u0130skele I\u015f\u0131klar\u0131\u201d Berfe\u2019nin \u015fair Yorgo Seferis\u2019e Ege\u2019nin bu taraf\u0131ndan bir t\u00fcr sesleni\u015fi\/kar\u015f\u0131l\u0131\u011f\u0131 olarak okunmal\u0131, ikinci b\u00f6l\u00fcm \u201c\u00dcvez\u201d mevsim d\u00f6ng\u00fcs\u00fcn\u00fc takip eden, tabiatla hemhal olmu\u015f, \u201chaiku\u201d tad\u0131nda k\u0131sa \u015fiirleri bir araya getiriyor, kitab\u0131n son b\u00f6l\u00fcm\u00fc \u201cBug\u00fcn Sal\u0131 m\u0131 \u015eimdi\u201d ise birbiriyle bak\u0131\u015fan ancak daha ba\u011f\u0131ms\u0131z son \u015fiirlerden olu\u015fuyor.<\/p>\n","protected":false},"excerpt":{"rendered":"<p>Seferis ile \u00dcvez, S\u00fcreyya Berfe\u2019nin son \u015fiirlerinden olu\u015fuyor. \u0130lk b\u00f6l\u00fcm olan \u201cSeferis\u2019e \u0130skele I\u015f\u0131klar\u0131\u201d Berfe\u2019nin \u015fair Yorgo Seferis\u2019e Ege\u2019nin bu taraf\u0131ndan bir t\u00fcr sesleni\u015fi\/kar\u015f\u0131l\u0131\u011f\u0131 olarak okunmal\u0131,<span class=\"excerpt-hellip\"> [\u2026]<\/span><\/p>\n","protected":false},"featured_media":0,"template":"","meta":{"_monsterinsights_skip_tracking":false,"_monsterinsights_sitenote_active":false,"_monsterinsights_sitenote_note":"","_monsterinsights_sitenote_category":0},"product_brand":[],"product_cat":[12291,12509],"product_tag":[],"class_list":{"0":"post-691372","1":"product","2":"type-product","3":"status-publish","5":"product_cat-edebiyat","6":"product_cat-siir","7":"pa_cilt-ciltsiz","8":"pa_tur-kitap","9":"pa_yayinevi-metis-yayinlari","10":"pa_yazar-sureyya-berfe","12":"first","13":"instock","14":"sale","15":"shipping-taxable","16":"purchasable","17":"product-type-simple"},"_links":{"self":[{"href":"https:\/\/roveyayinevi.com.tr\/index.php\/wp-json\/wp\/v2\/product\/691372","targetHints":{"allow":["GET"]}}],"collection":[{"href":"https:\/\/roveyayinevi.com.tr\/index.php\/wp-json\/wp\/v2\/product"}],"about":[{"href":"https:\/\/roveyayinevi.com.tr\/index.php\/wp-json\/wp\/v2\/types\/product"}],"wp:attachment":[{"href":"https:\/\/roveyayinevi.com.tr\/index.php\/wp-json\/wp\/v2\/media?parent=691372"}],"wp:term":[{"taxonomy":"product_brand","embeddable":true,"href":"https:\/\/roveyayinevi.com.tr\/index.php\/wp-json\/wp\/v2\/product_brand?post=691372"},{"taxonomy":"product_cat","embeddable":true,"href":"https:\/\/roveyayinevi.com.tr\/index.php\/wp-json\/wp\/v2\/product_cat?post=691372"},{"taxonomy":"product_tag","embeddable":true,"href":"https:\/\/roveyayinevi.com.tr\/index.php\/wp-json\/wp\/v2\/product_tag?post=691372"}],"curies":[{"name":"wp","href":"https:\/\/api.w.org\/{rel}","templated":true}]}}