{"id":691348,"date":"2025-08-27T13:58:00","date_gmt":"2025-08-27T10:58:00","guid":{"rendered":"https:\/\/roveyayinevi.com.tr\/index.php\/urun\/metis-otekini-dinlemek-dizisi-16-ben-psikolojisi-ve-uyum-sorunu\/"},"modified":"2026-04-16T02:00:49","modified_gmt":"2026-04-15T23:00:49","slug":"metis-otekini-dinlemek-dizisi-16-ben-psikolojisi-ve-uyum-sorunu","status":"publish","type":"product","link":"https:\/\/roveyayinevi.com.tr\/index.php\/urun\/metis-otekini-dinlemek-dizisi-16-ben-psikolojisi-ve-uyum-sorunu\/","title":{"rendered":"Metis \u00d6tekini Dinlemek Dizisi 16 &#8211; Ben Psikolojisi ve Uyum Sorunu"},"content":{"rendered":"<p>Psikanalitik kuram esas olarak ruh i\u00e7i \u00e7at\u0131\u015fma modelini temel al\u0131r ve nevrotik durumu insan psikolojisini anlaman\u0131n anahtar\u0131 olarak koyar. Oysa Heiniz Hartmann, Anna Freud, Ernest Kris, D. Rapaport ve Erik Erikson taraf\u0131ndan geli\u015ftirilen ben psikolojisi insan ruhunda nevrotik durum \u00f6rne\u011finden bkalkarak anla\u015f\u0131lamayacak nevrotik durum \u00f6rne\u011finden kalkarak anla\u015f\u0131lamayacak y\u00f6nleri, ruh i\u00e7i \u00e7at\u0131\u015fmadan ar\u0131nm\u0131\u015f ben i\u015flevleri ve uyum \u00fczerinden a\u00e7\u0131klamaya \u00e7al\u0131\u015f\u0131r. Uyum kavram\u0131n\u0131 k\u00fclt\u00fcrel olanla s\u0131n\u0131rlamayan Hartmann, bu yap\u0131t\u0131nda psikanalitik bilgiyi biyoloji, psikoloji, sosyoloji ve felsefe bilgisiyle birle\u015ftiriyor ve gerek normal gerekse anormal diye adland\u0131r\u0131lan insan davran\u0131\u015flar\u0131n\u0131 a\u00e7\u0131klamaya yarayacak kuramsal bir \u00e7er\u00e7eve geli\u015ftirmeyi ama\u00e7l\u0131yor. G\u00fcn\u00fcm\u00fczdeki psikanalitik ben psikolojisinde kullan\u0131lan \u00e7at\u0131\u015fmas\u0131z ben alan\u0131, \u00e7at\u0131\u015fmas\u0131z ben geli\u015fmesi, birincil, ve ikincil \u00f6zerklik gibi baz\u0131 temel kavramlar\u0131n do\u011fu\u015funa tan\u0131kl\u0131k edi\u015fiyle bu kitap modern psikanaliz kuram\u0131nda bir d\u00f6n\u00fcm noktas\u0131 say\u0131lmaktad\u0131r. \ufffcTan\u0131t\u0131m Metni<\/p>\n","protected":false},"excerpt":{"rendered":"<p>Psikanalitik kuram esas olarak ruh i\u00e7i \u00e7at\u0131\u015fma modelini temel al\u0131r ve nevrotik durumu insan psikolojisini anlaman\u0131n anahtar\u0131 olarak koyar. Oysa Heiniz Hartmann, Anna Freud, Ernest Kris,<span class=\"excerpt-hellip\"> [\u2026]<\/span><\/p>\n","protected":false},"featured_media":0,"template":"","meta":{"_monsterinsights_skip_tracking":false,"_monsterinsights_sitenote_active":false,"_monsterinsights_sitenote_note":"","_monsterinsights_sitenote_category":0},"product_brand":[],"product_cat":[12835,12324],"product_tag":[],"class_list":{"0":"post-691348","1":"product","2":"type-product","3":"status-publish","5":"product_cat-genel-sosyoloji","6":"product_cat-sosyoloji","7":"pa_cilt-ciltsiz","8":"pa_tur-kitap","9":"pa_yayinevi-metis-yayinlari","10":"pa_yazar-heinz-hartmann","12":"first","13":"instock","14":"sale","15":"shipping-taxable","16":"purchasable","17":"product-type-simple"},"_links":{"self":[{"href":"https:\/\/roveyayinevi.com.tr\/index.php\/wp-json\/wp\/v2\/product\/691348","targetHints":{"allow":["GET"]}}],"collection":[{"href":"https:\/\/roveyayinevi.com.tr\/index.php\/wp-json\/wp\/v2\/product"}],"about":[{"href":"https:\/\/roveyayinevi.com.tr\/index.php\/wp-json\/wp\/v2\/types\/product"}],"wp:attachment":[{"href":"https:\/\/roveyayinevi.com.tr\/index.php\/wp-json\/wp\/v2\/media?parent=691348"}],"wp:term":[{"taxonomy":"product_brand","embeddable":true,"href":"https:\/\/roveyayinevi.com.tr\/index.php\/wp-json\/wp\/v2\/product_brand?post=691348"},{"taxonomy":"product_cat","embeddable":true,"href":"https:\/\/roveyayinevi.com.tr\/index.php\/wp-json\/wp\/v2\/product_cat?post=691348"},{"taxonomy":"product_tag","embeddable":true,"href":"https:\/\/roveyayinevi.com.tr\/index.php\/wp-json\/wp\/v2\/product_tag?post=691348"}],"curies":[{"name":"wp","href":"https:\/\/api.w.org\/{rel}","templated":true}]}}