{"id":691347,"date":"2025-08-27T13:58:00","date_gmt":"2025-08-27T10:58:00","guid":{"rendered":"https:\/\/roveyayinevi.com.tr\/index.php\/urun\/iletisim-odakli-pazarlama\/"},"modified":"2026-04-16T02:00:49","modified_gmt":"2026-04-15T23:00:49","slug":"iletisim-odakli-pazarlama","status":"publish","type":"product","link":"https:\/\/roveyayinevi.com.tr\/index.php\/urun\/iletisim-odakli-pazarlama\/","title":{"rendered":"\u0130leti\u015fim Odakl\u0131 Pazarlama"},"content":{"rendered":"<p>Ad\u0131n\u0131 ne koyarsak koyal\u0131m fark etmez, yeni bir pazarlama d\u00f6neminde ya\u015f\u0131yoruz. Bu yeni d\u00f6nemde zihninde k\u00fc\u00e7\u00fck bir yer edinerek t\u00fcketicinin dikkatini \u00e7ekmek, t\u00fcketiciyi \u00fcr\u00fcn veya hizmetinizi sat\u0131n almaya ikna etmek ve nihayet t\u00fcketiciden m\u00fc\u015fteri yaratmak i\u00e7in ileti\u015fimi pazarlama faaliyetlerinizin her a\u015famas\u0131na, her noktas\u0131na dahil etmeniz gerekiyor. <\/p>\n","protected":false},"excerpt":{"rendered":"<p>Ad\u0131n\u0131 ne koyarsak koyal\u0131m fark etmez, yeni bir pazarlama d\u00f6neminde ya\u015f\u0131yoruz. Bu yeni d\u00f6nemde zihninde k\u00fc\u00e7\u00fck bir yer edinerek t\u00fcketicinin dikkatini \u00e7ekmek, t\u00fcketiciyi \u00fcr\u00fcn veya hizmetinizi<span class=\"excerpt-hellip\"> [\u2026]<\/span><\/p>\n","protected":false},"featured_media":0,"template":"","meta":{"_monsterinsights_skip_tracking":false,"_monsterinsights_sitenote_active":false,"_monsterinsights_sitenote_note":"","_monsterinsights_sitenote_category":0},"product_brand":[],"product_cat":[13043,14381],"product_tag":[],"class_list":{"0":"post-691347","1":"product","2":"type-product","3":"status-publish","5":"product_cat-ekonomi","6":"product_cat-isletme-muhasebe-maliye","7":"pa_tur-kitap","8":"pa_yayinevi-mediacat-kitaplari","9":"pa_yazar-izzet-bozkurt","11":"first","12":"instock","13":"sale","14":"shipping-taxable","15":"purchasable","16":"product-type-simple"},"_links":{"self":[{"href":"https:\/\/roveyayinevi.com.tr\/index.php\/wp-json\/wp\/v2\/product\/691347","targetHints":{"allow":["GET"]}}],"collection":[{"href":"https:\/\/roveyayinevi.com.tr\/index.php\/wp-json\/wp\/v2\/product"}],"about":[{"href":"https:\/\/roveyayinevi.com.tr\/index.php\/wp-json\/wp\/v2\/types\/product"}],"wp:attachment":[{"href":"https:\/\/roveyayinevi.com.tr\/index.php\/wp-json\/wp\/v2\/media?parent=691347"}],"wp:term":[{"taxonomy":"product_brand","embeddable":true,"href":"https:\/\/roveyayinevi.com.tr\/index.php\/wp-json\/wp\/v2\/product_brand?post=691347"},{"taxonomy":"product_cat","embeddable":true,"href":"https:\/\/roveyayinevi.com.tr\/index.php\/wp-json\/wp\/v2\/product_cat?post=691347"},{"taxonomy":"product_tag","embeddable":true,"href":"https:\/\/roveyayinevi.com.tr\/index.php\/wp-json\/wp\/v2\/product_tag?post=691347"}],"curies":[{"name":"wp","href":"https:\/\/api.w.org\/{rel}","templated":true}]}}