{"id":691330,"date":"2025-08-27T13:57:57","date_gmt":"2025-08-27T10:57:57","guid":{"rendered":"https:\/\/roveyayinevi.com.tr\/index.php\/urun\/benden-once-bir-baskasi\/"},"modified":"2026-04-13T02:01:37","modified_gmt":"2026-04-12T23:01:37","slug":"benden-once-bir-baskasi","status":"publish","type":"product","link":"https:\/\/roveyayinevi.com.tr\/index.php\/urun\/benden-once-bir-baskasi\/","title":{"rendered":"Benden \u00d6nce Bir Ba\u015fkas\u0131"},"content":{"rendered":"<p>Yazarlar yap\u0131tlar\u0131n\u0131n d\u00fcnyaya verilmi\u015f benzersiz yan\u0131tlar olmas\u0131n\u0131 ister. Ama bir yap\u0131t\u0131n neden benzersiz oldu\u011funu g\u00f6rmek i\u00e7in ona bir ba\u015fkas\u0131n\u0131n \u0131\u015f\u0131\u011f\u0131n\u0131 d\u00fc\u015f\u00fcrmek gerekir. Ba\u015fkalar\u0131 ne s\u00f6ylerken o bize bunu s\u00f6ylemi\u015ftir? Ayn\u0131 soruyu ba\u015fkas\u0131 nas\u0131l, o nas\u0131l yan\u0131tlam\u0131\u015ft\u0131r? Ba\u015fkas\u0131n\u0131n probleminin yerine kendi problemini ge\u00e7irebilmi\u015f midir? Benden \u00d6nce Bir Ba\u015fkas\u0131 bir yazar\u0131 bir ba\u015fkas\u0131n\u0131n \u0131\u015f\u0131\u011f\u0131nda okuyan denemelerden olu\u015fuyor. Dostoyevski&#8217;nin Su\u00e7 ve Ceza&#8217;s\u0131n\u0131 Kafka&#8217;n\u0131n D\u00f6n\u00fc\u015f\u00fcm&#8217;\u00fcyle, Kafka&#8217;n\u0131n Babama Mektup&#8217;unu O\u011fuz Atay&#8217;\u0131n &#8220;Babama Mektup&#8221;uyla, Tanp\u0131nar&#8217;\u0131n g\u00fcnl\u00fcklerini Dostoyevski&#8217;nin Yeralt\u0131ndan Notlar&#8217;\u0131yla, Benjamin&#8217;in Pasajlar&#8217;\u0131n\u0131 Tanp\u0131nar&#8217;\u0131n Be\u015f \u015eehir&#8217;iyle birlikte okuyan ikili denemeler. Peyami Safa&#8217;n\u0131n &#8220;\u015eark Nedir?&#8221;ini Cemil Meri\u00e7&#8217;in Bu \u00dclke&#8217;siyle, Cemil Meri\u00e7&#8217;in Bu \u00dclke&#8217;sini Edward Said&#8217;in \u015earkiyat\u00e7\u0131l\u0131k&#8217;\u0131yla birlikte ele alan, bir \u00e7apraz okuma perspektifiyle birbirine ba\u011flanan kar\u015f\u0131la\u015ft\u0131rmal\u0131 denemeler. \ufffcTan\u0131t\u0131m Metni<\/p>\n","protected":false},"excerpt":{"rendered":"<p>Yazarlar yap\u0131tlar\u0131n\u0131n d\u00fcnyaya verilmi\u015f benzersiz yan\u0131tlar olmas\u0131n\u0131 ister. Ama bir yap\u0131t\u0131n neden benzersiz oldu\u011funu g\u00f6rmek i\u00e7in ona bir ba\u015fkas\u0131n\u0131n \u0131\u015f\u0131\u011f\u0131n\u0131 d\u00fc\u015f\u00fcrmek gerekir. Ba\u015fkalar\u0131 ne s\u00f6ylerken o<span class=\"excerpt-hellip\"> [\u2026]<\/span><\/p>\n","protected":false},"featured_media":0,"template":"","meta":{"_monsterinsights_skip_tracking":false,"_monsterinsights_sitenote_active":false,"_monsterinsights_sitenote_note":"","_monsterinsights_sitenote_category":0},"product_brand":[],"product_cat":[12777,12291],"product_tag":[],"class_list":{"0":"post-691330","1":"product","2":"type-product","3":"status-publish","5":"product_cat-deneme","6":"product_cat-edebiyat","7":"pa_cilt-ciltsiz","8":"pa_tur-kitap","9":"pa_yayinevi-metis-yayinlari","10":"pa_yazar-nurdan-gurbilek","12":"first","13":"instock","14":"sale","15":"shipping-taxable","16":"purchasable","17":"product-type-simple"},"_links":{"self":[{"href":"https:\/\/roveyayinevi.com.tr\/index.php\/wp-json\/wp\/v2\/product\/691330","targetHints":{"allow":["GET"]}}],"collection":[{"href":"https:\/\/roveyayinevi.com.tr\/index.php\/wp-json\/wp\/v2\/product"}],"about":[{"href":"https:\/\/roveyayinevi.com.tr\/index.php\/wp-json\/wp\/v2\/types\/product"}],"wp:attachment":[{"href":"https:\/\/roveyayinevi.com.tr\/index.php\/wp-json\/wp\/v2\/media?parent=691330"}],"wp:term":[{"taxonomy":"product_brand","embeddable":true,"href":"https:\/\/roveyayinevi.com.tr\/index.php\/wp-json\/wp\/v2\/product_brand?post=691330"},{"taxonomy":"product_cat","embeddable":true,"href":"https:\/\/roveyayinevi.com.tr\/index.php\/wp-json\/wp\/v2\/product_cat?post=691330"},{"taxonomy":"product_tag","embeddable":true,"href":"https:\/\/roveyayinevi.com.tr\/index.php\/wp-json\/wp\/v2\/product_tag?post=691330"}],"curies":[{"name":"wp","href":"https:\/\/api.w.org\/{rel}","templated":true}]}}