{"id":691287,"date":"2025-08-27T13:57:49","date_gmt":"2025-08-27T10:57:49","guid":{"rendered":"https:\/\/roveyayinevi.com.tr\/index.php\/urun\/fatih-sultan-mehmed\/"},"modified":"2026-03-16T11:48:38","modified_gmt":"2026-03-16T08:48:38","slug":"fatih-sultan-mehmed","status":"publish","type":"product","link":"https:\/\/roveyayinevi.com.tr\/index.php\/urun\/fatih-sultan-mehmed\/","title":{"rendered":"Fatih Sultan Mehmed"},"content":{"rendered":"<p>Fatih\u2019i yeti\u015ftiren atmosferin resmi, kanaatimizce, gen\u00e7 nesillere, \u201cgeni\u015f ufuklu insanlar\u201d olabilmenin s\u0131rlar\u0131n\u0131 vermektedir. B\u00f6yle insanlar yeti\u015ftirmede hayli \u00e7orak d\u00f6nemler ya\u015fayan bu \u00fclkenin e\u011fitimcilerine, bahsi ge\u00e7en noktada ba\u015far\u0131l\u0131 olmu\u015f bir devrin insanlar\u0131n\u0131 anlatman\u0131n, gelecekte bu sorunlar\u0131 a\u015fma ad\u0131na, faydal\u0131 olaca\u011f\u0131n\u0131 d\u00fc\u015f\u00fcn\u00fcyoruz. Her biri, \u0130stanbul kadar m\u00fchim fetihler ger\u00e7ekle\u015ftirmesini umdu\u011fumuz nesillere, bir damla can suyu olabilmesi temennisiyle haz\u0131rlanan bu eser, dileriz, gelece\u011fin Fatihlerine ula\u015f\u0131r.<\/p>\n","protected":false},"excerpt":{"rendered":"<p>Fatih\u2019i yeti\u015ftiren atmosferin resmi, kanaatimizce, gen\u00e7 nesillere, \u201cgeni\u015f ufuklu insanlar\u201d olabilmenin s\u0131rlar\u0131n\u0131 vermektedir. B\u00f6yle insanlar yeti\u015ftirmede hayli \u00e7orak d\u00f6nemler ya\u015fayan bu \u00fclkenin e\u011fitimcilerine, bahsi ge\u00e7en noktada<span class=\"excerpt-hellip\"> [\u2026]<\/span><\/p>\n","protected":false},"featured_media":0,"template":"","meta":{"_monsterinsights_skip_tracking":false,"_monsterinsights_sitenote_active":false,"_monsterinsights_sitenote_note":"","_monsterinsights_sitenote_category":0},"product_brand":[],"product_cat":[13517,12304],"product_tag":[],"class_list":{"0":"post-691287","1":"product","2":"type-product","3":"status-publish","5":"product_cat-osmanli-tarihi","6":"product_cat-tarih","7":"pa_cilt-ciltsiz","8":"pa_tur-kitap","9":"pa_yayinevi-nesil-yayinlari","10":"pa_yazar-yavuz-bahadiroglu","12":"first","13":"outofstock","14":"sale","15":"shipping-taxable","16":"purchasable","17":"product-type-simple"},"_links":{"self":[{"href":"https:\/\/roveyayinevi.com.tr\/index.php\/wp-json\/wp\/v2\/product\/691287","targetHints":{"allow":["GET"]}}],"collection":[{"href":"https:\/\/roveyayinevi.com.tr\/index.php\/wp-json\/wp\/v2\/product"}],"about":[{"href":"https:\/\/roveyayinevi.com.tr\/index.php\/wp-json\/wp\/v2\/types\/product"}],"wp:attachment":[{"href":"https:\/\/roveyayinevi.com.tr\/index.php\/wp-json\/wp\/v2\/media?parent=691287"}],"wp:term":[{"taxonomy":"product_brand","embeddable":true,"href":"https:\/\/roveyayinevi.com.tr\/index.php\/wp-json\/wp\/v2\/product_brand?post=691287"},{"taxonomy":"product_cat","embeddable":true,"href":"https:\/\/roveyayinevi.com.tr\/index.php\/wp-json\/wp\/v2\/product_cat?post=691287"},{"taxonomy":"product_tag","embeddable":true,"href":"https:\/\/roveyayinevi.com.tr\/index.php\/wp-json\/wp\/v2\/product_tag?post=691287"}],"curies":[{"name":"wp","href":"https:\/\/api.w.org\/{rel}","templated":true}]}}