{"id":691260,"date":"2025-08-27T13:57:44","date_gmt":"2025-08-27T10:57:44","guid":{"rendered":"https:\/\/roveyayinevi.com.tr\/index.php\/urun\/insan-olmanin-psikolojisi\/"},"modified":"2026-04-16T02:00:47","modified_gmt":"2026-04-15T23:00:47","slug":"insan-olmanin-psikolojisi","status":"publish","type":"product","link":"https:\/\/roveyayinevi.com.tr\/index.php\/urun\/insan-olmanin-psikolojisi\/","title":{"rendered":"\u0130nsan Olman\u0131n Psikolojisi"},"content":{"rendered":"<p>\u00dc\u00e7\u00fcnc\u00fc G\u00fc\u00e7 ad\u0131yla tan\u0131nan H\u00fcmanistik Psikolojinin babas\u0131 Abraham Maslow, &#8220;\u0130nsan do\u011fas\u0131 ancak objektif ile s\u00fcbjektif bir arada ele al\u0131nd\u0131\u011f\u0131nda anla\u015f\u0131labilir. Bireyin ne oldu\u011funu de\u011fil, ne olabilece\u011fini, ne gibi potansiyeller bar\u0131nd\u0131rd\u0131\u011f\u0131n\u0131 incelemek insan t\u00fcr\u00fcn\u00fcn mutlulu\u011fu ve gelece\u011fi a\u00e7\u0131s\u0131ndan \u00e7ok \u00f6nemlidir&#8221; diyor. Maslow\u2019un ba\u015f\u0131n\u0131 \u00e7ekti\u011fi h\u00fcmanist psikologlara dek bilimsel bak\u0131\u015f, insan\u0131n eksikliklerine yo\u011funla\u015f\u0131yordu, g\u00fcc\u00fcne ve potansiyeline de\u011fil. Oysa Maslow\u2019un inanc\u0131na g\u00f6re ruh sa\u011fl\u0131\u011f\u0131 anla\u015f\u0131lmadan ruh hastal\u0131klar\u0131 anla\u015f\u0131lamaz. Maslow\u2019un yakla\u015f\u0131m\u0131nda s\u00f6z konusu olan, di\u011fer teorilerin k\u00f6kten reddi de\u011fil, farkl\u0131 bak\u0131\u015f a\u00e7\u0131lar\u0131n\u0131 b\u00fct\u00fcnsel bir kavray\u0131\u015f haline getirmektir. \u0130nsan Olman\u0131n Psikolojisi\u2019nde bulaca\u011f\u0131n\u0131z i\u015fte bu b\u00fct\u00fcnl\u00fck\u00e7\u00fc bak\u0131\u015f. H\u00fcmanist psikolojinin temel kitab\u0131!<\/p>\n","protected":false},"excerpt":{"rendered":"<p>\u00dc\u00e7\u00fcnc\u00fc G\u00fc\u00e7 ad\u0131yla tan\u0131nan H\u00fcmanistik Psikolojinin babas\u0131 Abraham Maslow, &#8220;\u0130nsan do\u011fas\u0131 ancak objektif ile s\u00fcbjektif bir arada ele al\u0131nd\u0131\u011f\u0131nda anla\u015f\u0131labilir. Bireyin ne oldu\u011funu de\u011fil, ne olabilece\u011fini,<span class=\"excerpt-hellip\"> [\u2026]<\/span><\/p>\n","protected":false},"featured_media":0,"template":"","meta":{"_monsterinsights_skip_tracking":false,"_monsterinsights_sitenote_active":false,"_monsterinsights_sitenote_note":"","_monsterinsights_sitenote_category":0},"product_brand":[],"product_cat":[12358,12357],"product_tag":[],"class_list":{"0":"post-691260","1":"product","2":"type-product","3":"status-publish","5":"product_cat-genel-psikoloji","6":"product_cat-psikoloji","7":"pa_cilt-ciltsiz","8":"pa_tur-kitap","9":"pa_yayinevi-kuraldisi-yayinevi","10":"pa_yazar-abraham-maslow","12":"first","13":"instock","14":"sale","15":"shipping-taxable","16":"purchasable","17":"product-type-simple"},"_links":{"self":[{"href":"https:\/\/roveyayinevi.com.tr\/index.php\/wp-json\/wp\/v2\/product\/691260","targetHints":{"allow":["GET"]}}],"collection":[{"href":"https:\/\/roveyayinevi.com.tr\/index.php\/wp-json\/wp\/v2\/product"}],"about":[{"href":"https:\/\/roveyayinevi.com.tr\/index.php\/wp-json\/wp\/v2\/types\/product"}],"wp:attachment":[{"href":"https:\/\/roveyayinevi.com.tr\/index.php\/wp-json\/wp\/v2\/media?parent=691260"}],"wp:term":[{"taxonomy":"product_brand","embeddable":true,"href":"https:\/\/roveyayinevi.com.tr\/index.php\/wp-json\/wp\/v2\/product_brand?post=691260"},{"taxonomy":"product_cat","embeddable":true,"href":"https:\/\/roveyayinevi.com.tr\/index.php\/wp-json\/wp\/v2\/product_cat?post=691260"},{"taxonomy":"product_tag","embeddable":true,"href":"https:\/\/roveyayinevi.com.tr\/index.php\/wp-json\/wp\/v2\/product_tag?post=691260"}],"curies":[{"name":"wp","href":"https:\/\/api.w.org\/{rel}","templated":true}]}}