{"id":691256,"date":"2025-08-27T13:57:43","date_gmt":"2025-08-27T10:57:43","guid":{"rendered":"https:\/\/roveyayinevi.com.tr\/index.php\/urun\/alti-ay-bir-guz\/"},"modified":"2026-04-16T02:00:47","modified_gmt":"2026-04-15T23:00:47","slug":"alti-ay-bir-guz","status":"publish","type":"product","link":"https:\/\/roveyayinevi.com.tr\/index.php\/urun\/alti-ay-bir-guz\/","title":{"rendered":"Alt\u0131 Ay Bir G\u00fcz"},"content":{"rendered":"<p>\u0130stedi\u011fim, denizi yazmak. Z\u00fcmr\u00fctlerin, g\u00f6kyakutlar\u0131n sabr\u0131n\u0131; a\u011fa\u00e7lar\u0131n tarihsizli\u011fini&#8230; Bir tek k\u0131y\u0131s\u0131n\u0131 kavrayabildi\u011fimiz, anlam\u0131n\u0131 ancak bir tek k\u0131y\u0131s\u0131yla kurdu\u011fumuz denizin \u00f6yk\u00fcleri yoktur bir kara adam\u0131 i\u00e7in. Yolculuklara, ister ger\u00e7ek ister d\u00fc\u015fsel olsunlar, yak\u0131\u015ft\u0131rd\u0131\u011f\u0131m\u0131z son, \u00f6b\u00fcr k\u0131y\u0131da bitse bile, deniz gene tek k\u0131y\u0131l\u0131d\u0131r, \u00fczerinde ya\u015fay\u0131p \u00e7al\u0131\u015fan biri olmad\u0131k\u00e7a. Deniz, kara adam\u0131n\u0131n yaln\u0131z s\u0131n\u0131rlar\u0131n\u0131 kald\u0131r\u0131\u015f\u0131 de\u011fil, s\u0131n\u0131r d\u00fc\u015f\u00fcncesini i\u00e7inden \u00e7\u0131kar\u0131p at\u0131vermesidir. Her \u015feyin bir aradal\u0131\u011f\u0131n\u0131n bir yerde ba\u015flamas\u0131 ya da bitmesidir. \u0130stedi\u011fim, denizi yazmakt\u0131. Her \u015feyin bir aradal\u0131\u011f\u0131na yenik d\u00fc\u015fece\u011fimi bile bile. <\/p>\n","protected":false},"excerpt":{"rendered":"<p>\u0130stedi\u011fim, denizi yazmak. Z\u00fcmr\u00fctlerin, g\u00f6kyakutlar\u0131n sabr\u0131n\u0131; a\u011fa\u00e7lar\u0131n tarihsizli\u011fini&#8230; Bir tek k\u0131y\u0131s\u0131n\u0131 kavrayabildi\u011fimiz, anlam\u0131n\u0131 ancak bir tek k\u0131y\u0131s\u0131yla kurdu\u011fumuz denizin \u00f6yk\u00fcleri yoktur bir kara adam\u0131 i\u00e7in. Yolculuklara,<span class=\"excerpt-hellip\"> [\u2026]<\/span><\/p>\n","protected":false},"featured_media":0,"template":"","meta":{"_monsterinsights_skip_tracking":false,"_monsterinsights_sitenote_active":false,"_monsterinsights_sitenote_note":"","_monsterinsights_sitenote_category":0},"product_brand":[],"product_cat":[12291,12292],"product_tag":[],"class_list":{"0":"post-691256","1":"product","2":"type-product","3":"status-publish","5":"product_cat-edebiyat","6":"product_cat-turk-edebiyati","7":"pa_cilt-ciltsiz","8":"pa_tur-kitap","9":"pa_yayinevi-metis-yayinlari","10":"pa_yazar-bilge-karasu","12":"first","13":"instock","14":"sale","15":"shipping-taxable","16":"purchasable","17":"product-type-simple"},"_links":{"self":[{"href":"https:\/\/roveyayinevi.com.tr\/index.php\/wp-json\/wp\/v2\/product\/691256","targetHints":{"allow":["GET"]}}],"collection":[{"href":"https:\/\/roveyayinevi.com.tr\/index.php\/wp-json\/wp\/v2\/product"}],"about":[{"href":"https:\/\/roveyayinevi.com.tr\/index.php\/wp-json\/wp\/v2\/types\/product"}],"wp:attachment":[{"href":"https:\/\/roveyayinevi.com.tr\/index.php\/wp-json\/wp\/v2\/media?parent=691256"}],"wp:term":[{"taxonomy":"product_brand","embeddable":true,"href":"https:\/\/roveyayinevi.com.tr\/index.php\/wp-json\/wp\/v2\/product_brand?post=691256"},{"taxonomy":"product_cat","embeddable":true,"href":"https:\/\/roveyayinevi.com.tr\/index.php\/wp-json\/wp\/v2\/product_cat?post=691256"},{"taxonomy":"product_tag","embeddable":true,"href":"https:\/\/roveyayinevi.com.tr\/index.php\/wp-json\/wp\/v2\/product_tag?post=691256"}],"curies":[{"name":"wp","href":"https:\/\/api.w.org\/{rel}","templated":true}]}}