{"id":691250,"date":"2025-08-27T13:57:42","date_gmt":"2025-08-27T10:57:42","guid":{"rendered":"https:\/\/roveyayinevi.com.tr\/index.php\/urun\/kucuk-turuncu-simdi-kitabi\/"},"modified":"2026-04-12T02:01:09","modified_gmt":"2026-04-11T23:01:09","slug":"kucuk-turuncu-simdi-kitabi","status":"publish","type":"product","link":"https:\/\/roveyayinevi.com.tr\/index.php\/urun\/kucuk-turuncu-simdi-kitabi\/","title":{"rendered":"K\u00fc\u00e7\u00fck Turuncu \u015eimdi Kitab\u0131"},"content":{"rendered":"<p>Herkes bir \u015fekilde yapmas\u0131 gereken \u015feyleri erteler. Ve herkes bu ertelemelerin bedelini \u00f6der. Ertelemek, belirli nedenleri olan ve a\u015fabilece\u011finiz bir al\u0131\u015fkanl\u0131kt\u0131r. Kendinizi ele\u015ftirmenin ve cezaland\u0131rman\u0131n de\u011fi\u015fmenizi sa\u011flamad\u0131\u011f\u0131n\u0131 bilin. \u015eimdi, kendinize \u015fefkatli olma zaman\u0131. Eninde sonunda de\u011fi\u015fim ger\u00e7ekle\u015fecektir. Bu k\u00fc\u00e7\u00fck turuncu kitapta hem neden erteledi\u011finizin fark\u0131na varacak hem de de\u011fi\u015fim yolunda ataca\u011f\u0131n\u0131z ad\u0131mlar i\u00e7in destek alacaks\u0131n\u0131z. \u015eimdi, harekete ge\u00e7me zaman\u0131! \u015eimdi, sahip oldu\u011funuz tek ger\u00e7ek zaman! \ufffcTan\u0131t\u0131m Metni<\/p>\n","protected":false},"excerpt":{"rendered":"<p>Herkes bir \u015fekilde yapmas\u0131 gereken \u015feyleri erteler. Ve herkes bu ertelemelerin bedelini \u00f6der. Ertelemek, belirli nedenleri olan ve a\u015fabilece\u011finiz bir al\u0131\u015fkanl\u0131kt\u0131r. Kendinizi ele\u015ftirmenin ve cezaland\u0131rman\u0131n de\u011fi\u015fmenizi<span class=\"excerpt-hellip\"> [\u2026]<\/span><\/p>\n","protected":false},"featured_media":0,"template":"","meta":{"_monsterinsights_skip_tracking":false,"_monsterinsights_sitenote_active":false,"_monsterinsights_sitenote_note":"","_monsterinsights_sitenote_category":0},"product_brand":[],"product_cat":[12364,12376],"product_tag":[],"class_list":{"0":"post-691250","1":"product","2":"type-product","3":"status-publish","5":"product_cat-genel-konular","6":"product_cat-kisisel-gelisim","7":"pa_cilt-ciltli","8":"pa_tur-kitap","9":"pa_yayinevi-kuraldisi-yayinevi","10":"pa_yazar-nil-gun","12":"first","13":"instock","14":"sale","15":"shipping-taxable","16":"purchasable","17":"product-type-simple"},"_links":{"self":[{"href":"https:\/\/roveyayinevi.com.tr\/index.php\/wp-json\/wp\/v2\/product\/691250","targetHints":{"allow":["GET"]}}],"collection":[{"href":"https:\/\/roveyayinevi.com.tr\/index.php\/wp-json\/wp\/v2\/product"}],"about":[{"href":"https:\/\/roveyayinevi.com.tr\/index.php\/wp-json\/wp\/v2\/types\/product"}],"wp:attachment":[{"href":"https:\/\/roveyayinevi.com.tr\/index.php\/wp-json\/wp\/v2\/media?parent=691250"}],"wp:term":[{"taxonomy":"product_brand","embeddable":true,"href":"https:\/\/roveyayinevi.com.tr\/index.php\/wp-json\/wp\/v2\/product_brand?post=691250"},{"taxonomy":"product_cat","embeddable":true,"href":"https:\/\/roveyayinevi.com.tr\/index.php\/wp-json\/wp\/v2\/product_cat?post=691250"},{"taxonomy":"product_tag","embeddable":true,"href":"https:\/\/roveyayinevi.com.tr\/index.php\/wp-json\/wp\/v2\/product_tag?post=691250"}],"curies":[{"name":"wp","href":"https:\/\/api.w.org\/{rel}","templated":true}]}}