{"id":691246,"date":"2025-08-27T13:57:41","date_gmt":"2025-08-27T10:57:41","guid":{"rendered":"https:\/\/roveyayinevi.com.tr\/index.php\/urun\/kucuk-mavi-empati-kitabi-duygu-dilini-anlamak\/"},"modified":"2026-04-12T02:01:09","modified_gmt":"2026-04-11T23:01:09","slug":"kucuk-mavi-empati-kitabi-duygu-dilini-anlamak","status":"publish","type":"product","link":"https:\/\/roveyayinevi.com.tr\/index.php\/urun\/kucuk-mavi-empati-kitabi-duygu-dilini-anlamak\/","title":{"rendered":"K\u00fc\u00e7\u00fck Mavi Empati Kitab\u0131 &#8211; Duygu Dilini Anlamak"},"content":{"rendered":"<p>Empati insanlar\u0131 birbirine yak\u0131nla\u015ft\u0131r\u0131r. Empati iyile\u015ftirir. G\u00fcven in\u015fa eder. \u0130leti\u015fimi g\u00fc\u00e7lendirir. G\u00f6zlem yetene\u011fini geli\u015ftirir. Arad\u0131\u011f\u0131n\u0131z huzur ve doyumu ancak ba\u015fkalar\u0131n\u0131n hayat\u0131na dokunarak, onlar\u0131n hayat\u0131nda fark yaratarak bulabilirsiniz. \u0130\u015fte, evde, toplumda hayata ge\u00e7irdi\u011finiz empatik yakla\u015f\u0131mla d\u00fcnyay\u0131 ya\u015fan\u0131r bir yer yapabilirsiniz. Herkesin arad\u0131\u011f\u0131, \u00e7ok az ki\u015finin bulabildi\u011fi mutlulu\u011fun, bilgeli\u011fin ve iyile\u015ftirici g\u00fcc\u00fcn s\u0131rr\u0131 bu. Ger\u00e7ek dostluklar da ger\u00e7ek ili\u015fkiler de empati ile olu\u015fur. \u00d6zel ili\u015fkilerde de i\u015f ili\u015fkilerinde de insanlar\u0131n arad\u0131\u011f\u0131 en \u00f6nemli \u00f6zellik empati kurabilme yetene\u011fidir. Empati yetene\u011finizi geli\u015ftirdi\u011finizde yepyeni bir d\u00fcnya \u00f6n\u00fcn\u00fczde a\u00e7\u0131lacakt\u0131r; kendinizle ve hayatla bar\u0131\u015f\u0131k oldu\u011funuz huzurlu bir d\u00fcnya. \ufffcTan\u0131t\u0131m Metni<\/p>\n","protected":false},"excerpt":{"rendered":"<p>Empati insanlar\u0131 birbirine yak\u0131nla\u015ft\u0131r\u0131r. Empati iyile\u015ftirir. G\u00fcven in\u015fa eder. \u0130leti\u015fimi g\u00fc\u00e7lendirir. G\u00f6zlem yetene\u011fini geli\u015ftirir. Arad\u0131\u011f\u0131n\u0131z huzur ve doyumu ancak ba\u015fkalar\u0131n\u0131n hayat\u0131na dokunarak, onlar\u0131n hayat\u0131nda fark yaratarak<span class=\"excerpt-hellip\"> [\u2026]<\/span><\/p>\n","protected":false},"featured_media":0,"template":"","meta":{"_monsterinsights_skip_tracking":false,"_monsterinsights_sitenote_active":false,"_monsterinsights_sitenote_note":"","_monsterinsights_sitenote_category":0},"product_brand":[],"product_cat":[12364,12376],"product_tag":[],"class_list":{"0":"post-691246","1":"product","2":"type-product","3":"status-publish","5":"product_cat-genel-konular","6":"product_cat-kisisel-gelisim","7":"pa_cilt-ciltsiz","8":"pa_tur-kitap","9":"pa_yayinevi-kuraldisi-yayinevi","10":"pa_yazar-nil-gun","12":"first","13":"instock","14":"sale","15":"shipping-taxable","16":"purchasable","17":"product-type-simple"},"_links":{"self":[{"href":"https:\/\/roveyayinevi.com.tr\/index.php\/wp-json\/wp\/v2\/product\/691246","targetHints":{"allow":["GET"]}}],"collection":[{"href":"https:\/\/roveyayinevi.com.tr\/index.php\/wp-json\/wp\/v2\/product"}],"about":[{"href":"https:\/\/roveyayinevi.com.tr\/index.php\/wp-json\/wp\/v2\/types\/product"}],"wp:attachment":[{"href":"https:\/\/roveyayinevi.com.tr\/index.php\/wp-json\/wp\/v2\/media?parent=691246"}],"wp:term":[{"taxonomy":"product_brand","embeddable":true,"href":"https:\/\/roveyayinevi.com.tr\/index.php\/wp-json\/wp\/v2\/product_brand?post=691246"},{"taxonomy":"product_cat","embeddable":true,"href":"https:\/\/roveyayinevi.com.tr\/index.php\/wp-json\/wp\/v2\/product_cat?post=691246"},{"taxonomy":"product_tag","embeddable":true,"href":"https:\/\/roveyayinevi.com.tr\/index.php\/wp-json\/wp\/v2\/product_tag?post=691246"}],"curies":[{"name":"wp","href":"https:\/\/api.w.org\/{rel}","templated":true}]}}