{"id":691237,"date":"2025-08-27T13:57:39","date_gmt":"2025-08-27T10:57:39","guid":{"rendered":"https:\/\/roveyayinevi.com.tr\/index.php\/urun\/aya-tirmanmak\/"},"modified":"2026-04-16T02:00:47","modified_gmt":"2026-04-15T23:00:47","slug":"aya-tirmanmak","status":"publish","type":"product","link":"https:\/\/roveyayinevi.com.tr\/index.php\/urun\/aya-tirmanmak\/","title":{"rendered":"Aya T\u0131rmanmak"},"content":{"rendered":"<p>Bu kitaptaki on sekiz \u00f6yk\u00fcde Le Guin okuru tekinsiz evlere, tekinsiz konulara, zihnin gerisinde fark edilmeyi bekleyen duygulara, hayata tutunmak i\u00e7in verilen ince m\u00fccadeleye, bak\u0131\u015f a\u00e7\u0131s\u0131n\u0131 az\u0131c\u0131k de\u011fi\u015ftirdi\u011finiz anda de\u011fi\u015fiveren ger\u00e7eklere yolculu\u011fa \u00e7a\u011f\u0131r\u0131yor. Durdu\u011fu yerde durmayan \u00fccra kasabalardan, k\u0131r\u0131lm\u0131\u015f hayat\u0131n\u0131 toplamaya \u00e7al\u0131\u015fan yaln\u0131z insanlar\u0131n evlerinden, tuhaf ayinlerin yap\u0131ld\u0131\u011f\u0131 yaz kamplar\u0131ndan, k\u00fcrtaj kliniklerinden, her\u015feye ra\u011fmen do\u011furulan bebeklerin d\u00fcnyas\u0131ndan, masal sayfalar\u0131ndan, bilge ormanlardan ge\u00e7en bu yolculukta, yazar\u0131n insani olan her\u015feye duydu\u011fu tutku, ilgi ve \u015fefkat e\u015flik ediyor bize. B\u00fcy\u00fcl\u00fc ger\u00e7ek\u00e7ilikten ger\u00e7ek\u00fcst\u00fcc\u00fcl\u00fc\u011fe farkl\u0131 tarzlar denedi\u011fi bu \u00f6yk\u00fclerde, Le Guin ne kadar g\u00fc\u00e7l\u00fc bir edebiyat\u00e7\u0131 oldu\u011funu bir kere daha kan\u0131tl\u0131yor. <\/p>\n","protected":false},"excerpt":{"rendered":"<p>Bu kitaptaki on sekiz \u00f6yk\u00fcde Le Guin okuru tekinsiz evlere, tekinsiz konulara, zihnin gerisinde fark edilmeyi bekleyen duygulara, hayata tutunmak i\u00e7in verilen ince m\u00fccadeleye, bak\u0131\u015f a\u00e7\u0131s\u0131n\u0131<span class=\"excerpt-hellip\"> [\u2026]<\/span><\/p>\n","protected":false},"featured_media":0,"template":"","meta":{"_monsterinsights_skip_tracking":false,"_monsterinsights_sitenote_active":false,"_monsterinsights_sitenote_note":"","_monsterinsights_sitenote_category":0},"product_brand":[],"product_cat":[12891,12291],"product_tag":[],"class_list":{"0":"post-691237","1":"product","2":"type-product","3":"status-publish","5":"product_cat-amerikan-edebiyati","6":"product_cat-edebiyat","7":"pa_cilt-ciltsiz","8":"pa_tur-kitap","9":"pa_yayinevi-metis-yayinlari","10":"pa_yazar-ursula-k-le-guin","12":"first","13":"instock","14":"sale","15":"shipping-taxable","16":"purchasable","17":"product-type-simple"},"_links":{"self":[{"href":"https:\/\/roveyayinevi.com.tr\/index.php\/wp-json\/wp\/v2\/product\/691237","targetHints":{"allow":["GET"]}}],"collection":[{"href":"https:\/\/roveyayinevi.com.tr\/index.php\/wp-json\/wp\/v2\/product"}],"about":[{"href":"https:\/\/roveyayinevi.com.tr\/index.php\/wp-json\/wp\/v2\/types\/product"}],"wp:attachment":[{"href":"https:\/\/roveyayinevi.com.tr\/index.php\/wp-json\/wp\/v2\/media?parent=691237"}],"wp:term":[{"taxonomy":"product_brand","embeddable":true,"href":"https:\/\/roveyayinevi.com.tr\/index.php\/wp-json\/wp\/v2\/product_brand?post=691237"},{"taxonomy":"product_cat","embeddable":true,"href":"https:\/\/roveyayinevi.com.tr\/index.php\/wp-json\/wp\/v2\/product_cat?post=691237"},{"taxonomy":"product_tag","embeddable":true,"href":"https:\/\/roveyayinevi.com.tr\/index.php\/wp-json\/wp\/v2\/product_tag?post=691237"}],"curies":[{"name":"wp","href":"https:\/\/api.w.org\/{rel}","templated":true}]}}