{"id":691235,"date":"2025-08-27T13:56:36","date_gmt":"2025-08-27T10:56:36","guid":{"rendered":"https:\/\/roveyayinevi.com.tr\/index.php\/urun\/albert-einsteinin-isigi-metis-kucuk-filozoflar-serisi-09\/"},"modified":"2026-04-16T02:00:47","modified_gmt":"2026-04-15T23:00:47","slug":"albert-einsteinin-isigi-metis-kucuk-filozoflar-serisi-09","status":"publish","type":"product","link":"https:\/\/roveyayinevi.com.tr\/index.php\/urun\/albert-einsteinin-isigi-metis-kucuk-filozoflar-serisi-09\/","title":{"rendered":"Albert Einstein&#8217;in I\u015f\u0131\u011f\u0131 Metis K\u00fc\u00e7\u00fck Filozoflar Serisi 09"},"content":{"rendered":"<p>1896&#8217;da gen\u00e7 Einstein M\u00fcnih panay\u0131r\u0131nda b\u00fcy\u00fck bir barakay\u0131 elektrikle ayd\u0131nlatma i\u015fine soyunur. K\u0131z karde\u015fi Maya ve panay\u0131r\u0131n en g\u00fc\u00e7l\u00fc adam\u0131 Niels Bohr&#8217;dan ba\u015fka yard\u0131mc\u0131s\u0131 yoktur. Ancak i\u015fler bekledi\u011fi gibi gitmez. Einstein ve yard\u0131mc\u0131lar\u0131 evrenin yasalar\u0131n\u0131 ke\u015ffe \u00e7\u0131karlar: Zamanda yolculuk m\u00fcmk\u00fcn m\u00fc? Rastlant\u0131 nedir? K\u00fc\u00e7\u00fck Filozoflar Dizisi, 8-12 ya\u015f \u00e7ocuklar\u0131 i\u00e7in filozoflar\u0131n hik\u00e2yelerini anlatan \u00e7ok g\u00fczel resimlenmi\u015f kitaplardan olu\u015fuyor. Diziyle \u00e7ocuklar\u0131n felsefeye zevkli bir giri\u015f yapmalar\u0131n\u0131, kendi sorular\u0131n\u0131n pe\u015finden gitme al\u0131\u015fkanl\u0131\u011f\u0131 kazanmalar\u0131n\u0131 ama\u00e7l\u0131yoruz. Albert Einstein&#8217;\u0131n I\u015f\u0131\u011f\u0131, K\u00fc\u00e7\u00fck Filozoflar dizisinin dokuzuncu kitab\u0131. <\/p>\n","protected":false},"excerpt":{"rendered":"<p>1896&#8217;da gen\u00e7 Einstein M\u00fcnih panay\u0131r\u0131nda b\u00fcy\u00fck bir barakay\u0131 elektrikle ayd\u0131nlatma i\u015fine soyunur. K\u0131z karde\u015fi Maya ve panay\u0131r\u0131n en g\u00fc\u00e7l\u00fc adam\u0131 Niels Bohr&#8217;dan ba\u015fka yard\u0131mc\u0131s\u0131 yoktur. Ancak<span class=\"excerpt-hellip\"> [\u2026]<\/span><\/p>\n","protected":false},"featured_media":0,"template":"","meta":{"_monsterinsights_skip_tracking":false,"_monsterinsights_sitenote_active":false,"_monsterinsights_sitenote_note":"","_monsterinsights_sitenote_category":0},"product_brand":[],"product_cat":[12312,12304],"product_tag":[],"class_list":{"0":"post-691235","1":"product","2":"type-product","3":"status-publish","5":"product_cat-diger","6":"product_cat-tarih","7":"pa_cilt-ciltsiz","8":"pa_tur-kitap","9":"pa_yayinevi-metis-yayinlari","10":"pa_yazar-frederic-morlot","12":"first","13":"instock","14":"sale","15":"shipping-taxable","16":"purchasable","17":"product-type-simple"},"_links":{"self":[{"href":"https:\/\/roveyayinevi.com.tr\/index.php\/wp-json\/wp\/v2\/product\/691235","targetHints":{"allow":["GET"]}}],"collection":[{"href":"https:\/\/roveyayinevi.com.tr\/index.php\/wp-json\/wp\/v2\/product"}],"about":[{"href":"https:\/\/roveyayinevi.com.tr\/index.php\/wp-json\/wp\/v2\/types\/product"}],"wp:attachment":[{"href":"https:\/\/roveyayinevi.com.tr\/index.php\/wp-json\/wp\/v2\/media?parent=691235"}],"wp:term":[{"taxonomy":"product_brand","embeddable":true,"href":"https:\/\/roveyayinevi.com.tr\/index.php\/wp-json\/wp\/v2\/product_brand?post=691235"},{"taxonomy":"product_cat","embeddable":true,"href":"https:\/\/roveyayinevi.com.tr\/index.php\/wp-json\/wp\/v2\/product_cat?post=691235"},{"taxonomy":"product_tag","embeddable":true,"href":"https:\/\/roveyayinevi.com.tr\/index.php\/wp-json\/wp\/v2\/product_tag?post=691235"}],"curies":[{"name":"wp","href":"https:\/\/api.w.org\/{rel}","templated":true}]}}