{"id":691228,"date":"2025-08-27T13:56:34","date_gmt":"2025-08-27T10:56:34","guid":{"rendered":"https:\/\/roveyayinevi.com.tr\/index.php\/urun\/yerdeniz-serisi-2-atuan-mezarlari\/"},"modified":"2026-04-16T02:00:47","modified_gmt":"2026-04-15T23:00:47","slug":"yerdeniz-serisi-2-atuan-mezarlari","status":"publish","type":"product","link":"https:\/\/roveyayinevi.com.tr\/index.php\/urun\/yerdeniz-serisi-2-atuan-mezarlari\/","title":{"rendered":"Yerdeniz Serisi 2 &#8211; Atuan Mezarlar\u0131"},"content":{"rendered":"<p>Atuan Mezarlar\u0131\u2019n\u0131n konusu tek kelimeyle s\u00f6ylemek gerekirse cinselliktir. Kitapta bir s\u00fcr\u00fc simge var, tabii ki yazarken bunlar\u0131 bilin\u00e7li bir \u015fekilde \u00e7\u00f6z\u00fcmlemedim; bu simgelerin hepsi cinsel simgeler olarak okunabilir. Daha a\u00e7\u0131k s\u00f6ylemek gerekirse kitab\u0131 bir kad\u0131n\u0131n b\u00fcy\u00fcmesi olarak okuyabilirsiniz. Temalar, do\u011fum, yeniden do\u011fum, y\u0131k\u0131m ve \u00f6zg\u00fcrl\u00fck.<\/p>\n","protected":false},"excerpt":{"rendered":"<p>Atuan Mezarlar\u0131\u2019n\u0131n konusu tek kelimeyle s\u00f6ylemek gerekirse cinselliktir. Kitapta bir s\u00fcr\u00fc simge var, tabii ki yazarken bunlar\u0131 bilin\u00e7li bir \u015fekilde \u00e7\u00f6z\u00fcmlemedim; bu simgelerin hepsi cinsel simgeler<span class=\"excerpt-hellip\"> [\u2026]<\/span><\/p>\n","protected":false},"featured_media":0,"template":"","meta":{"_monsterinsights_skip_tracking":false,"_monsterinsights_sitenote_active":false,"_monsterinsights_sitenote_note":"","_monsterinsights_sitenote_category":0},"product_brand":[],"product_cat":[12291,14777],"product_tag":[],"class_list":{"0":"post-691228","1":"product","2":"type-product","3":"status-publish","5":"product_cat-edebiyat","6":"product_cat-fantastik","7":"pa_cilt-ciltsiz","8":"pa_tur-kitap","9":"pa_yayinevi-metis-yayinlari","10":"pa_yazar-ursula-k-le-guin","12":"first","13":"instock","14":"sale","15":"shipping-taxable","16":"purchasable","17":"product-type-simple"},"_links":{"self":[{"href":"https:\/\/roveyayinevi.com.tr\/index.php\/wp-json\/wp\/v2\/product\/691228","targetHints":{"allow":["GET"]}}],"collection":[{"href":"https:\/\/roveyayinevi.com.tr\/index.php\/wp-json\/wp\/v2\/product"}],"about":[{"href":"https:\/\/roveyayinevi.com.tr\/index.php\/wp-json\/wp\/v2\/types\/product"}],"wp:attachment":[{"href":"https:\/\/roveyayinevi.com.tr\/index.php\/wp-json\/wp\/v2\/media?parent=691228"}],"wp:term":[{"taxonomy":"product_brand","embeddable":true,"href":"https:\/\/roveyayinevi.com.tr\/index.php\/wp-json\/wp\/v2\/product_brand?post=691228"},{"taxonomy":"product_cat","embeddable":true,"href":"https:\/\/roveyayinevi.com.tr\/index.php\/wp-json\/wp\/v2\/product_cat?post=691228"},{"taxonomy":"product_tag","embeddable":true,"href":"https:\/\/roveyayinevi.com.tr\/index.php\/wp-json\/wp\/v2\/product_tag?post=691228"}],"curies":[{"name":"wp","href":"https:\/\/api.w.org\/{rel}","templated":true}]}}