{"id":691226,"date":"2025-08-27T13:56:34","date_gmt":"2025-08-27T10:56:34","guid":{"rendered":"https:\/\/roveyayinevi.com.tr\/index.php\/urun\/metis-bilim-dizisi-13-alfa-ve-omega-evrenin-baslangici-ve-sonu\/"},"modified":"2026-04-16T02:00:46","modified_gmt":"2026-04-15T23:00:46","slug":"metis-bilim-dizisi-13-alfa-ve-omega-evrenin-baslangici-ve-sonu","status":"publish","type":"product","link":"https:\/\/roveyayinevi.com.tr\/index.php\/urun\/metis-bilim-dizisi-13-alfa-ve-omega-evrenin-baslangici-ve-sonu\/","title":{"rendered":"Metis Bilim Dizisi 13 &#8211; Alfa ve Omega: Evrenin Ba\u015flang\u0131c\u0131 ve Sonu"},"content":{"rendered":"<p>Evrenin do\u011fu\u015fu, b\u00fcy\u00fck patlama, kozmik arka plan \u0131\u015f\u0131mas\u0131, s\u00fcpernovalar, kara delikler, kara cisimler, k\u0131rm\u0131z\u0131 devlerle beyaz c\u00fccelerin \u00f6l\u00fcm dans\u0131, karanl\u0131k madde ve karanl\u0131k enerji, kar\u015f\u0131-madde, atomalt\u0131 par\u00e7ac\u0131klar, uzay-zamandaki b\u00fck\u00fclmeler, geni\u015fleyen evrende madde ve hayat\u0131n muhtemel sonu&#8230; \ufffcTan\u0131t\u0131m Metni<\/p>\n","protected":false},"excerpt":{"rendered":"<p>Evrenin do\u011fu\u015fu, b\u00fcy\u00fck patlama, kozmik arka plan \u0131\u015f\u0131mas\u0131, s\u00fcpernovalar, kara delikler, kara cisimler, k\u0131rm\u0131z\u0131 devlerle beyaz c\u00fccelerin \u00f6l\u00fcm dans\u0131, karanl\u0131k madde ve karanl\u0131k enerji, kar\u015f\u0131-madde, atomalt\u0131<span class=\"excerpt-hellip\"> [\u2026]<\/span><\/p>\n","protected":false},"featured_media":0,"template":"","meta":{"_monsterinsights_skip_tracking":false,"_monsterinsights_sitenote_active":false,"_monsterinsights_sitenote_note":"","_monsterinsights_sitenote_category":0},"product_brand":[],"product_cat":[13005,13006],"product_tag":[],"class_list":{"0":"post-691226","1":"product","2":"type-product","3":"status-publish","5":"product_cat-bilim-muhendislik","6":"product_cat-populer-bilim","7":"pa_cilt-ciltsiz","8":"pa_tur-kitap","9":"pa_yayinevi-metis-yayinlari","10":"pa_yazar-charles-seife","12":"first","13":"instock","14":"sale","15":"shipping-taxable","16":"purchasable","17":"product-type-simple"},"_links":{"self":[{"href":"https:\/\/roveyayinevi.com.tr\/index.php\/wp-json\/wp\/v2\/product\/691226","targetHints":{"allow":["GET"]}}],"collection":[{"href":"https:\/\/roveyayinevi.com.tr\/index.php\/wp-json\/wp\/v2\/product"}],"about":[{"href":"https:\/\/roveyayinevi.com.tr\/index.php\/wp-json\/wp\/v2\/types\/product"}],"wp:attachment":[{"href":"https:\/\/roveyayinevi.com.tr\/index.php\/wp-json\/wp\/v2\/media?parent=691226"}],"wp:term":[{"taxonomy":"product_brand","embeddable":true,"href":"https:\/\/roveyayinevi.com.tr\/index.php\/wp-json\/wp\/v2\/product_brand?post=691226"},{"taxonomy":"product_cat","embeddable":true,"href":"https:\/\/roveyayinevi.com.tr\/index.php\/wp-json\/wp\/v2\/product_cat?post=691226"},{"taxonomy":"product_tag","embeddable":true,"href":"https:\/\/roveyayinevi.com.tr\/index.php\/wp-json\/wp\/v2\/product_tag?post=691226"}],"curies":[{"name":"wp","href":"https:\/\/api.w.org\/{rel}","templated":true}]}}

Metis Bilim Dizisi 13 &#8211; Alfa ve Omega: Evrenin Başlangıcı ve Sonu

<p>Evrenin doğuşu, büyük patlama, kozmik arka plan ışıması, süpernovalar, kara delikler, kara cisimler, kırmızı devlerle beyaz cücelerin ölüm dansı, karanlık madde ve karanlık enerji, karşı-madde, atomaltı parçacıklar, uzay-zamandaki bükülmeler, genişleyen evrende madde ve hayatın muhtemel sonu&#8230; ￼Tanıtım Metni</p>

<p>Evrenin doğuşu, büyük patlama, kozmik arka plan ışıması, süpernovalar, kara delikler, kara cisimler, kırmızı devlerle beyaz cücelerin ölüm dansı, karanlık madde ve karanlık enerji, karşı-madde, atomaltı<span class="excerpt-hellip"> […]</span></p>
