{"id":691225,"date":"2025-08-27T13:56:34","date_gmt":"2025-08-27T10:56:34","guid":{"rendered":"https:\/\/roveyayinevi.com.tr\/index.php\/urun\/koy-enstituleri-ve-otesi\/"},"modified":"2026-04-15T02:01:52","modified_gmt":"2026-04-14T23:01:52","slug":"koy-enstituleri-ve-otesi","status":"publish","type":"product","link":"https:\/\/roveyayinevi.com.tr\/index.php\/urun\/koy-enstituleri-ve-otesi\/","title":{"rendered":"K\u00f6y Enstit\u00fcleri ve \u00d6tesi"},"content":{"rendered":"<p>De\u011feri d\u0131\u015f \u00fclkelerce de kabul edilmi\u015f ve yap\u0131tlar\u0131 bir\u00e7ok yabanc\u0131 dile \u00e7evrilmi\u015f olan se\u00e7kin e\u011fitimci Mahmut Makal g\u00fc\u00e7l\u00fc yazarl\u0131\u011f\u0131n\u0131 da bu alana adam\u0131\u015f bir sava\u015f\u00e7\u0131d\u0131r. Bilirsiniz, k\u00f6y\u2018den ilk tablolar\u0131 sergileyerek ac\u0131 ger\u00e7eklerin \u00fcrpertisini, \u00fclke sorunlar\u0131na yabanc\u0131 her alan\u0131n ayd\u0131nlar\u0131na duyuran odur. Ve daha o zaman \u00e7arp\u0131c\u0131 anlat\u0131m g\u00fcc\u00fcyle, \u00f6zg\u00fcn bi\u00e7imiyle usta bir yaz\u0131neri oldu\u011funu da ortaya koymu\u015ftur. Kimin ve neyin yazar\u0131 oldu\u011funun bilincinde, ki\u015fili\u011fini olu\u015ftururken yaman bir toplumbilimcili\u011fi de ekledi bu olu\u015fuma. Bilimin soyutundan e\u011fitim ve uygulaman\u0131n somutuna ge\u00e7erken karanl\u0131\u011f\u0131n \u00fcst\u00fcne y\u00fcr\u00fcy\u00fcp y\u0131\u011f\u0131nlara \u0131\u015f\u0131k olmay\u0131 ba\u015faran yazar\u0131n, bu yap\u0131t\u0131nda dikkati \u00e7eken \u00f6zelliklerden biri de K\u00f6y Enstit\u00fcleri\u2018ndeki i\u015f e\u011fitimi uygulamas\u0131n\u0131n k\u00f6y ya\u015fam\u0131nda meyvelerini verdi\u011fini \u00f6rneklemesidir. Enstit\u00fc \u00e7\u0131k\u0131\u015fl\u0131 \u00f6\u011fretmenlerin k\u00f6y\u00fcn tar\u0131msal, e\u011fitsel ve toplumsal ya\u015fam\u0131nda g\u00f6r\u00fclen yeniliklerdeki ba\u015far\u0131lar\u0131 bug\u00fcn art\u0131k somut olarak ortadad\u0131r. Makal bu yap\u0131t\u0131nda K\u00f6y Enstit\u00fcleri\u2018nde uygulanan \u00e7a\u011fc\u0131l e\u011fitimi ayr\u0131nt\u0131lar\u0131yla anlat\u0131rken, Enstit\u00fcler kapat\u0131ld\u0131ktan sonra uygulanmaya ba\u015flanan \u00e7a\u011fd\u0131\u015f\u0131 e\u011fitime de \u0131\u015f\u0131k tutmaktad\u0131r&#8230; -Sami Kara\u00f6ren \ufffc<\/p>\n","protected":false},"excerpt":{"rendered":"<p>De\u011feri d\u0131\u015f \u00fclkelerce de kabul edilmi\u015f ve yap\u0131tlar\u0131 bir\u00e7ok yabanc\u0131 dile \u00e7evrilmi\u015f olan se\u00e7kin e\u011fitimci Mahmut Makal g\u00fc\u00e7l\u00fc yazarl\u0131\u011f\u0131n\u0131 da bu alana adam\u0131\u015f bir sava\u015f\u00e7\u0131d\u0131r. Bilirsiniz,<span class=\"excerpt-hellip\"> [\u2026]<\/span><\/p>\n","protected":false},"featured_media":0,"template":"","meta":{"_monsterinsights_skip_tracking":false,"_monsterinsights_sitenote_active":false,"_monsterinsights_sitenote_note":"","_monsterinsights_sitenote_category":0},"product_brand":[],"product_cat":[12312,12304],"product_tag":[],"class_list":{"0":"post-691225","1":"product","2":"type-product","3":"status-publish","5":"product_cat-diger","6":"product_cat-tarih","7":"pa_cilt-ciltsiz","8":"pa_tur-kitap","9":"pa_yayinevi-literatur-yayinevi","10":"pa_yazar-mahmut-makal","12":"first","13":"instock","14":"sale","15":"shipping-taxable","16":"purchasable","17":"product-type-simple"},"_links":{"self":[{"href":"https:\/\/roveyayinevi.com.tr\/index.php\/wp-json\/wp\/v2\/product\/691225","targetHints":{"allow":["GET"]}}],"collection":[{"href":"https:\/\/roveyayinevi.com.tr\/index.php\/wp-json\/wp\/v2\/product"}],"about":[{"href":"https:\/\/roveyayinevi.com.tr\/index.php\/wp-json\/wp\/v2\/types\/product"}],"wp:attachment":[{"href":"https:\/\/roveyayinevi.com.tr\/index.php\/wp-json\/wp\/v2\/media?parent=691225"}],"wp:term":[{"taxonomy":"product_brand","embeddable":true,"href":"https:\/\/roveyayinevi.com.tr\/index.php\/wp-json\/wp\/v2\/product_brand?post=691225"},{"taxonomy":"product_cat","embeddable":true,"href":"https:\/\/roveyayinevi.com.tr\/index.php\/wp-json\/wp\/v2\/product_cat?post=691225"},{"taxonomy":"product_tag","embeddable":true,"href":"https:\/\/roveyayinevi.com.tr\/index.php\/wp-json\/wp\/v2\/product_tag?post=691225"}],"curies":[{"name":"wp","href":"https:\/\/api.w.org\/{rel}","templated":true}]}}