{"id":691217,"date":"2025-08-27T13:56:32","date_gmt":"2025-08-27T10:56:32","guid":{"rendered":"https:\/\/roveyayinevi.com.tr\/index.php\/urun\/kucuk-kirmizi-ask-kitabi\/"},"modified":"2026-04-16T02:00:46","modified_gmt":"2026-04-15T23:00:46","slug":"kucuk-kirmizi-ask-kitabi","status":"publish","type":"product","link":"https:\/\/roveyayinevi.com.tr\/index.php\/urun\/kucuk-kirmizi-ask-kitabi\/","title":{"rendered":"K\u00fc\u00e7\u00fck K\u0131rm\u0131z\u0131 A\u015fk Kitab\u0131"},"content":{"rendered":"<p>Nas\u0131l bir ge\u00e7mi\u015finiz olursa olsun, kalbiniz ne \u00e7ok k\u0131r\u0131lm\u0131\u015f olursa olsun, size t\u00fcm\u00fcyle uygun sevgi dolu bir e\u015f, bir \u00e2\u015f\u0131k, bir hayat arkada\u015f\u0131 bulabilirsiniz. \u0130nan\u0131n ve hat\u0131rlay\u0131n: Ya\u011fmur belirli ko\u015fullar olu\u015ftu\u011funda ya\u011far. A\u011fa\u00e7lar belirli ko\u015fullarda meyve verir, bitkiler belirli ko\u015fullarda \u00e7i\u00e7ek a\u00e7ar. Do\u011fada her \u015feyin ko\u015fullar\u0131, yasalar\u0131 var; sevgiyi bulman\u0131n ve koruman\u0131n da. \u015eu anda ister hayat\u0131n\u0131za, ruhunuza uygun bir sevgiliyi, e\u015fi \u00e7ekmeyi arzu edin, ister ili\u015fkinizi korumay\u0131 ve geli\u015ftirmeyi; bu K\u00fc\u00e7\u00fck K\u0131rm\u0131z\u0131 A\u015fk Kitab\u0131 sizin i\u00e7in. \ufffcTan\u0131t\u0131m Metni<\/p>\n","protected":false},"excerpt":{"rendered":"<p>Nas\u0131l bir ge\u00e7mi\u015finiz olursa olsun, kalbiniz ne \u00e7ok k\u0131r\u0131lm\u0131\u015f olursa olsun, size t\u00fcm\u00fcyle uygun sevgi dolu bir e\u015f, bir \u00e2\u015f\u0131k, bir hayat arkada\u015f\u0131 bulabilirsiniz. \u0130nan\u0131n ve<span class=\"excerpt-hellip\"> [\u2026]<\/span><\/p>\n","protected":false},"featured_media":0,"template":"","meta":{"_monsterinsights_skip_tracking":false,"_monsterinsights_sitenote_active":false,"_monsterinsights_sitenote_note":"","_monsterinsights_sitenote_category":0},"product_brand":[],"product_cat":[14643,12291],"product_tag":[],"class_list":{"0":"post-691217","1":"product","2":"type-product","3":"status-publish","5":"product_cat-ask","6":"product_cat-edebiyat","7":"pa_tur-kitap","8":"pa_yayinevi-kuraldisi-yayinevi","9":"pa_yazar-nil-gun","11":"first","12":"instock","13":"sale","14":"shipping-taxable","15":"purchasable","16":"product-type-simple"},"_links":{"self":[{"href":"https:\/\/roveyayinevi.com.tr\/index.php\/wp-json\/wp\/v2\/product\/691217","targetHints":{"allow":["GET"]}}],"collection":[{"href":"https:\/\/roveyayinevi.com.tr\/index.php\/wp-json\/wp\/v2\/product"}],"about":[{"href":"https:\/\/roveyayinevi.com.tr\/index.php\/wp-json\/wp\/v2\/types\/product"}],"wp:attachment":[{"href":"https:\/\/roveyayinevi.com.tr\/index.php\/wp-json\/wp\/v2\/media?parent=691217"}],"wp:term":[{"taxonomy":"product_brand","embeddable":true,"href":"https:\/\/roveyayinevi.com.tr\/index.php\/wp-json\/wp\/v2\/product_brand?post=691217"},{"taxonomy":"product_cat","embeddable":true,"href":"https:\/\/roveyayinevi.com.tr\/index.php\/wp-json\/wp\/v2\/product_cat?post=691217"},{"taxonomy":"product_tag","embeddable":true,"href":"https:\/\/roveyayinevi.com.tr\/index.php\/wp-json\/wp\/v2\/product_tag?post=691217"}],"curies":[{"name":"wp","href":"https:\/\/api.w.org\/{rel}","templated":true}]}}