{"id":691201,"date":"2025-08-27T13:56:29","date_gmt":"2025-08-27T10:56:29","guid":{"rendered":"https:\/\/roveyayinevi.com.tr\/index.php\/urun\/san-icin-temel-bilgiler-ve-ses-egzersizleri\/"},"modified":"2026-04-16T02:00:45","modified_gmt":"2026-04-15T23:00:45","slug":"san-icin-temel-bilgiler-ve-ses-egzersizleri","status":"publish","type":"product","link":"https:\/\/roveyayinevi.com.tr\/index.php\/urun\/san-icin-temel-bilgiler-ve-ses-egzersizleri\/","title":{"rendered":"\u015ean \u0130\u00e7in Temel Bilgiler ve Ses Egzersizleri"},"content":{"rendered":"<p>Bu kitap, m\u00fczik e\u011fitiminin \u00f6nemli bir dal\u0131 olan \u015fan e\u011fitimi alan\u0131yla ilgili kavramsal al\u0131\u015ft\u0131rmalar\u0131 ve temel ses e\u011fitiminden hareketle \u015fan e\u011fitiminde de kullan\u0131labilecek al\u0131\u015ft\u0131rmalar\u0131 kapsamaktad\u0131r. \ufffcTan\u0131t\u0131m Metni<\/p>\n","protected":false},"excerpt":{"rendered":"<p>Bu kitap, m\u00fczik e\u011fitiminin \u00f6nemli bir dal\u0131 olan \u015fan e\u011fitimi alan\u0131yla ilgili kavramsal al\u0131\u015ft\u0131rmalar\u0131 ve temel ses e\u011fitiminden hareketle \u015fan e\u011fitiminde de kullan\u0131labilecek al\u0131\u015ft\u0131rmalar\u0131 kapsamaktad\u0131r. \ufffcTan\u0131t\u0131m<span class=\"excerpt-hellip\"> [\u2026]<\/span><\/p>\n","protected":false},"featured_media":0,"template":"","meta":{"_monsterinsights_skip_tracking":false,"_monsterinsights_sitenote_active":false,"_monsterinsights_sitenote_note":"","_monsterinsights_sitenote_category":0},"product_brand":[],"product_cat":[14556,14557],"product_tag":[],"class_list":{"0":"post-691201","1":"product","2":"type-product","3":"status-publish","5":"product_cat-muzik","6":"product_cat-nota-kitaplari","7":"pa_tur-kitap","8":"pa_yayinevi-muzik-egitimi-yayinlari","9":"pa_yazar-asena-gozen-baltacioglu","11":"first","12":"instock","13":"sale","14":"shipping-taxable","15":"purchasable","16":"product-type-simple"},"_links":{"self":[{"href":"https:\/\/roveyayinevi.com.tr\/index.php\/wp-json\/wp\/v2\/product\/691201","targetHints":{"allow":["GET"]}}],"collection":[{"href":"https:\/\/roveyayinevi.com.tr\/index.php\/wp-json\/wp\/v2\/product"}],"about":[{"href":"https:\/\/roveyayinevi.com.tr\/index.php\/wp-json\/wp\/v2\/types\/product"}],"wp:attachment":[{"href":"https:\/\/roveyayinevi.com.tr\/index.php\/wp-json\/wp\/v2\/media?parent=691201"}],"wp:term":[{"taxonomy":"product_brand","embeddable":true,"href":"https:\/\/roveyayinevi.com.tr\/index.php\/wp-json\/wp\/v2\/product_brand?post=691201"},{"taxonomy":"product_cat","embeddable":true,"href":"https:\/\/roveyayinevi.com.tr\/index.php\/wp-json\/wp\/v2\/product_cat?post=691201"},{"taxonomy":"product_tag","embeddable":true,"href":"https:\/\/roveyayinevi.com.tr\/index.php\/wp-json\/wp\/v2\/product_tag?post=691201"}],"curies":[{"name":"wp","href":"https:\/\/api.w.org\/{rel}","templated":true}]}}