{"id":691188,"date":"2025-08-27T13:56:27","date_gmt":"2025-08-27T10:56:27","guid":{"rendered":"https:\/\/roveyayinevi.com.tr\/index.php\/urun\/kendini-arayan-kadin\/"},"modified":"2026-04-16T02:00:45","modified_gmt":"2026-04-15T23:00:45","slug":"kendini-arayan-kadin","status":"publish","type":"product","link":"https:\/\/roveyayinevi.com.tr\/index.php\/urun\/kendini-arayan-kadin\/","title":{"rendered":"Kendini Arayan Kad\u0131n"},"content":{"rendered":"<p>Kendini Arayan Adam, D\u00fczceli mehmet, Aysel, Halit Ertu\u011frul\u2019un en \u00e7ok okunan fla\u015f eserleri. \u015eimdi bunlara elinizde tuttu\u011funuz eser ekleniyor: Kendini Arayan Kad\u0131n. T\u0131pk\u0131 di\u011ferlerinde oldu\u011fu gibi, bu kitapta da, kendinizi bulacak, yeni bir heyecan duyacak, d\u00fcnyaya daha farkl\u0131 bakacaks\u0131n\u0131z. Nil\u00fcfer\u2019in hayat\u0131, d\u00fc\u015ft\u00fc\u011f\u00fc yanl\u0131\u015fl\u0131klar, kendini bulma m\u00fccadelesi, ya\u015fad\u0131\u011f\u0131 sars\u0131nt\u0131lar, kendine uzat\u0131lacak bir el aramas\u0131 hepimizi \u00fczecek ve d\u00fc\u015f\u00fcnd\u00fcrecek. Kitab\u0131 okuyunca, \u00e7evrenizdeki Nil\u00fcfer\u2019leri farkedecek ve onun gibilere ula\u015fman\u0131n vazifelerimizden biri oldu\u011funu hissedeceksiniz.\ufffcTan\u0131t\u0131m Metni<\/p>\n","protected":false},"excerpt":{"rendered":"<p>Kendini Arayan Adam, D\u00fczceli mehmet, Aysel, Halit Ertu\u011frul\u2019un en \u00e7ok okunan fla\u015f eserleri. \u015eimdi bunlara elinizde tuttu\u011funuz eser ekleniyor: Kendini Arayan Kad\u0131n. T\u0131pk\u0131 di\u011ferlerinde oldu\u011fu gibi,<span class=\"excerpt-hellip\"> [\u2026]<\/span><\/p>\n","protected":false},"featured_media":0,"template":"","meta":{"_monsterinsights_skip_tracking":false,"_monsterinsights_sitenote_active":false,"_monsterinsights_sitenote_note":"","_monsterinsights_sitenote_category":0},"product_brand":[],"product_cat":[13036,12718,12719],"product_tag":[],"class_list":{"0":"post-691188","1":"product","2":"type-product","3":"status-publish","5":"product_cat-arastirma-inceleme-islam","6":"product_cat-din","7":"product_cat-islam","8":"pa_cilt-ciltsiz","9":"pa_tur-kitap","10":"pa_yayinevi-nesil-yayinlari","11":"pa_yazar-halit-ertugrul","13":"first","14":"instock","15":"sale","16":"shipping-taxable","17":"purchasable","18":"product-type-simple"},"_links":{"self":[{"href":"https:\/\/roveyayinevi.com.tr\/index.php\/wp-json\/wp\/v2\/product\/691188","targetHints":{"allow":["GET"]}}],"collection":[{"href":"https:\/\/roveyayinevi.com.tr\/index.php\/wp-json\/wp\/v2\/product"}],"about":[{"href":"https:\/\/roveyayinevi.com.tr\/index.php\/wp-json\/wp\/v2\/types\/product"}],"wp:attachment":[{"href":"https:\/\/roveyayinevi.com.tr\/index.php\/wp-json\/wp\/v2\/media?parent=691188"}],"wp:term":[{"taxonomy":"product_brand","embeddable":true,"href":"https:\/\/roveyayinevi.com.tr\/index.php\/wp-json\/wp\/v2\/product_brand?post=691188"},{"taxonomy":"product_cat","embeddable":true,"href":"https:\/\/roveyayinevi.com.tr\/index.php\/wp-json\/wp\/v2\/product_cat?post=691188"},{"taxonomy":"product_tag","embeddable":true,"href":"https:\/\/roveyayinevi.com.tr\/index.php\/wp-json\/wp\/v2\/product_tag?post=691188"}],"curies":[{"name":"wp","href":"https:\/\/api.w.org\/{rel}","templated":true}]}}