{"id":691187,"date":"2025-08-27T13:56:27","date_gmt":"2025-08-27T10:56:27","guid":{"rendered":"https:\/\/roveyayinevi.com.tr\/index.php\/urun\/kendimi-buldum\/"},"modified":"2026-04-16T02:00:45","modified_gmt":"2026-04-15T23:00:45","slug":"kendimi-buldum","status":"publish","type":"product","link":"https:\/\/roveyayinevi.com.tr\/index.php\/urun\/kendimi-buldum\/","title":{"rendered":"Kendimi Buldum"},"content":{"rendered":"<p>\u00dcnl\u00fc bir ateistin ve marksistin  d\u00f6n\u00fc\u015f\u00fc n\u00fc konu alan ve \u0130slamla kucakla\u015fmas\u0131n\u0131 anlatan Kendini Arayan Adam isimli kitab\u0131m\u0131z, okuyuculardan b\u00fcy\u00fck ilgi g\u00f6rd\u00fc. Kitab\u0131 okuyanlar, gerek kitapla ilgili g\u00f6r\u00fc\u015flerini, gerekse kendileri \u00fczerinde b\u0131rakt\u0131\u011f\u0131 olumlu etkiyi telefonla, faksla ve mektupla ifade etmi\u015flerdi. Mektuplar, kitaptaki hakikatlerden nas\u0131l etkilendiklerini, hayatlar\u0131n\u0131n nas\u0131l de\u011fi\u015fti\u011fini b\u00fcy\u00fck bir co\u015fkuyla dile getirmektedir. Hayat\u0131n ger\u00e7eklerini ve i\u00e7inizdeki kendinizi, Kendimi Buldum\u2019la araman\u0131z daha kolay olacakt\u0131r. <\/p>\n","protected":false},"excerpt":{"rendered":"<p>\u00dcnl\u00fc bir ateistin ve marksistin d\u00f6n\u00fc\u015f\u00fc n\u00fc konu alan ve \u0130slamla kucakla\u015fmas\u0131n\u0131 anlatan Kendini Arayan Adam isimli kitab\u0131m\u0131z, okuyuculardan b\u00fcy\u00fck ilgi g\u00f6rd\u00fc. Kitab\u0131 okuyanlar, gerek kitapla<span class=\"excerpt-hellip\"> [\u2026]<\/span><\/p>\n","protected":false},"featured_media":0,"template":"","meta":{"_monsterinsights_skip_tracking":false,"_monsterinsights_sitenote_active":false,"_monsterinsights_sitenote_note":"","_monsterinsights_sitenote_category":0},"product_brand":[],"product_cat":[12718,18102,12719],"product_tag":[],"class_list":{"0":"post-691187","1":"product","2":"type-product","3":"status-publish","5":"product_cat-din","6":"product_cat-edebiyat-roman","7":"product_cat-islam","8":"pa_tur-kitap","9":"pa_yayinevi-nesil-yayinlari","10":"pa_yazar-halit-ertugrul","12":"first","13":"instock","14":"sale","15":"shipping-taxable","16":"purchasable","17":"product-type-simple"},"_links":{"self":[{"href":"https:\/\/roveyayinevi.com.tr\/index.php\/wp-json\/wp\/v2\/product\/691187","targetHints":{"allow":["GET"]}}],"collection":[{"href":"https:\/\/roveyayinevi.com.tr\/index.php\/wp-json\/wp\/v2\/product"}],"about":[{"href":"https:\/\/roveyayinevi.com.tr\/index.php\/wp-json\/wp\/v2\/types\/product"}],"wp:attachment":[{"href":"https:\/\/roveyayinevi.com.tr\/index.php\/wp-json\/wp\/v2\/media?parent=691187"}],"wp:term":[{"taxonomy":"product_brand","embeddable":true,"href":"https:\/\/roveyayinevi.com.tr\/index.php\/wp-json\/wp\/v2\/product_brand?post=691187"},{"taxonomy":"product_cat","embeddable":true,"href":"https:\/\/roveyayinevi.com.tr\/index.php\/wp-json\/wp\/v2\/product_cat?post=691187"},{"taxonomy":"product_tag","embeddable":true,"href":"https:\/\/roveyayinevi.com.tr\/index.php\/wp-json\/wp\/v2\/product_tag?post=691187"}],"curies":[{"name":"wp","href":"https:\/\/api.w.org\/{rel}","templated":true}]}}