{"id":691186,"date":"2025-08-27T13:56:26","date_gmt":"2025-08-27T10:56:26","guid":{"rendered":"https:\/\/roveyayinevi.com.tr\/index.php\/urun\/kayitdisi-tarihimiz\/"},"modified":"2026-04-16T02:00:45","modified_gmt":"2026-04-15T23:00:45","slug":"kayitdisi-tarihimiz","status":"publish","type":"product","link":"https:\/\/roveyayinevi.com.tr\/index.php\/urun\/kayitdisi-tarihimiz\/","title":{"rendered":"Kay\u0131td\u0131\u015f\u0131 Tarihimiz"},"content":{"rendered":"<p>Tarihimizle bizim aram\u0131z\u0131 a\u00e7an, ilkokuldan itibaren zihinlerimize yerle\u015ftirilen yanl\u0131 ve yanl\u0131\u015f bilgilerle ger\u00e7ekleri unutturan zemin kimin ve kimlerin \u00fcr\u00fcn\u00fc? Tarihe bak\u0131\u015f\u0131m\u0131z h\u00e2l\u00e2 neden kar\u0131\u015f\u0131k, bulan\u0131k ve \u00f6nyarg\u0131l\u0131? Hen\u00fcz birka\u00e7 y\u00fczy\u0131l \u00f6ncesine kadar, yakla\u015f\u0131k yirmi milyon kilometrekarelik bir co\u011frafya \u00fczerinde kurumla\u015fm\u0131\u015f, \u00fc\u00e7 k\u0131taya h\u00fckmeden bir devletimiz vard\u0131. Ancak bu kadar yak\u0131n ge\u00e7mi\u015fte ya\u015fananlar\u0131n ne kadar\u0131ndan haberdar\u0131z? Bildiklerimizin ne kadar\u0131 ger\u00e7ek? Do\u011frusuyla yanl\u0131\u015f\u0131yla tarihimizin arka pl\u00e2n\u0131na bakmaya, ge\u00e7mi\u015fimizde kalan ger\u00e7eklerle y\u00fczle\u015fmeye haz\u0131r m\u0131s\u0131n\u0131z? Kay\u0131td\u0131\u015f\u0131 Tarihimiz sizin i\u00e7in b\u00fcy\u00fck bir s\u0131r k\u00fcp\u00fcn\u00fcn kapa\u011f\u0131n\u0131 aral\u0131yor. Bu kitapla yanl\u0131\u015f veya eksik tan\u0131t\u0131lan \u015fahsiyetlerle daha yak\u0131ndan ve ger\u00e7ek y\u00f6nleriyle tan\u0131\u015facaks\u0131n\u0131z. <\/p>\n","protected":false},"excerpt":{"rendered":"<p>Tarihimizle bizim aram\u0131z\u0131 a\u00e7an, ilkokuldan itibaren zihinlerimize yerle\u015ftirilen yanl\u0131 ve yanl\u0131\u015f bilgilerle ger\u00e7ekleri unutturan zemin kimin ve kimlerin \u00fcr\u00fcn\u00fc? Tarihe bak\u0131\u015f\u0131m\u0131z h\u00e2l\u00e2 neden kar\u0131\u015f\u0131k, bulan\u0131k ve<span class=\"excerpt-hellip\"> [\u2026]<\/span><\/p>\n","protected":false},"featured_media":0,"template":"","meta":{"_monsterinsights_skip_tracking":false,"_monsterinsights_sitenote_active":false,"_monsterinsights_sitenote_note":"","_monsterinsights_sitenote_category":0},"product_brand":[],"product_cat":[12370,12304],"product_tag":[],"class_list":{"0":"post-691186","1":"product","2":"type-product","3":"status-publish","5":"product_cat-arastirma-inceleme","6":"product_cat-tarih","7":"pa_cilt-ciltsiz","8":"pa_tur-kitap","9":"pa_yayinevi-nesil-yayinlari","10":"pa_yazar-yavuz-bahadiroglu","12":"first","13":"instock","14":"sale","15":"shipping-taxable","16":"purchasable","17":"product-type-simple"},"_links":{"self":[{"href":"https:\/\/roveyayinevi.com.tr\/index.php\/wp-json\/wp\/v2\/product\/691186","targetHints":{"allow":["GET"]}}],"collection":[{"href":"https:\/\/roveyayinevi.com.tr\/index.php\/wp-json\/wp\/v2\/product"}],"about":[{"href":"https:\/\/roveyayinevi.com.tr\/index.php\/wp-json\/wp\/v2\/types\/product"}],"wp:attachment":[{"href":"https:\/\/roveyayinevi.com.tr\/index.php\/wp-json\/wp\/v2\/media?parent=691186"}],"wp:term":[{"taxonomy":"product_brand","embeddable":true,"href":"https:\/\/roveyayinevi.com.tr\/index.php\/wp-json\/wp\/v2\/product_brand?post=691186"},{"taxonomy":"product_cat","embeddable":true,"href":"https:\/\/roveyayinevi.com.tr\/index.php\/wp-json\/wp\/v2\/product_cat?post=691186"},{"taxonomy":"product_tag","embeddable":true,"href":"https:\/\/roveyayinevi.com.tr\/index.php\/wp-json\/wp\/v2\/product_tag?post=691186"}],"curies":[{"name":"wp","href":"https:\/\/api.w.org\/{rel}","templated":true}]}}