{"id":691180,"date":"2025-08-27T13:56:25","date_gmt":"2025-08-27T10:56:25","guid":{"rendered":"https:\/\/roveyayinevi.com.tr\/index.php\/urun\/kalp-sevmekten-yorulmaz\/"},"modified":"2026-04-11T13:19:51","modified_gmt":"2026-04-11T10:19:51","slug":"kalp-sevmekten-yorulmaz","status":"publish","type":"product","link":"https:\/\/roveyayinevi.com.tr\/index.php\/urun\/kalp-sevmekten-yorulmaz\/","title":{"rendered":"Kalp Sevmekten Yorulmaz"},"content":{"rendered":"<p>Sevgiyi sevenlerin kalbi, sevmekten yorulmas\u0131n diye, Sevgiyi \u00f6zleyenler, arad\u0131klar\u0131n\u0131 bulsun diye, Bir y\u00fcrek sunumu, Bir g\u00f6n\u00fcl \u00e7a\u011flayan\u0131&#8230; Kalp Sevmekten Yorulmaz\u2019la hep seveceksiniz, Sevdi\u011finizi belli edeceksiniz, Her g\u00fcn sevgi \u00e7ekinizi \u00f6demekten b\u00fcy\u00fck bir lezzet alacaks\u0131n\u0131z.. Kalp Sevmekten Yorulmaz, Sevgiyi Sevdirecek. Bu eserle, sevgiyi \u00f6\u011frenecek, sevgiyi \u00f6\u011freteceksiniz&#8230; Ve b\u00fcy\u00fck bir zevkle, her daim sevgi \u00e7ekinizi \u00f6deyeceksiniz. <\/p>\n","protected":false},"excerpt":{"rendered":"<p>Sevgiyi sevenlerin kalbi, sevmekten yorulmas\u0131n diye, Sevgiyi \u00f6zleyenler, arad\u0131klar\u0131n\u0131 bulsun diye, Bir y\u00fcrek sunumu, Bir g\u00f6n\u00fcl \u00e7a\u011flayan\u0131&#8230; Kalp Sevmekten Yorulmaz\u2019la hep seveceksiniz, Sevdi\u011finizi belli edeceksiniz, Her<span class=\"excerpt-hellip\"> [\u2026]<\/span><\/p>\n","protected":false},"featured_media":0,"template":"","meta":{"_monsterinsights_skip_tracking":false,"_monsterinsights_sitenote_active":false,"_monsterinsights_sitenote_note":"","_monsterinsights_sitenote_category":0},"product_brand":[],"product_cat":[12364,12376],"product_tag":[],"class_list":{"0":"post-691180","1":"product","2":"type-product","3":"status-publish","5":"product_cat-genel-konular","6":"product_cat-kisisel-gelisim","7":"pa_tur-kitap","8":"pa_yayinevi-nesil-yayinlari","9":"pa_yazar-vehbi-vakkasoglu","11":"first","12":"instock","13":"sale","14":"shipping-taxable","15":"purchasable","16":"product-type-simple"},"_links":{"self":[{"href":"https:\/\/roveyayinevi.com.tr\/index.php\/wp-json\/wp\/v2\/product\/691180","targetHints":{"allow":["GET"]}}],"collection":[{"href":"https:\/\/roveyayinevi.com.tr\/index.php\/wp-json\/wp\/v2\/product"}],"about":[{"href":"https:\/\/roveyayinevi.com.tr\/index.php\/wp-json\/wp\/v2\/types\/product"}],"wp:attachment":[{"href":"https:\/\/roveyayinevi.com.tr\/index.php\/wp-json\/wp\/v2\/media?parent=691180"}],"wp:term":[{"taxonomy":"product_brand","embeddable":true,"href":"https:\/\/roveyayinevi.com.tr\/index.php\/wp-json\/wp\/v2\/product_brand?post=691180"},{"taxonomy":"product_cat","embeddable":true,"href":"https:\/\/roveyayinevi.com.tr\/index.php\/wp-json\/wp\/v2\/product_cat?post=691180"},{"taxonomy":"product_tag","embeddable":true,"href":"https:\/\/roveyayinevi.com.tr\/index.php\/wp-json\/wp\/v2\/product_tag?post=691180"}],"curies":[{"name":"wp","href":"https:\/\/api.w.org\/{rel}","templated":true}]}}