{"id":691146,"date":"2025-08-27T13:56:19","date_gmt":"2025-08-27T10:56:19","guid":{"rendered":"https:\/\/roveyayinevi.com.tr\/index.php\/urun\/seriat-devletinden-laik-cumhuriyete\/"},"modified":"2026-04-16T02:00:44","modified_gmt":"2026-04-15T23:00:44","slug":"seriat-devletinden-laik-cumhuriyete","status":"publish","type":"product","link":"https:\/\/roveyayinevi.com.tr\/index.php\/urun\/seriat-devletinden-laik-cumhuriyete\/","title":{"rendered":"\u015eeriat Devleti\u2019nden Laik Cumhuriyet\u2019e"},"content":{"rendered":"<p>B\u00fct\u00fcn topluma Prof. Dr. \u0130lhan Arsel\u2019in bu kitab\u0131n\u0131 okutabilseydik, bu \u00e7a\u011fda ne Refahyol iskelesine u\u011frard\u0131k, ne din devleti dura\u011f\u0131nda macera arard\u0131k. Bu kitab\u0131 okumu\u015f olsayd\u0131k, Atat\u00fcrk T\u00fcrkiye\u2019sinin nimetlerini \u00e7oktan kavram\u0131\u015f, uygar ufuklara yelken a\u00e7m\u0131\u015f bir toplum olurduk. \u00c7\u00fcnk\u00fc, \u015feriat d\u00fczenine ili\u015fkin her \u015fey Osmanl\u0131 d\u00f6neminde denenmi\u015f. Ama \u00e7\u00f6k\u00fc\u015f \u00f6nlenememi\u015f&#8230; \u015eimdi kitaptan birka\u00e7 sat\u0131r\u0131, Osmanl\u0131 ile Atat\u00fcrk T\u00fcrkiye&#8217;si aras\u0131ndaki fark\u0131 fark etmek \u00fczere a\u015fa\u011f\u0131ya al\u0131yoruz. Osmanl\u0131&#8217;da Ba\u015fbakan nas\u0131l se\u00e7ilmi\u015f? G\u00f6relim&#8230; &#8230;Bunlardan biri r\u00fcyaya itibar usul\u00fc idi: \u015eeyh\u00fclislam efendi r\u00fcyas\u0131nda birini sadrazaml\u0131\u011fa getirilmi\u015f g\u00f6recek ve padi\u015fah da b\u00f6ylece atama i\u015fine giri\u015fecekti. \u00d6rne\u011fin: Hicri 1204 y\u0131l\u0131nda Sultan Selim, hem \u015eeyh\u00fclislam&#8217;dan ve hem de Kaymakam Pa\u015fa&#8217;dan, sadrazaml\u0131k i\u00e7in aday g\u00f6stermelerini ister. Bunun \u00fczerine tayin i\u015fi &#8216;istihare&#8217;ye b\u0131rak\u0131l\u0131r: Kaymakam Pa\u015fa&#8217;da ayn\u0131 \u015feyi s\u00f6yler. Buna kar\u015f\u0131l\u0131k Padi\u015fah, r\u00fcyas\u0131nda \u00fc\u00e7 kez arka arkaya Cezayirli Gazi Hasan Pa\u015fa&#8217;y\u0131 g\u00f6rd\u00fc\u011f\u00fcn\u00fc ifade eder. Hasan Pa\u015fa sadarete lay\u0131k g\u00f6r\u00fcl\u00fcr ve &#8216;m\u00fchr\u00fc h\u00fcmayun&#8217; kendisine g\u00f6nderiliir. Hasan Pa\u015fa&#8217;n\u0131n Sadrazaml\u0131\u011f\u0131 3,5 ay s\u00fcrm\u00fc\u015f&#8230; Peki sonra? Okuyal\u0131m g\u00f6relim: &#8230;Sadrazam Gazi Pa\u015fa&#8217;n\u0131n \u00f6l\u00fcm\u00fcnden sonra, onun yerini alacak birini bulmak zorla\u015fm\u0131\u015ft\u0131. R\u00fcya g\u00f6ren pek \u00e7\u0131kmad\u0131\u011f\u0131 i\u00e7in geriye, kura \u00e7ekme \u015f\u0131kk\u0131 kal\u0131yordu. Padi\u015fah&#8217;\u0131n emriyle, Rumeli&#8217;deki vezirlerin adlar\u0131 bir liste halinde Padi\u015fah&#8217;a sunuldu. Kura, Rus\u00e7uklu Hasan Pa\u015fa&#8217;ya isabet etti\u011finden sadrazaml\u0131\u011fa o getirildi. Kendisine sadaret m\u00fchr\u00fc verildi\u011finde \u015fa\u015f\u0131r\u0131p kald\u0131\u011f\u0131 ve \u00e7\u00fcnk\u00fc hi\u00e7bir iltimas\u0131 bulunmad\u0131\u011f\u0131 i\u00e7in bu &#8216;tevecc\u00fche&#8217; ak\u0131l erdiremedi\u011fi s\u00f6ylenir. Melih A\u015f\u0131k (Milliyet, 1 Temmuz 1997) <\/p>\n","protected":false},"excerpt":{"rendered":"<p>B\u00fct\u00fcn topluma Prof. Dr. \u0130lhan Arsel\u2019in bu kitab\u0131n\u0131 okutabilseydik, bu \u00e7a\u011fda ne Refahyol iskelesine u\u011frard\u0131k, ne din devleti dura\u011f\u0131nda macera arard\u0131k. Bu kitab\u0131 okumu\u015f olsayd\u0131k, Atat\u00fcrk<span class=\"excerpt-hellip\"> [\u2026]<\/span><\/p>\n","protected":false},"featured_media":0,"template":"","meta":{"_monsterinsights_skip_tracking":false,"_monsterinsights_sitenote_active":false,"_monsterinsights_sitenote_note":"","_monsterinsights_sitenote_category":0},"product_brand":[],"product_cat":[12337,14543],"product_tag":[],"class_list":{"0":"post-691146","1":"product","2":"type-product","3":"status-publish","5":"product_cat-politika-siyaset","6":"product_cat-turkiye-siyaseti-ve-politikasi","7":"pa_cilt-ciltsiz","8":"pa_tur-kitap","9":"pa_yayinevi-kaynak-yayinlari","10":"pa_yazar-ilhan-arsel","12":"first","13":"instock","14":"sale","15":"shipping-taxable","16":"purchasable","17":"product-type-simple"},"_links":{"self":[{"href":"https:\/\/roveyayinevi.com.tr\/index.php\/wp-json\/wp\/v2\/product\/691146","targetHints":{"allow":["GET"]}}],"collection":[{"href":"https:\/\/roveyayinevi.com.tr\/index.php\/wp-json\/wp\/v2\/product"}],"about":[{"href":"https:\/\/roveyayinevi.com.tr\/index.php\/wp-json\/wp\/v2\/types\/product"}],"wp:attachment":[{"href":"https:\/\/roveyayinevi.com.tr\/index.php\/wp-json\/wp\/v2\/media?parent=691146"}],"wp:term":[{"taxonomy":"product_brand","embeddable":true,"href":"https:\/\/roveyayinevi.com.tr\/index.php\/wp-json\/wp\/v2\/product_brand?post=691146"},{"taxonomy":"product_cat","embeddable":true,"href":"https:\/\/roveyayinevi.com.tr\/index.php\/wp-json\/wp\/v2\/product_cat?post=691146"},{"taxonomy":"product_tag","embeddable":true,"href":"https:\/\/roveyayinevi.com.tr\/index.php\/wp-json\/wp\/v2\/product_tag?post=691146"}],"curies":[{"name":"wp","href":"https:\/\/api.w.org\/{rel}","templated":true}]}}