{"id":691145,"date":"2025-08-27T13:56:19","date_gmt":"2025-08-27T10:56:19","guid":{"rendered":"https:\/\/roveyayinevi.com.tr\/index.php\/urun\/marka-yaratmanin-22-kurali\/"},"modified":"2026-04-16T02:00:44","modified_gmt":"2026-04-15T23:00:44","slug":"marka-yaratmanin-22-kurali","status":"publish","type":"product","link":"https:\/\/roveyayinevi.com.tr\/index.php\/urun\/marka-yaratmanin-22-kurali\/","title":{"rendered":"Marka Yaratman\u0131n 22 Kural\u0131"},"content":{"rendered":"<p>Marka konusunda yaz\u0131lm\u0131\u015f en basit ve en i\u015fe yarayan kitaplardan biri. Zaten marka dedi\u011finiz nedir ki? T\u00fcketicilerin zihninde yer etmesini sa\u011flad\u0131\u011f\u0131n\u0131z benzersiz bir fikir; hatta sadece bir kelime. T\u00fcketicinin zihninde bir kelimeye sahip olmak \u00e7ok mu zor? Marka yaratman\u0131n ve ya\u015fatman\u0131n kurallar\u0131n\u0131 biliyorsan\u0131z, hi\u00e7 de\u011fil. Bu kurallar\u0131 \u00f6\u011frenmek \u00e7ok mu zor? Kesinlikle de\u011fil. Tamam\u0131 22 tane ve hepsi de bu \u00e7ok de\u011ferli kitab\u0131n i\u00e7inde&#8230;  <\/p>\n","protected":false},"excerpt":{"rendered":"<p>Marka konusunda yaz\u0131lm\u0131\u015f en basit ve en i\u015fe yarayan kitaplardan biri. Zaten marka dedi\u011finiz nedir ki? T\u00fcketicilerin zihninde yer etmesini sa\u011flad\u0131\u011f\u0131n\u0131z benzersiz bir fikir; hatta sadece<span class=\"excerpt-hellip\"> [\u2026]<\/span><\/p>\n","protected":false},"featured_media":0,"template":"","meta":{"_monsterinsights_skip_tracking":false,"_monsterinsights_sitenote_active":false,"_monsterinsights_sitenote_note":"","_monsterinsights_sitenote_category":0},"product_brand":[],"product_cat":[13043,17492],"product_tag":[],"class_list":{"0":"post-691145","1":"product","2":"type-product","3":"status-publish","5":"product_cat-ekonomi","6":"product_cat-pazarlama-satis-reklam","7":"pa_cilt-ciltsiz","8":"pa_tur-kitap","9":"pa_yayinevi-mediacat-kitaplari","10":"pa_yazar-al-ries","12":"first","13":"instock","14":"sale","15":"shipping-taxable","16":"purchasable","17":"product-type-simple"},"_links":{"self":[{"href":"https:\/\/roveyayinevi.com.tr\/index.php\/wp-json\/wp\/v2\/product\/691145","targetHints":{"allow":["GET"]}}],"collection":[{"href":"https:\/\/roveyayinevi.com.tr\/index.php\/wp-json\/wp\/v2\/product"}],"about":[{"href":"https:\/\/roveyayinevi.com.tr\/index.php\/wp-json\/wp\/v2\/types\/product"}],"wp:attachment":[{"href":"https:\/\/roveyayinevi.com.tr\/index.php\/wp-json\/wp\/v2\/media?parent=691145"}],"wp:term":[{"taxonomy":"product_brand","embeddable":true,"href":"https:\/\/roveyayinevi.com.tr\/index.php\/wp-json\/wp\/v2\/product_brand?post=691145"},{"taxonomy":"product_cat","embeddable":true,"href":"https:\/\/roveyayinevi.com.tr\/index.php\/wp-json\/wp\/v2\/product_cat?post=691145"},{"taxonomy":"product_tag","embeddable":true,"href":"https:\/\/roveyayinevi.com.tr\/index.php\/wp-json\/wp\/v2\/product_tag?post=691145"}],"curies":[{"name":"wp","href":"https:\/\/api.w.org\/{rel}","templated":true}]}}