{"id":691137,"date":"2025-08-27T13:56:17","date_gmt":"2025-08-27T10:56:17","guid":{"rendered":"https:\/\/roveyayinevi.com.tr\/index.php\/urun\/tasnak-partisinin-karsidevrimci-rolu\/"},"modified":"2026-04-16T02:00:44","modified_gmt":"2026-04-15T23:00:44","slug":"tasnak-partisinin-karsidevrimci-rolu","status":"publish","type":"product","link":"https:\/\/roveyayinevi.com.tr\/index.php\/urun\/tasnak-partisinin-karsidevrimci-rolu\/","title":{"rendered":"Ta\u015fnak Partisi\u2019nin Kar\u015f\u0131devrimci Rol\u00fc"},"content":{"rendered":"<p>Ermeni belgeleriyle Ermeni Soyk\u0131r\u0131m\u0131 Yalan\u0131  dizisi Ermeni tarih\u00e7isi A.A. Lalayan\u2019\u0131n \u00e7al\u0131\u015fmalar\u0131yla devam ediyor. Ger\u00e7eklere ba\u011fl\u0131, d\u00fcr\u00fcst ve nesnel bir Ermeni tarih\u00e7isi olan Lalayan\u2019\u0131n bu eseriyle, Ermenistan Devlet Arvi\u015fi a\u00e7\u0131l\u0131yor. \u00c7\u00fcnk\u00fc Lalayan, 1914-1923 y\u0131llar\u0131 aras\u0131ndaki T\u00fcrk-Ermeni ili\u015fkilerini, \u00e7o\u011fu Ermenistan ar\u015fivlerinde bulunan belgelere dayanarak a\u00e7\u0131kl\u0131yor. Lalayan, Ta\u015fnaksutyun ger\u00e7e\u011fini ve kendi ifadesiyle  S\u00f6zde Ermeni Meselesi nin i\u00e7y\u00fcz\u00fcn\u00fc g\u00f6zler \u00f6n\u00fcne seriyor ve \u00f6zellikle \u015fu \u00f6nemli konular\u0131 inceliyor: &#8211; Ta\u015fnaksutyun Partisi\u2019nin b\u00fcy\u00fck devletlerle ili\u015fkileri. &#8211; Denizden Denize Ermenistan Projesi\u2019nin arkas\u0131ndaki g\u00fc\u00e7ler. &#8211; Ta\u015fnaklar\u0131n etnik temizlik politikas\u0131. &#8211; Ta\u015fnak g\u00f6n\u00fcll\u00fc hareketinin silahl\u0131 eylemleri ve Ermeni halk\u0131na uygulamalar\u0131. Bize tarih tutana\u011f\u0131n\u0131 b\u0131rakan Ermeni tarih\u00e7i Lalayan\u2019a te\u015fekk\u00fcr bor\u00e7luyuz&#8230; <\/p>\n","protected":false},"excerpt":{"rendered":"<p>Ermeni belgeleriyle Ermeni Soyk\u0131r\u0131m\u0131 Yalan\u0131 dizisi Ermeni tarih\u00e7isi A.A. Lalayan\u2019\u0131n \u00e7al\u0131\u015fmalar\u0131yla devam ediyor. Ger\u00e7eklere ba\u011fl\u0131, d\u00fcr\u00fcst ve nesnel bir Ermeni tarih\u00e7isi olan Lalayan\u2019\u0131n bu eseriyle, Ermenistan<span class=\"excerpt-hellip\"> [\u2026]<\/span><\/p>\n","protected":false},"featured_media":0,"template":"","meta":{"_monsterinsights_skip_tracking":false,"_monsterinsights_sitenote_active":false,"_monsterinsights_sitenote_note":"","_monsterinsights_sitenote_category":0},"product_brand":[],"product_cat":[13517,12304],"product_tag":[],"class_list":{"0":"post-691137","1":"product","2":"type-product","3":"status-publish","5":"product_cat-osmanli-tarihi","6":"product_cat-tarih","7":"pa_tur-kitap","8":"pa_yayinevi-kaynak-yayinlari","9":"pa_yazar-a-a-lalayan","11":"first","12":"instock","13":"sale","14":"shipping-taxable","15":"purchasable","16":"product-type-simple"},"_links":{"self":[{"href":"https:\/\/roveyayinevi.com.tr\/index.php\/wp-json\/wp\/v2\/product\/691137","targetHints":{"allow":["GET"]}}],"collection":[{"href":"https:\/\/roveyayinevi.com.tr\/index.php\/wp-json\/wp\/v2\/product"}],"about":[{"href":"https:\/\/roveyayinevi.com.tr\/index.php\/wp-json\/wp\/v2\/types\/product"}],"wp:attachment":[{"href":"https:\/\/roveyayinevi.com.tr\/index.php\/wp-json\/wp\/v2\/media?parent=691137"}],"wp:term":[{"taxonomy":"product_brand","embeddable":true,"href":"https:\/\/roveyayinevi.com.tr\/index.php\/wp-json\/wp\/v2\/product_brand?post=691137"},{"taxonomy":"product_cat","embeddable":true,"href":"https:\/\/roveyayinevi.com.tr\/index.php\/wp-json\/wp\/v2\/product_cat?post=691137"},{"taxonomy":"product_tag","embeddable":true,"href":"https:\/\/roveyayinevi.com.tr\/index.php\/wp-json\/wp\/v2\/product_tag?post=691137"}],"curies":[{"name":"wp","href":"https:\/\/api.w.org\/{rel}","templated":true}]}}