{"id":691116,"date":"2025-08-27T13:56:14","date_gmt":"2025-08-27T10:56:14","guid":{"rendered":"https:\/\/roveyayinevi.com.tr\/index.php\/urun\/buhara-yaniyor\/"},"modified":"2026-04-16T02:00:44","modified_gmt":"2026-04-15T23:00:44","slug":"buhara-yaniyor","status":"publish","type":"product","link":"https:\/\/roveyayinevi.com.tr\/index.php\/urun\/buhara-yaniyor\/","title":{"rendered":"Buhara Yan\u0131yor"},"content":{"rendered":"<p>Aradan y\u00fcz y\u0131llar ge\u00e7se de, toplumlar\u0131n haf\u0131zas\u0131nda ya\u015famas\u0131 gereken olaylar vard\u0131r. Toplumlar bu olaylar\u0131n \u0131\u015f\u0131\u011f\u0131nda ge\u00e7mi\u015fi de\u011ferlendirir. Gelece\u011fe do\u011fru daha sa\u011fl\u0131kl\u0131 ad\u0131mlar atman\u0131n yolu da ge\u00e7mi\u015fi iyi de\u011ferlendirmekten ge\u00e7er. Edebiyat, ge\u00e7mi\u015fle gelecek aras\u0131nda k\u00f6pr\u00fc kurma misyonunu \u00fcstlenen \u00f6nemli bir ara\u00e7t\u0131r. Tarih, ger\u00e7e\u011fi edeb\u00ee bir g\u00fczelleme i\u00e7inde ku\u015faktan ku\u015fa\u011fa aktar\u0131r. Kal\u0131c\u0131, hatta belirleyici olmaya ba\u015flar. Ancak &#8220;Buhara Yan\u0131yor&#8221; sadece bir roman de\u011fil, ayn\u0131 zamanda i\u00e7 \u00e7eki\u015fmeler y\u00fcz\u00fcnden t\u00fckenen bir milletin ac\u0131s\u0131; bir \u015fehrin, bir k\u00fclt\u00fcr\u00fcn, bir medeniyetin hik\u00e2yesidir. Olgunla\u015fmak i\u00e7in pi\u015fmek, \u00e7elikle\u015fmek i\u00e7in yanmak gerekir.<\/p>\n","protected":false},"excerpt":{"rendered":"<p>Aradan y\u00fcz y\u0131llar ge\u00e7se de, toplumlar\u0131n haf\u0131zas\u0131nda ya\u015famas\u0131 gereken olaylar vard\u0131r. Toplumlar bu olaylar\u0131n \u0131\u015f\u0131\u011f\u0131nda ge\u00e7mi\u015fi de\u011ferlendirir. Gelece\u011fe do\u011fru daha sa\u011fl\u0131kl\u0131 ad\u0131mlar atman\u0131n yolu da ge\u00e7mi\u015fi<span class=\"excerpt-hellip\"> [\u2026]<\/span><\/p>\n","protected":false},"featured_media":0,"template":"","meta":{"_monsterinsights_skip_tracking":false,"_monsterinsights_sitenote_active":false,"_monsterinsights_sitenote_note":"","_monsterinsights_sitenote_category":0},"product_brand":[],"product_cat":[12291,12292],"product_tag":[],"class_list":{"0":"post-691116","1":"product","2":"type-product","3":"status-publish","5":"product_cat-edebiyat","6":"product_cat-turk-edebiyati","7":"pa_cilt-ciltsiz","8":"pa_tur-kitap","9":"pa_yayinevi-nesil-yayinlari","10":"pa_yazar-yavuz-bahadiroglu","12":"first","13":"instock","14":"sale","15":"shipping-taxable","16":"purchasable","17":"product-type-simple"},"_links":{"self":[{"href":"https:\/\/roveyayinevi.com.tr\/index.php\/wp-json\/wp\/v2\/product\/691116","targetHints":{"allow":["GET"]}}],"collection":[{"href":"https:\/\/roveyayinevi.com.tr\/index.php\/wp-json\/wp\/v2\/product"}],"about":[{"href":"https:\/\/roveyayinevi.com.tr\/index.php\/wp-json\/wp\/v2\/types\/product"}],"wp:attachment":[{"href":"https:\/\/roveyayinevi.com.tr\/index.php\/wp-json\/wp\/v2\/media?parent=691116"}],"wp:term":[{"taxonomy":"product_brand","embeddable":true,"href":"https:\/\/roveyayinevi.com.tr\/index.php\/wp-json\/wp\/v2\/product_brand?post=691116"},{"taxonomy":"product_cat","embeddable":true,"href":"https:\/\/roveyayinevi.com.tr\/index.php\/wp-json\/wp\/v2\/product_cat?post=691116"},{"taxonomy":"product_tag","embeddable":true,"href":"https:\/\/roveyayinevi.com.tr\/index.php\/wp-json\/wp\/v2\/product_tag?post=691116"}],"curies":[{"name":"wp","href":"https:\/\/api.w.org\/{rel}","templated":true}]}}