{"id":691082,"date":"2025-08-27T13:56:07","date_gmt":"2025-08-27T10:56:07","guid":{"rendered":"https:\/\/roveyayinevi.com.tr\/index.php\/urun\/damda-deli-var\/"},"modified":"2026-04-16T02:00:27","modified_gmt":"2026-04-15T23:00:27","slug":"damda-deli-var","status":"publish","type":"product","link":"https:\/\/roveyayinevi.com.tr\/index.php\/urun\/damda-deli-var\/","title":{"rendered":"Damda Deli Var"},"content":{"rendered":"<p>Komiser,\u2013 Yapt\u0131k, dedi, seni \u015fehir meclisine \u00fcye yapt\u0131k. Hadi karde\u015fim, in a\u015fa\u011f\u0131 da arkada\u015flar\u0131n\u0131 bekletme!..\u2013 \u0130nmem! Belediye ba\u015fkan\u0131 yap\u0131n ineyim!\u0130htiyar,\u2013 G\u00f6rd\u00fcn\u00fcz m\u00fc, dedi, vaktiyle gerekti. \u015eimdi hi\u00e7 inmez.Ter i\u00e7inde kalan itfaiye komutan\u0131,\u2013 Yani belediye ba\u015fkan\u0131 yapsak ne olur, dedi, yapal\u0131m. Sonra iki elini a\u011fz\u0131na boru yap\u0131p yukar\u0131 seslendi: \u0130n karde\u015fim!.. Seni belediye ba\u015fkan\u0131 yapt\u0131k, in de g\u00f6revine ba\u015fla!Deli g\u00f6bek atarak,\u2013 \u0130nmem, dedi, bir deliyi belediye ba\u015fkan\u0131 yapanlar\u0131n aras\u0131nda benim ne i\u015fim var? \u0130nmem!\u2013 Peki, ne istiyorsun?<\/p>\n","protected":false},"excerpt":{"rendered":"<p>Komiser,\u2013 Yapt\u0131k, dedi, seni \u015fehir meclisine \u00fcye yapt\u0131k. Hadi karde\u015fim, in a\u015fa\u011f\u0131 da arkada\u015flar\u0131n\u0131 bekletme!..\u2013 \u0130nmem! Belediye ba\u015fkan\u0131 yap\u0131n ineyim!\u0130htiyar,\u2013 G\u00f6rd\u00fcn\u00fcz m\u00fc, dedi, vaktiyle gerekti. \u015eimdi<span class=\"excerpt-hellip\"> [\u2026]<\/span><\/p>\n","protected":false},"featured_media":0,"template":"","meta":{"_monsterinsights_skip_tracking":false,"_monsterinsights_sitenote_active":false,"_monsterinsights_sitenote_note":"","_monsterinsights_sitenote_category":0},"product_brand":[],"product_cat":[12291,12292],"product_tag":[],"class_list":{"0":"post-691082","1":"product","2":"type-product","3":"status-publish","5":"product_cat-edebiyat","6":"product_cat-turk-edebiyati","7":"pa_cilt-ciltsiz","8":"pa_tur-kitap","9":"pa_yayinevi-nesin-yayinlari","10":"pa_yazar-aziz-nesin","12":"first","13":"instock","14":"sale","15":"shipping-taxable","16":"purchasable","17":"product-type-simple"},"_links":{"self":[{"href":"https:\/\/roveyayinevi.com.tr\/index.php\/wp-json\/wp\/v2\/product\/691082","targetHints":{"allow":["GET"]}}],"collection":[{"href":"https:\/\/roveyayinevi.com.tr\/index.php\/wp-json\/wp\/v2\/product"}],"about":[{"href":"https:\/\/roveyayinevi.com.tr\/index.php\/wp-json\/wp\/v2\/types\/product"}],"wp:attachment":[{"href":"https:\/\/roveyayinevi.com.tr\/index.php\/wp-json\/wp\/v2\/media?parent=691082"}],"wp:term":[{"taxonomy":"product_brand","embeddable":true,"href":"https:\/\/roveyayinevi.com.tr\/index.php\/wp-json\/wp\/v2\/product_brand?post=691082"},{"taxonomy":"product_cat","embeddable":true,"href":"https:\/\/roveyayinevi.com.tr\/index.php\/wp-json\/wp\/v2\/product_cat?post=691082"},{"taxonomy":"product_tag","embeddable":true,"href":"https:\/\/roveyayinevi.com.tr\/index.php\/wp-json\/wp\/v2\/product_tag?post=691082"}],"curies":[{"name":"wp","href":"https:\/\/api.w.org\/{rel}","templated":true}]}}