{"id":691033,"date":"2025-08-27T13:55:05","date_gmt":"2025-08-27T10:55:05","guid":{"rendered":"https:\/\/roveyayinevi.com.tr\/index.php\/urun\/ortadogu-uygarlik-mirasi-1\/"},"modified":"2026-04-16T02:00:26","modified_gmt":"2026-04-15T23:00:26","slug":"ortadogu-uygarlik-mirasi-1","status":"publish","type":"product","link":"https:\/\/roveyayinevi.com.tr\/index.php\/urun\/ortadogu-uygarlik-mirasi-1\/","title":{"rendered":"Ortado\u011fu Uygarl\u0131k Miras\u0131 -1"},"content":{"rendered":"<p>Bu kitap, Muazzez \u0130lmiye \u00c7\u0131\u011f\u2019\u0131n \u00e7e\u015fitli dergilerde yay\u0131mlanan makaleleri ve bilimsel toplant\u0131larda sundu\u011fu baz\u0131 bildirileri kapsamaktad\u0131r. \u00c7\u0131\u011f, Sumerlilerden zaman\u0131m\u0131za ula\u015fan k\u00fclt\u00fcr izlerini yaz\u0131lar\u0131yla bizlere ta\u015f\u0131yor. Kitapta yer alan baz\u0131 konu ba\u015fl\u0131klar\u0131 \u015funlard\u0131r: Atat\u00fcrk ve T\u00fcrkiye\u2019de \u00c7iviyaz\u0131lar\u0131 Biliminin Ba\u015flamas\u0131&#8230; Anadolu\u2019nun Ortas\u0131nda Tarihin En eski Ticaret Merkezi&#8230; \u0130lk Yaz\u0131y\u0131 Allah, Adem\u2019e mi \u00d6\u011fretti? Sumer Dini ve Efsanelerinden Tektanr\u0131l\u0131 Dinler ve Din Kitaplar\u0131na Gelen Etkiler&#8230; Tarihte \u0130lk Cinayet ve Sumer Mahkemeleri&#8230; D\u00fcnyada \u0130lk R\u00fc\u015fvet Olay\u0131 ve Sumer Okullar\u0131&#8230; Sumer\u2019de Cinsel Ya\u015fam&#8230; \u00c7ift\u00e7ilik Hakk\u0131nda Yaz\u0131lm\u0131\u015f En Eski El Kitab\u0131&#8230; \u00d6nemli Bir Anadolu Uygarl\u0131\u011f\u0131: Hititler&#8230; Hitit G\u00fcne\u015fi Nereden Geliyor?&#8230; Tarihte \u0130lk Vergi Reformu&#8230; Tarihte En Eski G\u00fcmr\u00fck Ka\u00e7ak\u00e7\u0131l\u0131\u011f\u0131&#8230; D\u00fcnya Halklar\u0131 Mitolojilerinde Yarat\u0131l\u0131\u015f Efsaneleri&#8230; S\u00fcnnet Gelene\u011finin K\u00f6keni&#8230; Tarihte \u0130lk Kad\u0131n \u015eair&#8230; Tarihin En Eski Ninnisi!.. \u00d6rt\u00fcnmenin Tarih\u00e7esi&#8230; Eski Deniz Krallar\u0131n\u0131n Haritalar\u0131&#8230; \ufffcTan\u0131t\u0131m Metni<\/p>\n","protected":false},"excerpt":{"rendered":"<p>Bu kitap, Muazzez \u0130lmiye \u00c7\u0131\u011f\u2019\u0131n \u00e7e\u015fitli dergilerde yay\u0131mlanan makaleleri ve bilimsel toplant\u0131larda sundu\u011fu baz\u0131 bildirileri kapsamaktad\u0131r. \u00c7\u0131\u011f, Sumerlilerden zaman\u0131m\u0131za ula\u015fan k\u00fclt\u00fcr izlerini yaz\u0131lar\u0131yla bizlere ta\u015f\u0131yor. Kitapta<span class=\"excerpt-hellip\"> [\u2026]<\/span><\/p>\n","protected":false},"featured_media":0,"template":"","meta":{"_monsterinsights_skip_tracking":false,"_monsterinsights_sitenote_active":false,"_monsterinsights_sitenote_note":"","_monsterinsights_sitenote_category":0},"product_brand":[],"product_cat":[12312,12304],"product_tag":[],"class_list":{"0":"post-691033","1":"product","2":"type-product","3":"status-publish","5":"product_cat-diger","6":"product_cat-tarih","7":"pa_tur-kitap","8":"pa_yayinevi-kaynak-yayinlari","9":"pa_yazar-muazzez-ilmiye-cig","11":"first","12":"instock","13":"sale","14":"shipping-taxable","15":"purchasable","16":"product-type-simple"},"_links":{"self":[{"href":"https:\/\/roveyayinevi.com.tr\/index.php\/wp-json\/wp\/v2\/product\/691033","targetHints":{"allow":["GET"]}}],"collection":[{"href":"https:\/\/roveyayinevi.com.tr\/index.php\/wp-json\/wp\/v2\/product"}],"about":[{"href":"https:\/\/roveyayinevi.com.tr\/index.php\/wp-json\/wp\/v2\/types\/product"}],"wp:attachment":[{"href":"https:\/\/roveyayinevi.com.tr\/index.php\/wp-json\/wp\/v2\/media?parent=691033"}],"wp:term":[{"taxonomy":"product_brand","embeddable":true,"href":"https:\/\/roveyayinevi.com.tr\/index.php\/wp-json\/wp\/v2\/product_brand?post=691033"},{"taxonomy":"product_cat","embeddable":true,"href":"https:\/\/roveyayinevi.com.tr\/index.php\/wp-json\/wp\/v2\/product_cat?post=691033"},{"taxonomy":"product_tag","embeddable":true,"href":"https:\/\/roveyayinevi.com.tr\/index.php\/wp-json\/wp\/v2\/product_tag?post=691033"}],"curies":[{"name":"wp","href":"https:\/\/api.w.org\/{rel}","templated":true}]}}